{"id":1018,"date":"2024-06-28T15:51:13","date_gmt":"2024-06-28T13:51:13","guid":{"rendered":"https:\/\/orthopara.store\/?post_type=product&#038;p=1018"},"modified":"2025-02-10T14:59:41","modified_gmt":"2025-02-10T13:59:41","slug":"masque-depigmentant-pelliculable-acm-depihwite-eclaircissant-40ml","status":"publish","type":"product","link":"https:\/\/orthopara.store\/?product=masque-depigmentant-pelliculable-acm-depihwite-eclaircissant-40ml","title":{"rendered":"Masque d\u00e9pigmentant pelliculable &#8211; ACM D\u00e9pihwite Eclaircissant &#8211; 40ml"},"content":{"rendered":"<p>Masque d\u00e9pigmentant pelliculable &#8211; ACM D\u00e9pihwite Eclaircissant &#8211; 40ml<\/p>\n<p>C\u2019est un masque pelliculable \u00e9claircissant con\u00e7u pour att\u00e9nuer ou \u00e9liminer les taches brunes, limiter leur r\u00e9apparition et unifier la couleur du teint.<br \/>\nDestin\u00e9 aux peaux pr\u00e9sentant des taches brunes, il forme un film occlusif \u00e0 la surface de la peau qui permet une p\u00e9n\u00e9tration plus rapide et plus profonde des actifs. Les hyperpigmentations cutan\u00e9es s\u2019att\u00e9nuent et la peau s\u2019\u00e9claircit.<br \/>\nLe teint est unifi\u00e9 gr\u00e2ce \u00e0 son action exfoliante.<br \/>\nConseil d&rsquo;utilisation :\u00a0<br \/>\nAppliquer le masque D\u00e9piwhite en couche mince sur les zones concern\u00e9es. Il se retire manuellement d\u2019un seul tenant apr\u00e8s avoir laiss\u00e9 s\u00e9cher 30 minutes.<br \/>\nPour un r\u00e9sultat optimal, r\u00e9p\u00e9ter l\u2019op\u00e9ration 2 \u00e0 3 fois par semaine pendant 2 \u00e0 6 mois, puis 1 fois par semaine en entretien.<br \/>\nComposition :\u00a0<br \/>\nAqua (Water), Alcohol Denat., Polyvinyl Alcohol, Glycerin, PEG-32, Kojic Acid, PVP, Talc, Aluminum Silicate, Xanthan Gum, Phenoxyethanol, Chlorphenesin, CI 77891 (Titanium Dioxide), Disodium EDTA, Butylene Glycol, Sodium Sulfite, Sodium Metabisulfite.<\/p>\n","protected":false},"excerpt":{"rendered":"<p>ACM D\u00e9pihwite<br \/>\n\u00a0Masque Pelliculable Eclaircissant<br \/>\nC\u2019est un masque pelliculable \u00e9claircissant con\u00e7u pour att\u00e9nuer ou \u00e9liminer les taches brunes, limiter leur r\u00e9apparition et unifier la couleur du teint.<br \/>\nContenance : 40 ml<\/p>\n<p>3 mois apr\u00e8s l&rsquo;ouverture\u00a0<\/p>\n","protected":false},"featured_media":1045,"comment_status":"open","ping_status":"closed","template":"","meta":[],"pwb-brand":[59],"product_cat":[116],"product_tag":[],"class_list":{"0":"post-1018","1":"product","2":"type-product","3":"status-publish","4":"has-post-thumbnail","6":"pwb-brand-acm","7":"product_cat-masques-visage-et-gommage","8":"post","9":"ws-product--style-1","11":"first","12":"instock","13":"shipping-taxable","14":"purchasable","15":"product-type-simple"},"yoast_head":"<!-- This site is optimized with the Yoast SEO plugin v23.0 - https:\/\/yoast.com\/wordpress\/plugins\/seo\/ -->\n<title>Masque d\u00e9pigmentant pelliculable - ACM D\u00e9pihwite Eclaircissant - 40ml - OrthoPara<\/title>\n<meta name=\"robots\" content=\"index, follow, max-snippet:-1, max-image-preview:large, max-video-preview:-1\" \/>\n<link rel=\"canonical\" href=\"https:\/\/orthopara.store\/index.php\/produit\/masque-depigmentant-pelliculable-acm-depihwite-eclaircissant-40ml\/\" \/>\n<meta property=\"og:locale\" content=\"fr_FR\" \/>\n<meta property=\"og:type\" content=\"article\" \/>\n<meta property=\"og:title\" content=\"Masque d\u00e9pigmentant pelliculable - ACM D\u00e9pihwite Eclaircissant - 40ml - OrthoPara\" \/>\n<meta property=\"og:description\" content=\"ACM D\u00e9pihwite \u00a0Masque Pelliculable Eclaircissant C\u2019est un masque pelliculable \u00e9claircissant con\u00e7u pour att\u00e9nuer ou \u00e9liminer les taches brunes, limiter leur r\u00e9apparition et unifier la couleur du teint. Contenance : 40 ml 3 mois apr\u00e8s l&#039;ouverture\u00a0\" \/>\n<meta property=\"og:url\" content=\"https:\/\/orthopara.store\/index.php\/produit\/masque-depigmentant-pelliculable-acm-depihwite-eclaircissant-40ml\/\" \/>\n<meta property=\"og:site_name\" content=\"OrthoPara\" \/>\n<meta property=\"article:publisher\" content=\"https:\/\/www.facebook.com\/profile.php?id=61561194315651\" \/>\n<meta property=\"article:modified_time\" content=\"2025-02-10T13:59:41+00:00\" \/>\n<meta property=\"og:image\" content=\"https:\/\/orthopara.store\/wp-content\/uploads\/2024\/06\/masque-depigmentant-pelliculable-acm-depihwite-eclaircissant-40ml.png\" \/>\n\t<meta property=\"og:image:width\" content=\"800\" \/>\n\t<meta property=\"og:image:height\" content=\"800\" \/>\n\t<meta property=\"og:image:type\" content=\"image\/png\" \/>\n<meta name=\"twitter:card\" content=\"summary_large_image\" \/>\n<meta name=\"twitter:label1\" content=\"Dur\u00e9e de lecture estim\u00e9e\" \/>\n\t<meta name=\"twitter:data1\" content=\"1 minute\" \/>\n<script type=\"application\/ld+json\" class=\"yoast-schema-graph\">{\"@context\":\"https:\/\/schema.org\",\"@graph\":[{\"@type\":\"WebPage\",\"@id\":\"https:\/\/orthopara.store\/index.php\/produit\/masque-depigmentant-pelliculable-acm-depihwite-eclaircissant-40ml\/\",\"url\":\"https:\/\/orthopara.store\/index.php\/produit\/masque-depigmentant-pelliculable-acm-depihwite-eclaircissant-40ml\/\",\"name\":\"Masque d\u00e9pigmentant pelliculable - ACM D\u00e9pihwite Eclaircissant - 40ml - OrthoPara\",\"isPartOf\":{\"@id\":\"https:\/\/orthopara.store\/#website\"},\"primaryImageOfPage\":{\"@id\":\"https:\/\/orthopara.store\/index.php\/produit\/masque-depigmentant-pelliculable-acm-depihwite-eclaircissant-40ml\/#primaryimage\"},\"image\":{\"@id\":\"https:\/\/orthopara.store\/index.php\/produit\/masque-depigmentant-pelliculable-acm-depihwite-eclaircissant-40ml\/#primaryimage\"},\"thumbnailUrl\":\"https:\/\/orthopara.store\/wp-content\/uploads\/2024\/06\/masque-depigmentant-pelliculable-acm-depihwite-eclaircissant-40ml.png\",\"datePublished\":\"2024-06-28T13:51:13+00:00\",\"dateModified\":\"2025-02-10T13:59:41+00:00\",\"breadcrumb\":{\"@id\":\"https:\/\/orthopara.store\/index.php\/produit\/masque-depigmentant-pelliculable-acm-depihwite-eclaircissant-40ml\/#breadcrumb\"},\"inLanguage\":\"fr-FR\",\"potentialAction\":[{\"@type\":\"ReadAction\",\"target\":[\"https:\/\/orthopara.store\/index.php\/produit\/masque-depigmentant-pelliculable-acm-depihwite-eclaircissant-40ml\/\"]}]},{\"@type\":\"ImageObject\",\"inLanguage\":\"fr-FR\",\"@id\":\"https:\/\/orthopara.store\/index.php\/produit\/masque-depigmentant-pelliculable-acm-depihwite-eclaircissant-40ml\/#primaryimage\",\"url\":\"https:\/\/orthopara.store\/wp-content\/uploads\/2024\/06\/masque-depigmentant-pelliculable-acm-depihwite-eclaircissant-40ml.png\",\"contentUrl\":\"https:\/\/orthopara.store\/wp-content\/uploads\/2024\/06\/masque-depigmentant-pelliculable-acm-depihwite-eclaircissant-40ml.png\",\"width\":800,\"height\":800},{\"@type\":\"BreadcrumbList\",\"@id\":\"https:\/\/orthopara.store\/index.php\/produit\/masque-depigmentant-pelliculable-acm-depihwite-eclaircissant-40ml\/#breadcrumb\",\"itemListElement\":[{\"@type\":\"ListItem\",\"position\":1,\"name\":\"Accueil\",\"item\":\"https:\/\/orthopara.store\/\"},{\"@type\":\"ListItem\",\"position\":2,\"name\":\"Shop\",\"item\":\"https:\/\/orthopara.store\/?page_id=622\"},{\"@type\":\"ListItem\",\"position\":3,\"name\":\"Masque d\u00e9pigmentant pelliculable &#8211; ACM D\u00e9pihwite Eclaircissant &#8211; 40ml\"}]},{\"@type\":\"WebSite\",\"@id\":\"https:\/\/orthopara.store\/#website\",\"url\":\"https:\/\/orthopara.store\/\",\"name\":\"OrthoPara\",\"description\":\"Parapharmacie\",\"publisher\":{\"@id\":\"https:\/\/orthopara.store\/#organization\"},\"potentialAction\":[{\"@type\":\"SearchAction\",\"target\":{\"@type\":\"EntryPoint\",\"urlTemplate\":\"https:\/\/orthopara.store\/?s={search_term_string}\"},\"query-input\":\"required name=search_term_string\"}],\"inLanguage\":\"fr-FR\"},{\"@type\":\"Organization\",\"@id\":\"https:\/\/orthopara.store\/#organization\",\"name\":\"OrthoPara\",\"url\":\"https:\/\/orthopara.store\/\",\"logo\":{\"@type\":\"ImageObject\",\"inLanguage\":\"fr-FR\",\"@id\":\"https:\/\/orthopara.store\/#\/schema\/logo\/image\/\",\"url\":\"https:\/\/orthopara.store\/wp-content\/uploads\/2024\/06\/cropped-9ABA8BAD-6256-4719-9315-15C66E64E882.png\",\"contentUrl\":\"https:\/\/orthopara.store\/wp-content\/uploads\/2024\/06\/cropped-9ABA8BAD-6256-4719-9315-15C66E64E882.png\",\"width\":240,\"height\":72,\"caption\":\"OrthoPara\"},\"image\":{\"@id\":\"https:\/\/orthopara.store\/#\/schema\/logo\/image\/\"},\"sameAs\":[\"https:\/\/www.facebook.com\/profile.php?id=61561194315651\",\"https:\/\/www.instagram.com\/orthopara_tunisie\/\"]}]}<\/script>\n<!-- \/ Yoast SEO plugin. -->","yoast_head_json":{"title":"Masque d\u00e9pigmentant pelliculable - ACM D\u00e9pihwite Eclaircissant - 40ml - OrthoPara","robots":{"index":"index","follow":"follow","max-snippet":"max-snippet:-1","max-image-preview":"max-image-preview:large","max-video-preview":"max-video-preview:-1"},"canonical":"https:\/\/orthopara.store\/index.php\/produit\/masque-depigmentant-pelliculable-acm-depihwite-eclaircissant-40ml\/","og_locale":"fr_FR","og_type":"article","og_title":"Masque d\u00e9pigmentant pelliculable - ACM D\u00e9pihwite Eclaircissant - 40ml - OrthoPara","og_description":"ACM D\u00e9pihwite \u00a0Masque Pelliculable Eclaircissant C\u2019est un masque pelliculable \u00e9claircissant con\u00e7u pour att\u00e9nuer ou \u00e9liminer les taches brunes, limiter leur r\u00e9apparition et unifier la couleur du teint. Contenance : 40 ml 3 mois apr\u00e8s l'ouverture\u00a0","og_url":"https:\/\/orthopara.store\/index.php\/produit\/masque-depigmentant-pelliculable-acm-depihwite-eclaircissant-40ml\/","og_site_name":"OrthoPara","article_publisher":"https:\/\/www.facebook.com\/profile.php?id=61561194315651","article_modified_time":"2025-02-10T13:59:41+00:00","og_image":[{"width":800,"height":800,"url":"https:\/\/orthopara.store\/wp-content\/uploads\/2024\/06\/masque-depigmentant-pelliculable-acm-depihwite-eclaircissant-40ml.png","type":"image\/png"}],"twitter_card":"summary_large_image","twitter_misc":{"Dur\u00e9e de lecture estim\u00e9e":"1 minute"},"schema":{"@context":"https:\/\/schema.org","@graph":[{"@type":"WebPage","@id":"https:\/\/orthopara.store\/index.php\/produit\/masque-depigmentant-pelliculable-acm-depihwite-eclaircissant-40ml\/","url":"https:\/\/orthopara.store\/index.php\/produit\/masque-depigmentant-pelliculable-acm-depihwite-eclaircissant-40ml\/","name":"Masque d\u00e9pigmentant pelliculable - ACM D\u00e9pihwite Eclaircissant - 40ml - OrthoPara","isPartOf":{"@id":"https:\/\/orthopara.store\/#website"},"primaryImageOfPage":{"@id":"https:\/\/orthopara.store\/index.php\/produit\/masque-depigmentant-pelliculable-acm-depihwite-eclaircissant-40ml\/#primaryimage"},"image":{"@id":"https:\/\/orthopara.store\/index.php\/produit\/masque-depigmentant-pelliculable-acm-depihwite-eclaircissant-40ml\/#primaryimage"},"thumbnailUrl":"https:\/\/orthopara.store\/wp-content\/uploads\/2024\/06\/masque-depigmentant-pelliculable-acm-depihwite-eclaircissant-40ml.png","datePublished":"2024-06-28T13:51:13+00:00","dateModified":"2025-02-10T13:59:41+00:00","breadcrumb":{"@id":"https:\/\/orthopara.store\/index.php\/produit\/masque-depigmentant-pelliculable-acm-depihwite-eclaircissant-40ml\/#breadcrumb"},"inLanguage":"fr-FR","potentialAction":[{"@type":"ReadAction","target":["https:\/\/orthopara.store\/index.php\/produit\/masque-depigmentant-pelliculable-acm-depihwite-eclaircissant-40ml\/"]}]},{"@type":"ImageObject","inLanguage":"fr-FR","@id":"https:\/\/orthopara.store\/index.php\/produit\/masque-depigmentant-pelliculable-acm-depihwite-eclaircissant-40ml\/#primaryimage","url":"https:\/\/orthopara.store\/wp-content\/uploads\/2024\/06\/masque-depigmentant-pelliculable-acm-depihwite-eclaircissant-40ml.png","contentUrl":"https:\/\/orthopara.store\/wp-content\/uploads\/2024\/06\/masque-depigmentant-pelliculable-acm-depihwite-eclaircissant-40ml.png","width":800,"height":800},{"@type":"BreadcrumbList","@id":"https:\/\/orthopara.store\/index.php\/produit\/masque-depigmentant-pelliculable-acm-depihwite-eclaircissant-40ml\/#breadcrumb","itemListElement":[{"@type":"ListItem","position":1,"name":"Accueil","item":"https:\/\/orthopara.store\/"},{"@type":"ListItem","position":2,"name":"Shop","item":"https:\/\/orthopara.store\/?page_id=622"},{"@type":"ListItem","position":3,"name":"Masque d\u00e9pigmentant pelliculable &#8211; ACM D\u00e9pihwite Eclaircissant &#8211; 40ml"}]},{"@type":"WebSite","@id":"https:\/\/orthopara.store\/#website","url":"https:\/\/orthopara.store\/","name":"OrthoPara","description":"Parapharmacie","publisher":{"@id":"https:\/\/orthopara.store\/#organization"},"potentialAction":[{"@type":"SearchAction","target":{"@type":"EntryPoint","urlTemplate":"https:\/\/orthopara.store\/?s={search_term_string}"},"query-input":"required name=search_term_string"}],"inLanguage":"fr-FR"},{"@type":"Organization","@id":"https:\/\/orthopara.store\/#organization","name":"OrthoPara","url":"https:\/\/orthopara.store\/","logo":{"@type":"ImageObject","inLanguage":"fr-FR","@id":"https:\/\/orthopara.store\/#\/schema\/logo\/image\/","url":"https:\/\/orthopara.store\/wp-content\/uploads\/2024\/06\/cropped-9ABA8BAD-6256-4719-9315-15C66E64E882.png","contentUrl":"https:\/\/orthopara.store\/wp-content\/uploads\/2024\/06\/cropped-9ABA8BAD-6256-4719-9315-15C66E64E882.png","width":240,"height":72,"caption":"OrthoPara"},"image":{"@id":"https:\/\/orthopara.store\/#\/schema\/logo\/image\/"},"sameAs":["https:\/\/www.facebook.com\/profile.php?id=61561194315651","https:\/\/www.instagram.com\/orthopara_tunisie\/"]}]}},"jetpack_sharing_enabled":true,"brands":[{"id":59,"name":"ACM","slug":"acm"}],"_links":{"self":[{"href":"https:\/\/orthopara.store\/index.php?rest_route=\/wp\/v2\/product\/1018","targetHints":{"allow":["GET"]}}],"collection":[{"href":"https:\/\/orthopara.store\/index.php?rest_route=\/wp\/v2\/product"}],"about":[{"href":"https:\/\/orthopara.store\/index.php?rest_route=\/wp\/v2\/types\/product"}],"replies":[{"embeddable":true,"href":"https:\/\/orthopara.store\/index.php?rest_route=%2Fwp%2Fv2%2Fcomments&post=1018"}],"wp:featuredmedia":[{"embeddable":true,"href":"https:\/\/orthopara.store\/index.php?rest_route=\/wp\/v2\/media\/1045"}],"wp:attachment":[{"href":"https:\/\/orthopara.store\/index.php?rest_route=%2Fwp%2Fv2%2Fmedia&parent=1018"}],"wp:term":[{"taxonomy":"pwb-brand","embeddable":true,"href":"https:\/\/orthopara.store\/index.php?rest_route=%2Fwp%2Fv2%2Fpwb-brand&post=1018"},{"taxonomy":"product_cat","embeddable":true,"href":"https:\/\/orthopara.store\/index.php?rest_route=%2Fwp%2Fv2%2Fproduct_cat&post=1018"},{"taxonomy":"product_tag","embeddable":true,"href":"https:\/\/orthopara.store\/index.php?rest_route=%2Fwp%2Fv2%2Fproduct_tag&post=1018"}],"curies":[{"name":"wp","href":"https:\/\/api.w.org\/{rel}","templated":true}]}}