{"id":1022,"date":"2024-06-28T15:51:13","date_gmt":"2024-06-28T13:51:13","guid":{"rendered":"https:\/\/orthopara.store\/?post_type=product&#038;p=1022"},"modified":"2024-11-04T17:20:58","modified_gmt":"2024-11-04T16:20:58","slug":"argile-blanche-surfine-almaflore-100gr","status":"publish","type":"product","link":"https:\/\/orthopara.store\/?product=argile-blanche-surfine-almaflore-100gr","title":{"rendered":"Argile blanche surfine &#8211; Almaflore -100gr"},"content":{"rendered":"<p>Argile blanche surfine &#8211; Almaflore &#8211; 100gr<\/p>\n<p>L&rsquo;argile blanche est reconnue pour ces propri\u00e9t\u00e9s :<br \/>\nAbsorbante, purifie et assainit la peau<br \/>\nAbsorbante et matifiante<br \/>\nR\u00e9paratrice<br \/>\nAdoucissante<br \/>\nTr\u00e8s douce<br \/>\nConseils d&rsquo;utilisation :<br \/>\nPr\u00e9parer au fur et \u00e0 mesure votre masque avec de l&rsquo;eau de rose et une huile v\u00e9g\u00e9tale de votre choix pour obtenir une pate.<br \/>\nAppliquer la pate d&rsquo;argile en couche \u00e9paisse sur le visage et le cou, en \u00e9vitant le contour des yeux et des l\u00e8vres. Laisser poser 10 minutes environ sans laisser le masque s\u00e9cher sur la peau.<br \/>\nRincer \u00e0 l&rsquo;eau ti\u00e8de, s\u00e9cher la peau avec une serviette en coton\u00a0\u00a0<\/p>\n","protected":false},"excerpt":{"rendered":"<p>Almaflore Argile blanche surfine\u00a0<\/p>\n<p>absorbante &#8211; r\u00e9g\u00e9n\u00e9rante &#8211; apaisante\u00a0<\/p>\n<p>Type de peau: peaux s\u00e8ches et fragiles\u00a0<br \/>\nContenance : 100gr<\/p>\n","protected":false},"featured_media":1049,"comment_status":"open","ping_status":"closed","template":"","meta":[],"pwb-brand":[119],"product_cat":[116],"product_tag":[],"class_list":{"0":"post-1022","1":"product","2":"type-product","3":"status-publish","4":"has-post-thumbnail","6":"pwb-brand-almaflore","7":"product_cat-masques-visage-et-gommage","8":"post","9":"ws-product--style-1","11":"first","12":"instock","13":"shipping-taxable","14":"purchasable","15":"product-type-simple"},"yoast_head":"<!-- This site is optimized with the Yoast SEO plugin v23.0 - https:\/\/yoast.com\/wordpress\/plugins\/seo\/ -->\n<title>Argile blanche surfine - Almaflore -100gr - OrthoPara<\/title>\n<meta name=\"robots\" content=\"index, follow, max-snippet:-1, max-image-preview:large, max-video-preview:-1\" \/>\n<link rel=\"canonical\" href=\"https:\/\/orthopara.store\/index.php\/produit\/argile-blanche-surfine-almaflore-100gr\/\" \/>\n<meta property=\"og:locale\" content=\"fr_FR\" \/>\n<meta property=\"og:type\" content=\"article\" \/>\n<meta property=\"og:title\" content=\"Argile blanche surfine - Almaflore -100gr - OrthoPara\" \/>\n<meta property=\"og:description\" content=\"Almaflore Argile blanche surfine\u00a0 absorbante - r\u00e9g\u00e9n\u00e9rante - apaisante\u00a0 Type de peau: peaux s\u00e8ches et fragiles\u00a0 Contenance : 100gr\" \/>\n<meta property=\"og:url\" content=\"https:\/\/orthopara.store\/index.php\/produit\/argile-blanche-surfine-almaflore-100gr\/\" \/>\n<meta property=\"og:site_name\" content=\"OrthoPara\" \/>\n<meta property=\"article:publisher\" content=\"https:\/\/www.facebook.com\/profile.php?id=61561194315651\" \/>\n<meta property=\"article:modified_time\" content=\"2024-11-04T16:20:58+00:00\" \/>\n<meta property=\"og:image\" content=\"https:\/\/orthopara.store\/wp-content\/uploads\/2024\/06\/argile-blanche-surfine-almaflore-100gr.jpg\" \/>\n\t<meta property=\"og:image:width\" content=\"800\" \/>\n\t<meta property=\"og:image:height\" content=\"800\" \/>\n\t<meta property=\"og:image:type\" content=\"image\/jpeg\" \/>\n<meta name=\"twitter:card\" content=\"summary_large_image\" \/>\n<meta name=\"twitter:label1\" content=\"Dur\u00e9e de lecture estim\u00e9e\" \/>\n\t<meta name=\"twitter:data1\" content=\"1 minute\" \/>\n<script type=\"application\/ld+json\" class=\"yoast-schema-graph\">{\"@context\":\"https:\/\/schema.org\",\"@graph\":[{\"@type\":\"WebPage\",\"@id\":\"https:\/\/orthopara.store\/index.php\/produit\/argile-blanche-surfine-almaflore-100gr\/\",\"url\":\"https:\/\/orthopara.store\/index.php\/produit\/argile-blanche-surfine-almaflore-100gr\/\",\"name\":\"Argile blanche surfine - Almaflore -100gr - OrthoPara\",\"isPartOf\":{\"@id\":\"https:\/\/orthopara.store\/#website\"},\"primaryImageOfPage\":{\"@id\":\"https:\/\/orthopara.store\/index.php\/produit\/argile-blanche-surfine-almaflore-100gr\/#primaryimage\"},\"image\":{\"@id\":\"https:\/\/orthopara.store\/index.php\/produit\/argile-blanche-surfine-almaflore-100gr\/#primaryimage\"},\"thumbnailUrl\":\"https:\/\/orthopara.store\/wp-content\/uploads\/2024\/06\/argile-blanche-surfine-almaflore-100gr.jpg\",\"datePublished\":\"2024-06-28T13:51:13+00:00\",\"dateModified\":\"2024-11-04T16:20:58+00:00\",\"breadcrumb\":{\"@id\":\"https:\/\/orthopara.store\/index.php\/produit\/argile-blanche-surfine-almaflore-100gr\/#breadcrumb\"},\"inLanguage\":\"fr-FR\",\"potentialAction\":[{\"@type\":\"ReadAction\",\"target\":[\"https:\/\/orthopara.store\/index.php\/produit\/argile-blanche-surfine-almaflore-100gr\/\"]}]},{\"@type\":\"ImageObject\",\"inLanguage\":\"fr-FR\",\"@id\":\"https:\/\/orthopara.store\/index.php\/produit\/argile-blanche-surfine-almaflore-100gr\/#primaryimage\",\"url\":\"https:\/\/orthopara.store\/wp-content\/uploads\/2024\/06\/argile-blanche-surfine-almaflore-100gr.jpg\",\"contentUrl\":\"https:\/\/orthopara.store\/wp-content\/uploads\/2024\/06\/argile-blanche-surfine-almaflore-100gr.jpg\",\"width\":800,\"height\":800},{\"@type\":\"BreadcrumbList\",\"@id\":\"https:\/\/orthopara.store\/index.php\/produit\/argile-blanche-surfine-almaflore-100gr\/#breadcrumb\",\"itemListElement\":[{\"@type\":\"ListItem\",\"position\":1,\"name\":\"Accueil\",\"item\":\"https:\/\/orthopara.store\/\"},{\"@type\":\"ListItem\",\"position\":2,\"name\":\"Shop\",\"item\":\"https:\/\/orthopara.store\/?page_id=622\"},{\"@type\":\"ListItem\",\"position\":3,\"name\":\"Argile blanche surfine &#8211; Almaflore -100gr\"}]},{\"@type\":\"WebSite\",\"@id\":\"https:\/\/orthopara.store\/#website\",\"url\":\"https:\/\/orthopara.store\/\",\"name\":\"OrthoPara\",\"description\":\"Parapharmacie\",\"publisher\":{\"@id\":\"https:\/\/orthopara.store\/#organization\"},\"potentialAction\":[{\"@type\":\"SearchAction\",\"target\":{\"@type\":\"EntryPoint\",\"urlTemplate\":\"https:\/\/orthopara.store\/?s={search_term_string}\"},\"query-input\":\"required name=search_term_string\"}],\"inLanguage\":\"fr-FR\"},{\"@type\":\"Organization\",\"@id\":\"https:\/\/orthopara.store\/#organization\",\"name\":\"OrthoPara\",\"url\":\"https:\/\/orthopara.store\/\",\"logo\":{\"@type\":\"ImageObject\",\"inLanguage\":\"fr-FR\",\"@id\":\"https:\/\/orthopara.store\/#\/schema\/logo\/image\/\",\"url\":\"https:\/\/orthopara.store\/wp-content\/uploads\/2024\/06\/cropped-9ABA8BAD-6256-4719-9315-15C66E64E882.png\",\"contentUrl\":\"https:\/\/orthopara.store\/wp-content\/uploads\/2024\/06\/cropped-9ABA8BAD-6256-4719-9315-15C66E64E882.png\",\"width\":240,\"height\":72,\"caption\":\"OrthoPara\"},\"image\":{\"@id\":\"https:\/\/orthopara.store\/#\/schema\/logo\/image\/\"},\"sameAs\":[\"https:\/\/www.facebook.com\/profile.php?id=61561194315651\",\"https:\/\/www.instagram.com\/orthopara_tunisie\/\"]}]}<\/script>\n<!-- \/ Yoast SEO plugin. -->","yoast_head_json":{"title":"Argile blanche surfine - Almaflore -100gr - OrthoPara","robots":{"index":"index","follow":"follow","max-snippet":"max-snippet:-1","max-image-preview":"max-image-preview:large","max-video-preview":"max-video-preview:-1"},"canonical":"https:\/\/orthopara.store\/index.php\/produit\/argile-blanche-surfine-almaflore-100gr\/","og_locale":"fr_FR","og_type":"article","og_title":"Argile blanche surfine - Almaflore -100gr - OrthoPara","og_description":"Almaflore Argile blanche surfine\u00a0 absorbante - r\u00e9g\u00e9n\u00e9rante - apaisante\u00a0 Type de peau: peaux s\u00e8ches et fragiles\u00a0 Contenance : 100gr","og_url":"https:\/\/orthopara.store\/index.php\/produit\/argile-blanche-surfine-almaflore-100gr\/","og_site_name":"OrthoPara","article_publisher":"https:\/\/www.facebook.com\/profile.php?id=61561194315651","article_modified_time":"2024-11-04T16:20:58+00:00","og_image":[{"width":800,"height":800,"url":"https:\/\/orthopara.store\/wp-content\/uploads\/2024\/06\/argile-blanche-surfine-almaflore-100gr.jpg","type":"image\/jpeg"}],"twitter_card":"summary_large_image","twitter_misc":{"Dur\u00e9e de lecture estim\u00e9e":"1 minute"},"schema":{"@context":"https:\/\/schema.org","@graph":[{"@type":"WebPage","@id":"https:\/\/orthopara.store\/index.php\/produit\/argile-blanche-surfine-almaflore-100gr\/","url":"https:\/\/orthopara.store\/index.php\/produit\/argile-blanche-surfine-almaflore-100gr\/","name":"Argile blanche surfine - Almaflore -100gr - OrthoPara","isPartOf":{"@id":"https:\/\/orthopara.store\/#website"},"primaryImageOfPage":{"@id":"https:\/\/orthopara.store\/index.php\/produit\/argile-blanche-surfine-almaflore-100gr\/#primaryimage"},"image":{"@id":"https:\/\/orthopara.store\/index.php\/produit\/argile-blanche-surfine-almaflore-100gr\/#primaryimage"},"thumbnailUrl":"https:\/\/orthopara.store\/wp-content\/uploads\/2024\/06\/argile-blanche-surfine-almaflore-100gr.jpg","datePublished":"2024-06-28T13:51:13+00:00","dateModified":"2024-11-04T16:20:58+00:00","breadcrumb":{"@id":"https:\/\/orthopara.store\/index.php\/produit\/argile-blanche-surfine-almaflore-100gr\/#breadcrumb"},"inLanguage":"fr-FR","potentialAction":[{"@type":"ReadAction","target":["https:\/\/orthopara.store\/index.php\/produit\/argile-blanche-surfine-almaflore-100gr\/"]}]},{"@type":"ImageObject","inLanguage":"fr-FR","@id":"https:\/\/orthopara.store\/index.php\/produit\/argile-blanche-surfine-almaflore-100gr\/#primaryimage","url":"https:\/\/orthopara.store\/wp-content\/uploads\/2024\/06\/argile-blanche-surfine-almaflore-100gr.jpg","contentUrl":"https:\/\/orthopara.store\/wp-content\/uploads\/2024\/06\/argile-blanche-surfine-almaflore-100gr.jpg","width":800,"height":800},{"@type":"BreadcrumbList","@id":"https:\/\/orthopara.store\/index.php\/produit\/argile-blanche-surfine-almaflore-100gr\/#breadcrumb","itemListElement":[{"@type":"ListItem","position":1,"name":"Accueil","item":"https:\/\/orthopara.store\/"},{"@type":"ListItem","position":2,"name":"Shop","item":"https:\/\/orthopara.store\/?page_id=622"},{"@type":"ListItem","position":3,"name":"Argile blanche surfine &#8211; Almaflore -100gr"}]},{"@type":"WebSite","@id":"https:\/\/orthopara.store\/#website","url":"https:\/\/orthopara.store\/","name":"OrthoPara","description":"Parapharmacie","publisher":{"@id":"https:\/\/orthopara.store\/#organization"},"potentialAction":[{"@type":"SearchAction","target":{"@type":"EntryPoint","urlTemplate":"https:\/\/orthopara.store\/?s={search_term_string}"},"query-input":"required name=search_term_string"}],"inLanguage":"fr-FR"},{"@type":"Organization","@id":"https:\/\/orthopara.store\/#organization","name":"OrthoPara","url":"https:\/\/orthopara.store\/","logo":{"@type":"ImageObject","inLanguage":"fr-FR","@id":"https:\/\/orthopara.store\/#\/schema\/logo\/image\/","url":"https:\/\/orthopara.store\/wp-content\/uploads\/2024\/06\/cropped-9ABA8BAD-6256-4719-9315-15C66E64E882.png","contentUrl":"https:\/\/orthopara.store\/wp-content\/uploads\/2024\/06\/cropped-9ABA8BAD-6256-4719-9315-15C66E64E882.png","width":240,"height":72,"caption":"OrthoPara"},"image":{"@id":"https:\/\/orthopara.store\/#\/schema\/logo\/image\/"},"sameAs":["https:\/\/www.facebook.com\/profile.php?id=61561194315651","https:\/\/www.instagram.com\/orthopara_tunisie\/"]}]}},"jetpack_sharing_enabled":true,"brands":[{"id":119,"name":"Almaflore","slug":"almaflore"}],"_links":{"self":[{"href":"https:\/\/orthopara.store\/index.php?rest_route=\/wp\/v2\/product\/1022","targetHints":{"allow":["GET"]}}],"collection":[{"href":"https:\/\/orthopara.store\/index.php?rest_route=\/wp\/v2\/product"}],"about":[{"href":"https:\/\/orthopara.store\/index.php?rest_route=\/wp\/v2\/types\/product"}],"replies":[{"embeddable":true,"href":"https:\/\/orthopara.store\/index.php?rest_route=%2Fwp%2Fv2%2Fcomments&post=1022"}],"wp:featuredmedia":[{"embeddable":true,"href":"https:\/\/orthopara.store\/index.php?rest_route=\/wp\/v2\/media\/1049"}],"wp:attachment":[{"href":"https:\/\/orthopara.store\/index.php?rest_route=%2Fwp%2Fv2%2Fmedia&parent=1022"}],"wp:term":[{"taxonomy":"pwb-brand","embeddable":true,"href":"https:\/\/orthopara.store\/index.php?rest_route=%2Fwp%2Fv2%2Fpwb-brand&post=1022"},{"taxonomy":"product_cat","embeddable":true,"href":"https:\/\/orthopara.store\/index.php?rest_route=%2Fwp%2Fv2%2Fproduct_cat&post=1022"},{"taxonomy":"product_tag","embeddable":true,"href":"https:\/\/orthopara.store\/index.php?rest_route=%2Fwp%2Fv2%2Fproduct_tag&post=1022"}],"curies":[{"name":"wp","href":"https:\/\/api.w.org\/{rel}","templated":true}]}}