{"id":1027,"date":"2024-06-28T15:51:14","date_gmt":"2024-06-28T13:51:14","guid":{"rendered":"https:\/\/orthopara.store\/?post_type=product&#038;p=1027"},"modified":"2024-06-28T15:51:22","modified_gmt":"2024-06-28T13:51:22","slug":"gelee-gommante-douceur-jonzac-rehydrate-75ml","status":"publish","type":"product","link":"https:\/\/orthopara.store\/?product=gelee-gommante-douceur-jonzac-rehydrate-75ml","title":{"rendered":"Gel\u00e9e Gommante Douceur &#8211; Jonzac Rehydrate &#8211; 75ml"},"content":{"rendered":"<p>Eau Gel\u00e9e Gommante Douceur &#8211; Jonzac &#8211; 75ml\u00a0<br \/>\nLa gel\u00e9e Gommante, sa formule gel\u00e9e rafraichissante \u00e9limine en douceur les cellules mortes et les impuret\u00e9s.<br \/>\nLe grain de peau est affin\u00e9 et le teint est plus frais.<\/p>\n<p>Conseil d&rsquo;utilisation :\u00a0<\/p>\n<p>&#8211; Appliquez sur peau l\u00e9g\u00e8rement humide en \u00e9vitant le contour des yeux.<br \/>\n&#8211; Rincez \u00e0 l&rsquo;eau claire.<br \/>\n&#8211; S\u00e9chez la peau d\u00e9licatement.<br \/>\n&#8211; A utiliser 1 \u00e0 2 fois par semaines<\/p>\n","protected":false},"excerpt":{"rendered":"<p>Gel\u00e9\u00e9 Gommante Douceur &#8211; Jonzac Rehydrate &#8211; 75ml\u00a0<\/p>\n<p>La gel\u00e9e gommante douceur R\u00e9hydrate exfolie d\u00e9licatement pour lisser la peau et r\u00e9veiller l&rsquo;eclat du teint.<br \/>\nformul\u00e9 avec 15% Eau Thermal de Jonzac, 5% Glyc\u00e9rine v\u00e9g\u00e9tale reconnue hydratante, Particules exfoliantes naturelles.<br \/>\nTous types de peaux m\u00eame sensible\u00a0<br \/>\nDLC 6 MOIS APRES L&rsquo;OUVERTURE<\/p>\n","protected":false},"featured_media":1054,"comment_status":"open","ping_status":"closed","template":"","meta":[],"pwb-brand":[57],"product_cat":[116],"product_tag":[],"class_list":{"0":"post-1027","1":"product","2":"type-product","3":"status-publish","4":"has-post-thumbnail","6":"pwb-brand-jonzac","7":"product_cat-masques-visage-et-gommage","8":"post","9":"ws-product--style-1","11":"first","12":"instock","13":"shipping-taxable","14":"purchasable","15":"product-type-simple"},"yoast_head":"<!-- This site is optimized with the Yoast SEO plugin v23.0 - https:\/\/yoast.com\/wordpress\/plugins\/seo\/ -->\n<title>Gel\u00e9e Gommante Douceur - Jonzac Rehydrate - 75ml - OrthoPara<\/title>\n<meta name=\"robots\" content=\"index, follow, max-snippet:-1, max-image-preview:large, max-video-preview:-1\" \/>\n<link rel=\"canonical\" href=\"https:\/\/orthopara.store\/index.php\/produit\/gelee-gommante-douceur-jonzac-rehydrate-75ml\/\" \/>\n<meta property=\"og:locale\" content=\"fr_FR\" \/>\n<meta property=\"og:type\" content=\"article\" \/>\n<meta property=\"og:title\" content=\"Gel\u00e9e Gommante Douceur - Jonzac Rehydrate - 75ml - OrthoPara\" \/>\n<meta property=\"og:description\" content=\"Gel\u00e9\u00e9 Gommante Douceur - Jonzac Rehydrate - 75ml\u00a0 La gel\u00e9e gommante douceur R\u00e9hydrate exfolie d\u00e9licatement pour lisser la peau et r\u00e9veiller l&#039;eclat du teint. formul\u00e9 avec 15% Eau Thermal de Jonzac, 5% Glyc\u00e9rine v\u00e9g\u00e9tale reconnue hydratante, Particules exfoliantes naturelles. Tous types de peaux m\u00eame sensible\u00a0 DLC 6 MOIS APRES L&#039;OUVERTURE\" \/>\n<meta property=\"og:url\" content=\"https:\/\/orthopara.store\/index.php\/produit\/gelee-gommante-douceur-jonzac-rehydrate-75ml\/\" \/>\n<meta property=\"og:site_name\" content=\"OrthoPara\" \/>\n<meta property=\"article:publisher\" content=\"https:\/\/www.facebook.com\/profile.php?id=61561194315651\" \/>\n<meta property=\"article:modified_time\" content=\"2024-06-28T13:51:22+00:00\" \/>\n<meta property=\"og:image\" content=\"https:\/\/orthopara.store\/wp-content\/uploads\/2024\/06\/gelee-gommante-douceur-jonzac-rehydrate-75ml.jpg\" \/>\n\t<meta property=\"og:image:width\" content=\"800\" \/>\n\t<meta property=\"og:image:height\" content=\"800\" \/>\n\t<meta property=\"og:image:type\" content=\"image\/jpeg\" \/>\n<meta name=\"twitter:card\" content=\"summary_large_image\" \/>\n<script type=\"application\/ld+json\" class=\"yoast-schema-graph\">{\"@context\":\"https:\/\/schema.org\",\"@graph\":[{\"@type\":\"WebPage\",\"@id\":\"https:\/\/orthopara.store\/index.php\/produit\/gelee-gommante-douceur-jonzac-rehydrate-75ml\/\",\"url\":\"https:\/\/orthopara.store\/index.php\/produit\/gelee-gommante-douceur-jonzac-rehydrate-75ml\/\",\"name\":\"Gel\u00e9e Gommante Douceur - Jonzac Rehydrate - 75ml - OrthoPara\",\"isPartOf\":{\"@id\":\"https:\/\/orthopara.store\/#website\"},\"primaryImageOfPage\":{\"@id\":\"https:\/\/orthopara.store\/index.php\/produit\/gelee-gommante-douceur-jonzac-rehydrate-75ml\/#primaryimage\"},\"image\":{\"@id\":\"https:\/\/orthopara.store\/index.php\/produit\/gelee-gommante-douceur-jonzac-rehydrate-75ml\/#primaryimage\"},\"thumbnailUrl\":\"https:\/\/orthopara.store\/wp-content\/uploads\/2024\/06\/gelee-gommante-douceur-jonzac-rehydrate-75ml.jpg\",\"datePublished\":\"2024-06-28T13:51:14+00:00\",\"dateModified\":\"2024-06-28T13:51:22+00:00\",\"breadcrumb\":{\"@id\":\"https:\/\/orthopara.store\/index.php\/produit\/gelee-gommante-douceur-jonzac-rehydrate-75ml\/#breadcrumb\"},\"inLanguage\":\"fr-FR\",\"potentialAction\":[{\"@type\":\"ReadAction\",\"target\":[\"https:\/\/orthopara.store\/index.php\/produit\/gelee-gommante-douceur-jonzac-rehydrate-75ml\/\"]}]},{\"@type\":\"ImageObject\",\"inLanguage\":\"fr-FR\",\"@id\":\"https:\/\/orthopara.store\/index.php\/produit\/gelee-gommante-douceur-jonzac-rehydrate-75ml\/#primaryimage\",\"url\":\"https:\/\/orthopara.store\/wp-content\/uploads\/2024\/06\/gelee-gommante-douceur-jonzac-rehydrate-75ml.jpg\",\"contentUrl\":\"https:\/\/orthopara.store\/wp-content\/uploads\/2024\/06\/gelee-gommante-douceur-jonzac-rehydrate-75ml.jpg\",\"width\":800,\"height\":800},{\"@type\":\"BreadcrumbList\",\"@id\":\"https:\/\/orthopara.store\/index.php\/produit\/gelee-gommante-douceur-jonzac-rehydrate-75ml\/#breadcrumb\",\"itemListElement\":[{\"@type\":\"ListItem\",\"position\":1,\"name\":\"Accueil\",\"item\":\"https:\/\/orthopara.store\/\"},{\"@type\":\"ListItem\",\"position\":2,\"name\":\"Shop\",\"item\":\"https:\/\/orthopara.store\/?page_id=622\"},{\"@type\":\"ListItem\",\"position\":3,\"name\":\"Gel\u00e9e Gommante Douceur &#8211; Jonzac Rehydrate &#8211; 75ml\"}]},{\"@type\":\"WebSite\",\"@id\":\"https:\/\/orthopara.store\/#website\",\"url\":\"https:\/\/orthopara.store\/\",\"name\":\"OrthoPara\",\"description\":\"Parapharmacie\",\"publisher\":{\"@id\":\"https:\/\/orthopara.store\/#organization\"},\"potentialAction\":[{\"@type\":\"SearchAction\",\"target\":{\"@type\":\"EntryPoint\",\"urlTemplate\":\"https:\/\/orthopara.store\/?s={search_term_string}\"},\"query-input\":\"required name=search_term_string\"}],\"inLanguage\":\"fr-FR\"},{\"@type\":\"Organization\",\"@id\":\"https:\/\/orthopara.store\/#organization\",\"name\":\"OrthoPara\",\"url\":\"https:\/\/orthopara.store\/\",\"logo\":{\"@type\":\"ImageObject\",\"inLanguage\":\"fr-FR\",\"@id\":\"https:\/\/orthopara.store\/#\/schema\/logo\/image\/\",\"url\":\"https:\/\/orthopara.store\/wp-content\/uploads\/2024\/06\/cropped-9ABA8BAD-6256-4719-9315-15C66E64E882.png\",\"contentUrl\":\"https:\/\/orthopara.store\/wp-content\/uploads\/2024\/06\/cropped-9ABA8BAD-6256-4719-9315-15C66E64E882.png\",\"width\":240,\"height\":72,\"caption\":\"OrthoPara\"},\"image\":{\"@id\":\"https:\/\/orthopara.store\/#\/schema\/logo\/image\/\"},\"sameAs\":[\"https:\/\/www.facebook.com\/profile.php?id=61561194315651\",\"https:\/\/www.instagram.com\/orthopara_tunisie\/\"]}]}<\/script>\n<!-- \/ Yoast SEO plugin. -->","yoast_head_json":{"title":"Gel\u00e9e Gommante Douceur - Jonzac Rehydrate - 75ml - OrthoPara","robots":{"index":"index","follow":"follow","max-snippet":"max-snippet:-1","max-image-preview":"max-image-preview:large","max-video-preview":"max-video-preview:-1"},"canonical":"https:\/\/orthopara.store\/index.php\/produit\/gelee-gommante-douceur-jonzac-rehydrate-75ml\/","og_locale":"fr_FR","og_type":"article","og_title":"Gel\u00e9e Gommante Douceur - Jonzac Rehydrate - 75ml - OrthoPara","og_description":"Gel\u00e9\u00e9 Gommante Douceur - Jonzac Rehydrate - 75ml\u00a0 La gel\u00e9e gommante douceur R\u00e9hydrate exfolie d\u00e9licatement pour lisser la peau et r\u00e9veiller l'eclat du teint. formul\u00e9 avec 15% Eau Thermal de Jonzac, 5% Glyc\u00e9rine v\u00e9g\u00e9tale reconnue hydratante, Particules exfoliantes naturelles. Tous types de peaux m\u00eame sensible\u00a0 DLC 6 MOIS APRES L'OUVERTURE","og_url":"https:\/\/orthopara.store\/index.php\/produit\/gelee-gommante-douceur-jonzac-rehydrate-75ml\/","og_site_name":"OrthoPara","article_publisher":"https:\/\/www.facebook.com\/profile.php?id=61561194315651","article_modified_time":"2024-06-28T13:51:22+00:00","og_image":[{"width":800,"height":800,"url":"https:\/\/orthopara.store\/wp-content\/uploads\/2024\/06\/gelee-gommante-douceur-jonzac-rehydrate-75ml.jpg","type":"image\/jpeg"}],"twitter_card":"summary_large_image","schema":{"@context":"https:\/\/schema.org","@graph":[{"@type":"WebPage","@id":"https:\/\/orthopara.store\/index.php\/produit\/gelee-gommante-douceur-jonzac-rehydrate-75ml\/","url":"https:\/\/orthopara.store\/index.php\/produit\/gelee-gommante-douceur-jonzac-rehydrate-75ml\/","name":"Gel\u00e9e Gommante Douceur - Jonzac Rehydrate - 75ml - OrthoPara","isPartOf":{"@id":"https:\/\/orthopara.store\/#website"},"primaryImageOfPage":{"@id":"https:\/\/orthopara.store\/index.php\/produit\/gelee-gommante-douceur-jonzac-rehydrate-75ml\/#primaryimage"},"image":{"@id":"https:\/\/orthopara.store\/index.php\/produit\/gelee-gommante-douceur-jonzac-rehydrate-75ml\/#primaryimage"},"thumbnailUrl":"https:\/\/orthopara.store\/wp-content\/uploads\/2024\/06\/gelee-gommante-douceur-jonzac-rehydrate-75ml.jpg","datePublished":"2024-06-28T13:51:14+00:00","dateModified":"2024-06-28T13:51:22+00:00","breadcrumb":{"@id":"https:\/\/orthopara.store\/index.php\/produit\/gelee-gommante-douceur-jonzac-rehydrate-75ml\/#breadcrumb"},"inLanguage":"fr-FR","potentialAction":[{"@type":"ReadAction","target":["https:\/\/orthopara.store\/index.php\/produit\/gelee-gommante-douceur-jonzac-rehydrate-75ml\/"]}]},{"@type":"ImageObject","inLanguage":"fr-FR","@id":"https:\/\/orthopara.store\/index.php\/produit\/gelee-gommante-douceur-jonzac-rehydrate-75ml\/#primaryimage","url":"https:\/\/orthopara.store\/wp-content\/uploads\/2024\/06\/gelee-gommante-douceur-jonzac-rehydrate-75ml.jpg","contentUrl":"https:\/\/orthopara.store\/wp-content\/uploads\/2024\/06\/gelee-gommante-douceur-jonzac-rehydrate-75ml.jpg","width":800,"height":800},{"@type":"BreadcrumbList","@id":"https:\/\/orthopara.store\/index.php\/produit\/gelee-gommante-douceur-jonzac-rehydrate-75ml\/#breadcrumb","itemListElement":[{"@type":"ListItem","position":1,"name":"Accueil","item":"https:\/\/orthopara.store\/"},{"@type":"ListItem","position":2,"name":"Shop","item":"https:\/\/orthopara.store\/?page_id=622"},{"@type":"ListItem","position":3,"name":"Gel\u00e9e Gommante Douceur &#8211; Jonzac Rehydrate &#8211; 75ml"}]},{"@type":"WebSite","@id":"https:\/\/orthopara.store\/#website","url":"https:\/\/orthopara.store\/","name":"OrthoPara","description":"Parapharmacie","publisher":{"@id":"https:\/\/orthopara.store\/#organization"},"potentialAction":[{"@type":"SearchAction","target":{"@type":"EntryPoint","urlTemplate":"https:\/\/orthopara.store\/?s={search_term_string}"},"query-input":"required name=search_term_string"}],"inLanguage":"fr-FR"},{"@type":"Organization","@id":"https:\/\/orthopara.store\/#organization","name":"OrthoPara","url":"https:\/\/orthopara.store\/","logo":{"@type":"ImageObject","inLanguage":"fr-FR","@id":"https:\/\/orthopara.store\/#\/schema\/logo\/image\/","url":"https:\/\/orthopara.store\/wp-content\/uploads\/2024\/06\/cropped-9ABA8BAD-6256-4719-9315-15C66E64E882.png","contentUrl":"https:\/\/orthopara.store\/wp-content\/uploads\/2024\/06\/cropped-9ABA8BAD-6256-4719-9315-15C66E64E882.png","width":240,"height":72,"caption":"OrthoPara"},"image":{"@id":"https:\/\/orthopara.store\/#\/schema\/logo\/image\/"},"sameAs":["https:\/\/www.facebook.com\/profile.php?id=61561194315651","https:\/\/www.instagram.com\/orthopara_tunisie\/"]}]}},"jetpack_sharing_enabled":true,"brands":[{"id":57,"name":"JONZAC","slug":"jonzac"}],"_links":{"self":[{"href":"https:\/\/orthopara.store\/index.php?rest_route=\/wp\/v2\/product\/1027","targetHints":{"allow":["GET"]}}],"collection":[{"href":"https:\/\/orthopara.store\/index.php?rest_route=\/wp\/v2\/product"}],"about":[{"href":"https:\/\/orthopara.store\/index.php?rest_route=\/wp\/v2\/types\/product"}],"replies":[{"embeddable":true,"href":"https:\/\/orthopara.store\/index.php?rest_route=%2Fwp%2Fv2%2Fcomments&post=1027"}],"wp:featuredmedia":[{"embeddable":true,"href":"https:\/\/orthopara.store\/index.php?rest_route=\/wp\/v2\/media\/1054"}],"wp:attachment":[{"href":"https:\/\/orthopara.store\/index.php?rest_route=%2Fwp%2Fv2%2Fmedia&parent=1027"}],"wp:term":[{"taxonomy":"pwb-brand","embeddable":true,"href":"https:\/\/orthopara.store\/index.php?rest_route=%2Fwp%2Fv2%2Fpwb-brand&post=1027"},{"taxonomy":"product_cat","embeddable":true,"href":"https:\/\/orthopara.store\/index.php?rest_route=%2Fwp%2Fv2%2Fproduct_cat&post=1027"},{"taxonomy":"product_tag","embeddable":true,"href":"https:\/\/orthopara.store\/index.php?rest_route=%2Fwp%2Fv2%2Fproduct_tag&post=1027"}],"curies":[{"name":"wp","href":"https:\/\/api.w.org\/{rel}","templated":true}]}}