{"id":1029,"date":"2024-06-28T15:51:14","date_gmt":"2024-06-28T13:51:14","guid":{"rendered":"https:\/\/orthopara.store\/?post_type=product&#038;p=1029"},"modified":"2024-06-28T15:51:22","modified_gmt":"2024-06-28T13:51:22","slug":"floxia-savon-exfoliant-purifiant-et-regenerant-125gr","status":"publish","type":"product","link":"https:\/\/orthopara.store\/?product=floxia-savon-exfoliant-purifiant-et-regenerant-125gr","title":{"rendered":"Floxia &#8211; Savon exfoliant purifiant et r\u00e9g\u00e9n\u00e9rant &#8211; 125gr"},"content":{"rendered":"<p>Le savon exfoliant pour peaux grasses \u00e9limine les impuret\u00e9s et les imperfections. Les boutons, points noirs et zones de brillance ne font pas long feu avec ce savon pour visage, corps et main.<br \/>\nCaract\u00e9ristiques :<br \/>\n&#8211; exfolie en douceur.<br \/>\n&#8211; r\u00e9duit les imperfections.<br \/>\n&#8211; r\u00e9g\u00e9n\u00e8re l\u2019\u00e9piderme.<br \/>\n&#8211; \u00e9claircit le teint et lutte contre les taches brunes.\u00a0<br \/>\nCe gel nettoie la peau et retire toutes les impuret\u00e9s. Il effectue un peeling doux pour am\u00e9liorer le renouvellement cellulaire. Il purifie la peau et traite les imperfections de l\u2019int\u00e9rieur.<br \/>\nEnfin, le savon exfoliant aux algues rouges am\u00e9liore l\u2019hydratation et la cicatrisation de la peau. Il r\u00e9g\u00e9n\u00e8re les tissus cutan\u00e9s l\u00e9s\u00e9s et ab\u00eem\u00e9s.<br \/>\nUtilisez ce pain de savon exfoliant deux \u00e0 trois fois par semaine si vous avez la peau mixte \u00e0 grasse. Apr\u00e8s utilisation, le savon laisse la peau douce et nette. Les pores sont resserr\u00e9s et le teint unifi\u00e9.\u00a0<br \/>\nConseils d&rsquo;utilisation :<br \/>\nUtilisez ce savon une fois par jour sur une peau humide. Le matin avant d\u2019appliquer sa routine de soins du visage ou le soir apr\u00e8s le d\u00e9maquillage, lavez votre \u00e9piderme avec le savon exfoliant.<br \/>\nContenance :<br \/>\n125gr<\/p>\n","protected":false},"excerpt":{"rendered":"<p>Savon exfoliant purifiant et r\u00e9g\u00e9n\u00e9rant<br \/>\nRetrouvez une peau de b\u00e9b\u00e9 gr\u00e2ce \u00e0 la quadruple action du savon exfoliant.<br \/>\nDLC 11\/2024<\/p>\n","protected":false},"featured_media":1056,"comment_status":"open","ping_status":"closed","template":"","meta":[],"pwb-brand":[120],"product_cat":[116],"product_tag":[],"class_list":{"0":"post-1029","1":"product","2":"type-product","3":"status-publish","4":"has-post-thumbnail","6":"pwb-brand-floxia","7":"product_cat-masques-visage-et-gommage","8":"post","9":"ws-product--style-1","11":"first","12":"instock","13":"shipping-taxable","14":"purchasable","15":"product-type-simple"},"yoast_head":"<!-- This site is optimized with the Yoast SEO plugin v23.0 - https:\/\/yoast.com\/wordpress\/plugins\/seo\/ -->\n<title>Floxia - Savon exfoliant purifiant et r\u00e9g\u00e9n\u00e9rant - 125gr - OrthoPara<\/title>\n<meta name=\"robots\" content=\"index, follow, max-snippet:-1, max-image-preview:large, max-video-preview:-1\" \/>\n<link rel=\"canonical\" href=\"https:\/\/orthopara.store\/index.php\/produit\/floxia-savon-exfoliant-purifiant-et-regenerant-125gr\/\" \/>\n<meta property=\"og:locale\" content=\"fr_FR\" \/>\n<meta property=\"og:type\" content=\"article\" \/>\n<meta property=\"og:title\" content=\"Floxia - Savon exfoliant purifiant et r\u00e9g\u00e9n\u00e9rant - 125gr - OrthoPara\" \/>\n<meta property=\"og:description\" content=\"Savon exfoliant purifiant et r\u00e9g\u00e9n\u00e9rant Retrouvez une peau de b\u00e9b\u00e9 gr\u00e2ce \u00e0 la quadruple action du savon exfoliant. DLC 11\/2024\" \/>\n<meta property=\"og:url\" content=\"https:\/\/orthopara.store\/index.php\/produit\/floxia-savon-exfoliant-purifiant-et-regenerant-125gr\/\" \/>\n<meta property=\"og:site_name\" content=\"OrthoPara\" \/>\n<meta property=\"article:publisher\" content=\"https:\/\/www.facebook.com\/profile.php?id=61561194315651\" \/>\n<meta property=\"article:modified_time\" content=\"2024-06-28T13:51:22+00:00\" \/>\n<meta property=\"og:image\" content=\"https:\/\/orthopara.store\/wp-content\/uploads\/2024\/06\/savon-exfoliant-purifiant-et-regenerant-floxia-125gr.jpg\" \/>\n\t<meta property=\"og:image:width\" content=\"800\" \/>\n\t<meta property=\"og:image:height\" content=\"800\" \/>\n\t<meta property=\"og:image:type\" content=\"image\/jpeg\" \/>\n<meta name=\"twitter:card\" content=\"summary_large_image\" \/>\n<meta name=\"twitter:label1\" content=\"Dur\u00e9e de lecture estim\u00e9e\" \/>\n\t<meta name=\"twitter:data1\" content=\"1 minute\" \/>\n<script type=\"application\/ld+json\" class=\"yoast-schema-graph\">{\"@context\":\"https:\/\/schema.org\",\"@graph\":[{\"@type\":\"WebPage\",\"@id\":\"https:\/\/orthopara.store\/index.php\/produit\/floxia-savon-exfoliant-purifiant-et-regenerant-125gr\/\",\"url\":\"https:\/\/orthopara.store\/index.php\/produit\/floxia-savon-exfoliant-purifiant-et-regenerant-125gr\/\",\"name\":\"Floxia - Savon exfoliant purifiant et r\u00e9g\u00e9n\u00e9rant - 125gr - OrthoPara\",\"isPartOf\":{\"@id\":\"https:\/\/orthopara.store\/#website\"},\"primaryImageOfPage\":{\"@id\":\"https:\/\/orthopara.store\/index.php\/produit\/floxia-savon-exfoliant-purifiant-et-regenerant-125gr\/#primaryimage\"},\"image\":{\"@id\":\"https:\/\/orthopara.store\/index.php\/produit\/floxia-savon-exfoliant-purifiant-et-regenerant-125gr\/#primaryimage\"},\"thumbnailUrl\":\"https:\/\/orthopara.store\/wp-content\/uploads\/2024\/06\/savon-exfoliant-purifiant-et-regenerant-floxia-125gr.jpg\",\"datePublished\":\"2024-06-28T13:51:14+00:00\",\"dateModified\":\"2024-06-28T13:51:22+00:00\",\"breadcrumb\":{\"@id\":\"https:\/\/orthopara.store\/index.php\/produit\/floxia-savon-exfoliant-purifiant-et-regenerant-125gr\/#breadcrumb\"},\"inLanguage\":\"fr-FR\",\"potentialAction\":[{\"@type\":\"ReadAction\",\"target\":[\"https:\/\/orthopara.store\/index.php\/produit\/floxia-savon-exfoliant-purifiant-et-regenerant-125gr\/\"]}]},{\"@type\":\"ImageObject\",\"inLanguage\":\"fr-FR\",\"@id\":\"https:\/\/orthopara.store\/index.php\/produit\/floxia-savon-exfoliant-purifiant-et-regenerant-125gr\/#primaryimage\",\"url\":\"https:\/\/orthopara.store\/wp-content\/uploads\/2024\/06\/savon-exfoliant-purifiant-et-regenerant-floxia-125gr.jpg\",\"contentUrl\":\"https:\/\/orthopara.store\/wp-content\/uploads\/2024\/06\/savon-exfoliant-purifiant-et-regenerant-floxia-125gr.jpg\",\"width\":800,\"height\":800},{\"@type\":\"BreadcrumbList\",\"@id\":\"https:\/\/orthopara.store\/index.php\/produit\/floxia-savon-exfoliant-purifiant-et-regenerant-125gr\/#breadcrumb\",\"itemListElement\":[{\"@type\":\"ListItem\",\"position\":1,\"name\":\"Accueil\",\"item\":\"https:\/\/orthopara.store\/\"},{\"@type\":\"ListItem\",\"position\":2,\"name\":\"Shop\",\"item\":\"https:\/\/orthopara.store\/?page_id=622\"},{\"@type\":\"ListItem\",\"position\":3,\"name\":\"Floxia &#8211; Savon exfoliant purifiant et r\u00e9g\u00e9n\u00e9rant &#8211; 125gr\"}]},{\"@type\":\"WebSite\",\"@id\":\"https:\/\/orthopara.store\/#website\",\"url\":\"https:\/\/orthopara.store\/\",\"name\":\"OrthoPara\",\"description\":\"Parapharmacie\",\"publisher\":{\"@id\":\"https:\/\/orthopara.store\/#organization\"},\"potentialAction\":[{\"@type\":\"SearchAction\",\"target\":{\"@type\":\"EntryPoint\",\"urlTemplate\":\"https:\/\/orthopara.store\/?s={search_term_string}\"},\"query-input\":\"required name=search_term_string\"}],\"inLanguage\":\"fr-FR\"},{\"@type\":\"Organization\",\"@id\":\"https:\/\/orthopara.store\/#organization\",\"name\":\"OrthoPara\",\"url\":\"https:\/\/orthopara.store\/\",\"logo\":{\"@type\":\"ImageObject\",\"inLanguage\":\"fr-FR\",\"@id\":\"https:\/\/orthopara.store\/#\/schema\/logo\/image\/\",\"url\":\"https:\/\/orthopara.store\/wp-content\/uploads\/2024\/06\/cropped-9ABA8BAD-6256-4719-9315-15C66E64E882.png\",\"contentUrl\":\"https:\/\/orthopara.store\/wp-content\/uploads\/2024\/06\/cropped-9ABA8BAD-6256-4719-9315-15C66E64E882.png\",\"width\":240,\"height\":72,\"caption\":\"OrthoPara\"},\"image\":{\"@id\":\"https:\/\/orthopara.store\/#\/schema\/logo\/image\/\"},\"sameAs\":[\"https:\/\/www.facebook.com\/profile.php?id=61561194315651\",\"https:\/\/www.instagram.com\/orthopara_tunisie\/\"]}]}<\/script>\n<!-- \/ Yoast SEO plugin. -->","yoast_head_json":{"title":"Floxia - Savon exfoliant purifiant et r\u00e9g\u00e9n\u00e9rant - 125gr - OrthoPara","robots":{"index":"index","follow":"follow","max-snippet":"max-snippet:-1","max-image-preview":"max-image-preview:large","max-video-preview":"max-video-preview:-1"},"canonical":"https:\/\/orthopara.store\/index.php\/produit\/floxia-savon-exfoliant-purifiant-et-regenerant-125gr\/","og_locale":"fr_FR","og_type":"article","og_title":"Floxia - Savon exfoliant purifiant et r\u00e9g\u00e9n\u00e9rant - 125gr - OrthoPara","og_description":"Savon exfoliant purifiant et r\u00e9g\u00e9n\u00e9rant Retrouvez une peau de b\u00e9b\u00e9 gr\u00e2ce \u00e0 la quadruple action du savon exfoliant. DLC 11\/2024","og_url":"https:\/\/orthopara.store\/index.php\/produit\/floxia-savon-exfoliant-purifiant-et-regenerant-125gr\/","og_site_name":"OrthoPara","article_publisher":"https:\/\/www.facebook.com\/profile.php?id=61561194315651","article_modified_time":"2024-06-28T13:51:22+00:00","og_image":[{"width":800,"height":800,"url":"https:\/\/orthopara.store\/wp-content\/uploads\/2024\/06\/savon-exfoliant-purifiant-et-regenerant-floxia-125gr.jpg","type":"image\/jpeg"}],"twitter_card":"summary_large_image","twitter_misc":{"Dur\u00e9e de lecture estim\u00e9e":"1 minute"},"schema":{"@context":"https:\/\/schema.org","@graph":[{"@type":"WebPage","@id":"https:\/\/orthopara.store\/index.php\/produit\/floxia-savon-exfoliant-purifiant-et-regenerant-125gr\/","url":"https:\/\/orthopara.store\/index.php\/produit\/floxia-savon-exfoliant-purifiant-et-regenerant-125gr\/","name":"Floxia - Savon exfoliant purifiant et r\u00e9g\u00e9n\u00e9rant - 125gr - OrthoPara","isPartOf":{"@id":"https:\/\/orthopara.store\/#website"},"primaryImageOfPage":{"@id":"https:\/\/orthopara.store\/index.php\/produit\/floxia-savon-exfoliant-purifiant-et-regenerant-125gr\/#primaryimage"},"image":{"@id":"https:\/\/orthopara.store\/index.php\/produit\/floxia-savon-exfoliant-purifiant-et-regenerant-125gr\/#primaryimage"},"thumbnailUrl":"https:\/\/orthopara.store\/wp-content\/uploads\/2024\/06\/savon-exfoliant-purifiant-et-regenerant-floxia-125gr.jpg","datePublished":"2024-06-28T13:51:14+00:00","dateModified":"2024-06-28T13:51:22+00:00","breadcrumb":{"@id":"https:\/\/orthopara.store\/index.php\/produit\/floxia-savon-exfoliant-purifiant-et-regenerant-125gr\/#breadcrumb"},"inLanguage":"fr-FR","potentialAction":[{"@type":"ReadAction","target":["https:\/\/orthopara.store\/index.php\/produit\/floxia-savon-exfoliant-purifiant-et-regenerant-125gr\/"]}]},{"@type":"ImageObject","inLanguage":"fr-FR","@id":"https:\/\/orthopara.store\/index.php\/produit\/floxia-savon-exfoliant-purifiant-et-regenerant-125gr\/#primaryimage","url":"https:\/\/orthopara.store\/wp-content\/uploads\/2024\/06\/savon-exfoliant-purifiant-et-regenerant-floxia-125gr.jpg","contentUrl":"https:\/\/orthopara.store\/wp-content\/uploads\/2024\/06\/savon-exfoliant-purifiant-et-regenerant-floxia-125gr.jpg","width":800,"height":800},{"@type":"BreadcrumbList","@id":"https:\/\/orthopara.store\/index.php\/produit\/floxia-savon-exfoliant-purifiant-et-regenerant-125gr\/#breadcrumb","itemListElement":[{"@type":"ListItem","position":1,"name":"Accueil","item":"https:\/\/orthopara.store\/"},{"@type":"ListItem","position":2,"name":"Shop","item":"https:\/\/orthopara.store\/?page_id=622"},{"@type":"ListItem","position":3,"name":"Floxia &#8211; Savon exfoliant purifiant et r\u00e9g\u00e9n\u00e9rant &#8211; 125gr"}]},{"@type":"WebSite","@id":"https:\/\/orthopara.store\/#website","url":"https:\/\/orthopara.store\/","name":"OrthoPara","description":"Parapharmacie","publisher":{"@id":"https:\/\/orthopara.store\/#organization"},"potentialAction":[{"@type":"SearchAction","target":{"@type":"EntryPoint","urlTemplate":"https:\/\/orthopara.store\/?s={search_term_string}"},"query-input":"required name=search_term_string"}],"inLanguage":"fr-FR"},{"@type":"Organization","@id":"https:\/\/orthopara.store\/#organization","name":"OrthoPara","url":"https:\/\/orthopara.store\/","logo":{"@type":"ImageObject","inLanguage":"fr-FR","@id":"https:\/\/orthopara.store\/#\/schema\/logo\/image\/","url":"https:\/\/orthopara.store\/wp-content\/uploads\/2024\/06\/cropped-9ABA8BAD-6256-4719-9315-15C66E64E882.png","contentUrl":"https:\/\/orthopara.store\/wp-content\/uploads\/2024\/06\/cropped-9ABA8BAD-6256-4719-9315-15C66E64E882.png","width":240,"height":72,"caption":"OrthoPara"},"image":{"@id":"https:\/\/orthopara.store\/#\/schema\/logo\/image\/"},"sameAs":["https:\/\/www.facebook.com\/profile.php?id=61561194315651","https:\/\/www.instagram.com\/orthopara_tunisie\/"]}]}},"jetpack_sharing_enabled":true,"brands":[{"id":120,"name":"FLOXIA","slug":"floxia"}],"_links":{"self":[{"href":"https:\/\/orthopara.store\/index.php?rest_route=\/wp\/v2\/product\/1029","targetHints":{"allow":["GET"]}}],"collection":[{"href":"https:\/\/orthopara.store\/index.php?rest_route=\/wp\/v2\/product"}],"about":[{"href":"https:\/\/orthopara.store\/index.php?rest_route=\/wp\/v2\/types\/product"}],"replies":[{"embeddable":true,"href":"https:\/\/orthopara.store\/index.php?rest_route=%2Fwp%2Fv2%2Fcomments&post=1029"}],"wp:featuredmedia":[{"embeddable":true,"href":"https:\/\/orthopara.store\/index.php?rest_route=\/wp\/v2\/media\/1056"}],"wp:attachment":[{"href":"https:\/\/orthopara.store\/index.php?rest_route=%2Fwp%2Fv2%2Fmedia&parent=1029"}],"wp:term":[{"taxonomy":"pwb-brand","embeddable":true,"href":"https:\/\/orthopara.store\/index.php?rest_route=%2Fwp%2Fv2%2Fpwb-brand&post=1029"},{"taxonomy":"product_cat","embeddable":true,"href":"https:\/\/orthopara.store\/index.php?rest_route=%2Fwp%2Fv2%2Fproduct_cat&post=1029"},{"taxonomy":"product_tag","embeddable":true,"href":"https:\/\/orthopara.store\/index.php?rest_route=%2Fwp%2Fv2%2Fproduct_tag&post=1029"}],"curies":[{"name":"wp","href":"https:\/\/api.w.org\/{rel}","templated":true}]}}