{"id":1039,"date":"2024-06-28T15:51:15","date_gmt":"2024-06-28T13:51:15","guid":{"rendered":"https:\/\/orthopara.store\/?post_type=product&#038;p=1039"},"modified":"2024-06-28T15:51:27","modified_gmt":"2024-06-28T13:51:27","slug":"gommage-eclaircissant-visage-rivaderm-150ml","status":"publish","type":"product","link":"https:\/\/orthopara.store\/?product=gommage-eclaircissant-visage-rivaderm-150ml","title":{"rendered":"Gommage \u00e9claircissant visage &#8211; Rivaderm &#8211; 150ml"},"content":{"rendered":"<p>Gommage \u00e9claircissant visage &#8211; Rivaderm &#8211; 150ml<br \/>\nCe gommage produit par le laboratoire Rivaderm, groupant les b\u00e9n\u00e9fices du miel et de Lemon, permet de nettoyer en douceur les pores, \u00e9claircir, exfolier et \u00e9liminer les impuret\u00e9s ainsi que r\u00e9duire l&rsquo;apparition des points noirs, Grace \u00e0 l&rsquo;effet \u00e9claircissant du Lemon, riche essentiellement en vitamine C, qui assure une \u00e9limination efficace des taches brunes et permet alors d&rsquo;unifier la peau. Le miel est connu par son pouvoir antioxydant qui assure une hydratation profonde pour la peau et permet de retarder les signes de vieillissement cutan\u00e9\u00a0<br \/>\nConseils d&rsquo;utilisation :\u00a0<br \/>\nAppliquez sur un visage humide et frottez doucement par des mouvement circulaires, laissez agir quelques minutes puis rincer le visage avec l&rsquo;eau ti\u00e8de. Pour un meilleur r\u00e9sultat utilisez ce produits 2 \u00e0 3 fois par semaine.<\/p>\n","protected":false},"excerpt":{"rendered":"<p>Rivaderm\u00a0<br \/>\nGommage \u00e9claircissant visage<br \/>\nNettoie &#8211; \u00e9claircit &#8211; exfolie\u00a0<br \/>\ntous types de peaux\u00a0<br \/>\nExtrait de miel &#038; eau de rose\u00a0<br \/>\nSans parab\u00e8ne &#8211; sans alcool\u00a0<br \/>\nContenance : 150ml\u00a0<br \/>\nDLC : 12\/2025<\/p>\n","protected":false},"featured_media":1066,"comment_status":"open","ping_status":"closed","template":"","meta":[],"pwb-brand":[124],"product_cat":[116],"product_tag":[],"class_list":{"0":"post-1039","1":"product","2":"type-product","3":"status-publish","4":"has-post-thumbnail","6":"pwb-brand-rivaderm","7":"product_cat-masques-visage-et-gommage","8":"post","9":"ws-product--style-1","11":"first","12":"instock","13":"shipping-taxable","14":"purchasable","15":"product-type-simple"},"yoast_head":"<!-- This site is optimized with the Yoast SEO plugin v23.0 - https:\/\/yoast.com\/wordpress\/plugins\/seo\/ -->\n<title>Gommage \u00e9claircissant visage - Rivaderm - 150ml - OrthoPara<\/title>\n<meta name=\"robots\" content=\"index, follow, max-snippet:-1, max-image-preview:large, max-video-preview:-1\" \/>\n<link rel=\"canonical\" href=\"https:\/\/orthopara.store\/index.php\/produit\/gommage-eclaircissant-visage-rivaderm-150ml\/\" \/>\n<meta property=\"og:locale\" content=\"fr_FR\" \/>\n<meta property=\"og:type\" content=\"article\" \/>\n<meta property=\"og:title\" content=\"Gommage \u00e9claircissant visage - Rivaderm - 150ml - OrthoPara\" \/>\n<meta property=\"og:description\" content=\"Rivaderm\u00a0 Gommage \u00e9claircissant visage Nettoie - \u00e9claircit - exfolie\u00a0 tous types de peaux\u00a0 Extrait de miel &amp; eau de rose\u00a0 Sans parab\u00e8ne - sans alcool\u00a0 Contenance : 150ml\u00a0 DLC : 12\/2025\" \/>\n<meta property=\"og:url\" content=\"https:\/\/orthopara.store\/index.php\/produit\/gommage-eclaircissant-visage-rivaderm-150ml\/\" \/>\n<meta property=\"og:site_name\" content=\"OrthoPara\" \/>\n<meta property=\"article:publisher\" content=\"https:\/\/www.facebook.com\/profile.php?id=61561194315651\" \/>\n<meta property=\"article:modified_time\" content=\"2024-06-28T13:51:27+00:00\" \/>\n<meta property=\"og:image\" content=\"https:\/\/orthopara.store\/wp-content\/uploads\/2024\/06\/gommage-eclaircissant-visage-rivaderm-150ml.jpg\" \/>\n\t<meta property=\"og:image:width\" content=\"800\" \/>\n\t<meta property=\"og:image:height\" content=\"800\" \/>\n\t<meta property=\"og:image:type\" content=\"image\/jpeg\" \/>\n<meta name=\"twitter:card\" content=\"summary_large_image\" \/>\n<meta name=\"twitter:label1\" content=\"Dur\u00e9e de lecture estim\u00e9e\" \/>\n\t<meta name=\"twitter:data1\" content=\"1 minute\" \/>\n<script type=\"application\/ld+json\" class=\"yoast-schema-graph\">{\"@context\":\"https:\/\/schema.org\",\"@graph\":[{\"@type\":\"WebPage\",\"@id\":\"https:\/\/orthopara.store\/index.php\/produit\/gommage-eclaircissant-visage-rivaderm-150ml\/\",\"url\":\"https:\/\/orthopara.store\/index.php\/produit\/gommage-eclaircissant-visage-rivaderm-150ml\/\",\"name\":\"Gommage \u00e9claircissant visage - Rivaderm - 150ml - OrthoPara\",\"isPartOf\":{\"@id\":\"https:\/\/orthopara.store\/#website\"},\"primaryImageOfPage\":{\"@id\":\"https:\/\/orthopara.store\/index.php\/produit\/gommage-eclaircissant-visage-rivaderm-150ml\/#primaryimage\"},\"image\":{\"@id\":\"https:\/\/orthopara.store\/index.php\/produit\/gommage-eclaircissant-visage-rivaderm-150ml\/#primaryimage\"},\"thumbnailUrl\":\"https:\/\/orthopara.store\/wp-content\/uploads\/2024\/06\/gommage-eclaircissant-visage-rivaderm-150ml.jpg\",\"datePublished\":\"2024-06-28T13:51:15+00:00\",\"dateModified\":\"2024-06-28T13:51:27+00:00\",\"breadcrumb\":{\"@id\":\"https:\/\/orthopara.store\/index.php\/produit\/gommage-eclaircissant-visage-rivaderm-150ml\/#breadcrumb\"},\"inLanguage\":\"fr-FR\",\"potentialAction\":[{\"@type\":\"ReadAction\",\"target\":[\"https:\/\/orthopara.store\/index.php\/produit\/gommage-eclaircissant-visage-rivaderm-150ml\/\"]}]},{\"@type\":\"ImageObject\",\"inLanguage\":\"fr-FR\",\"@id\":\"https:\/\/orthopara.store\/index.php\/produit\/gommage-eclaircissant-visage-rivaderm-150ml\/#primaryimage\",\"url\":\"https:\/\/orthopara.store\/wp-content\/uploads\/2024\/06\/gommage-eclaircissant-visage-rivaderm-150ml.jpg\",\"contentUrl\":\"https:\/\/orthopara.store\/wp-content\/uploads\/2024\/06\/gommage-eclaircissant-visage-rivaderm-150ml.jpg\",\"width\":800,\"height\":800},{\"@type\":\"BreadcrumbList\",\"@id\":\"https:\/\/orthopara.store\/index.php\/produit\/gommage-eclaircissant-visage-rivaderm-150ml\/#breadcrumb\",\"itemListElement\":[{\"@type\":\"ListItem\",\"position\":1,\"name\":\"Accueil\",\"item\":\"https:\/\/orthopara.store\/\"},{\"@type\":\"ListItem\",\"position\":2,\"name\":\"Shop\",\"item\":\"https:\/\/orthopara.store\/?page_id=622\"},{\"@type\":\"ListItem\",\"position\":3,\"name\":\"Gommage \u00e9claircissant visage &#8211; Rivaderm &#8211; 150ml\"}]},{\"@type\":\"WebSite\",\"@id\":\"https:\/\/orthopara.store\/#website\",\"url\":\"https:\/\/orthopara.store\/\",\"name\":\"OrthoPara\",\"description\":\"Parapharmacie\",\"publisher\":{\"@id\":\"https:\/\/orthopara.store\/#organization\"},\"potentialAction\":[{\"@type\":\"SearchAction\",\"target\":{\"@type\":\"EntryPoint\",\"urlTemplate\":\"https:\/\/orthopara.store\/?s={search_term_string}\"},\"query-input\":\"required name=search_term_string\"}],\"inLanguage\":\"fr-FR\"},{\"@type\":\"Organization\",\"@id\":\"https:\/\/orthopara.store\/#organization\",\"name\":\"OrthoPara\",\"url\":\"https:\/\/orthopara.store\/\",\"logo\":{\"@type\":\"ImageObject\",\"inLanguage\":\"fr-FR\",\"@id\":\"https:\/\/orthopara.store\/#\/schema\/logo\/image\/\",\"url\":\"https:\/\/orthopara.store\/wp-content\/uploads\/2024\/06\/cropped-9ABA8BAD-6256-4719-9315-15C66E64E882.png\",\"contentUrl\":\"https:\/\/orthopara.store\/wp-content\/uploads\/2024\/06\/cropped-9ABA8BAD-6256-4719-9315-15C66E64E882.png\",\"width\":240,\"height\":72,\"caption\":\"OrthoPara\"},\"image\":{\"@id\":\"https:\/\/orthopara.store\/#\/schema\/logo\/image\/\"},\"sameAs\":[\"https:\/\/www.facebook.com\/profile.php?id=61561194315651\",\"https:\/\/www.instagram.com\/orthopara_tunisie\/\"]}]}<\/script>\n<!-- \/ Yoast SEO plugin. -->","yoast_head_json":{"title":"Gommage \u00e9claircissant visage - Rivaderm - 150ml - OrthoPara","robots":{"index":"index","follow":"follow","max-snippet":"max-snippet:-1","max-image-preview":"max-image-preview:large","max-video-preview":"max-video-preview:-1"},"canonical":"https:\/\/orthopara.store\/index.php\/produit\/gommage-eclaircissant-visage-rivaderm-150ml\/","og_locale":"fr_FR","og_type":"article","og_title":"Gommage \u00e9claircissant visage - Rivaderm - 150ml - OrthoPara","og_description":"Rivaderm\u00a0 Gommage \u00e9claircissant visage Nettoie - \u00e9claircit - exfolie\u00a0 tous types de peaux\u00a0 Extrait de miel & eau de rose\u00a0 Sans parab\u00e8ne - sans alcool\u00a0 Contenance : 150ml\u00a0 DLC : 12\/2025","og_url":"https:\/\/orthopara.store\/index.php\/produit\/gommage-eclaircissant-visage-rivaderm-150ml\/","og_site_name":"OrthoPara","article_publisher":"https:\/\/www.facebook.com\/profile.php?id=61561194315651","article_modified_time":"2024-06-28T13:51:27+00:00","og_image":[{"width":800,"height":800,"url":"https:\/\/orthopara.store\/wp-content\/uploads\/2024\/06\/gommage-eclaircissant-visage-rivaderm-150ml.jpg","type":"image\/jpeg"}],"twitter_card":"summary_large_image","twitter_misc":{"Dur\u00e9e de lecture estim\u00e9e":"1 minute"},"schema":{"@context":"https:\/\/schema.org","@graph":[{"@type":"WebPage","@id":"https:\/\/orthopara.store\/index.php\/produit\/gommage-eclaircissant-visage-rivaderm-150ml\/","url":"https:\/\/orthopara.store\/index.php\/produit\/gommage-eclaircissant-visage-rivaderm-150ml\/","name":"Gommage \u00e9claircissant visage - Rivaderm - 150ml - OrthoPara","isPartOf":{"@id":"https:\/\/orthopara.store\/#website"},"primaryImageOfPage":{"@id":"https:\/\/orthopara.store\/index.php\/produit\/gommage-eclaircissant-visage-rivaderm-150ml\/#primaryimage"},"image":{"@id":"https:\/\/orthopara.store\/index.php\/produit\/gommage-eclaircissant-visage-rivaderm-150ml\/#primaryimage"},"thumbnailUrl":"https:\/\/orthopara.store\/wp-content\/uploads\/2024\/06\/gommage-eclaircissant-visage-rivaderm-150ml.jpg","datePublished":"2024-06-28T13:51:15+00:00","dateModified":"2024-06-28T13:51:27+00:00","breadcrumb":{"@id":"https:\/\/orthopara.store\/index.php\/produit\/gommage-eclaircissant-visage-rivaderm-150ml\/#breadcrumb"},"inLanguage":"fr-FR","potentialAction":[{"@type":"ReadAction","target":["https:\/\/orthopara.store\/index.php\/produit\/gommage-eclaircissant-visage-rivaderm-150ml\/"]}]},{"@type":"ImageObject","inLanguage":"fr-FR","@id":"https:\/\/orthopara.store\/index.php\/produit\/gommage-eclaircissant-visage-rivaderm-150ml\/#primaryimage","url":"https:\/\/orthopara.store\/wp-content\/uploads\/2024\/06\/gommage-eclaircissant-visage-rivaderm-150ml.jpg","contentUrl":"https:\/\/orthopara.store\/wp-content\/uploads\/2024\/06\/gommage-eclaircissant-visage-rivaderm-150ml.jpg","width":800,"height":800},{"@type":"BreadcrumbList","@id":"https:\/\/orthopara.store\/index.php\/produit\/gommage-eclaircissant-visage-rivaderm-150ml\/#breadcrumb","itemListElement":[{"@type":"ListItem","position":1,"name":"Accueil","item":"https:\/\/orthopara.store\/"},{"@type":"ListItem","position":2,"name":"Shop","item":"https:\/\/orthopara.store\/?page_id=622"},{"@type":"ListItem","position":3,"name":"Gommage \u00e9claircissant visage &#8211; Rivaderm &#8211; 150ml"}]},{"@type":"WebSite","@id":"https:\/\/orthopara.store\/#website","url":"https:\/\/orthopara.store\/","name":"OrthoPara","description":"Parapharmacie","publisher":{"@id":"https:\/\/orthopara.store\/#organization"},"potentialAction":[{"@type":"SearchAction","target":{"@type":"EntryPoint","urlTemplate":"https:\/\/orthopara.store\/?s={search_term_string}"},"query-input":"required name=search_term_string"}],"inLanguage":"fr-FR"},{"@type":"Organization","@id":"https:\/\/orthopara.store\/#organization","name":"OrthoPara","url":"https:\/\/orthopara.store\/","logo":{"@type":"ImageObject","inLanguage":"fr-FR","@id":"https:\/\/orthopara.store\/#\/schema\/logo\/image\/","url":"https:\/\/orthopara.store\/wp-content\/uploads\/2024\/06\/cropped-9ABA8BAD-6256-4719-9315-15C66E64E882.png","contentUrl":"https:\/\/orthopara.store\/wp-content\/uploads\/2024\/06\/cropped-9ABA8BAD-6256-4719-9315-15C66E64E882.png","width":240,"height":72,"caption":"OrthoPara"},"image":{"@id":"https:\/\/orthopara.store\/#\/schema\/logo\/image\/"},"sameAs":["https:\/\/www.facebook.com\/profile.php?id=61561194315651","https:\/\/www.instagram.com\/orthopara_tunisie\/"]}]}},"jetpack_sharing_enabled":true,"brands":[{"id":124,"name":"RIVADERM","slug":"rivaderm"}],"_links":{"self":[{"href":"https:\/\/orthopara.store\/index.php?rest_route=\/wp\/v2\/product\/1039","targetHints":{"allow":["GET"]}}],"collection":[{"href":"https:\/\/orthopara.store\/index.php?rest_route=\/wp\/v2\/product"}],"about":[{"href":"https:\/\/orthopara.store\/index.php?rest_route=\/wp\/v2\/types\/product"}],"replies":[{"embeddable":true,"href":"https:\/\/orthopara.store\/index.php?rest_route=%2Fwp%2Fv2%2Fcomments&post=1039"}],"wp:featuredmedia":[{"embeddable":true,"href":"https:\/\/orthopara.store\/index.php?rest_route=\/wp\/v2\/media\/1066"}],"wp:attachment":[{"href":"https:\/\/orthopara.store\/index.php?rest_route=%2Fwp%2Fv2%2Fmedia&parent=1039"}],"wp:term":[{"taxonomy":"pwb-brand","embeddable":true,"href":"https:\/\/orthopara.store\/index.php?rest_route=%2Fwp%2Fv2%2Fpwb-brand&post=1039"},{"taxonomy":"product_cat","embeddable":true,"href":"https:\/\/orthopara.store\/index.php?rest_route=%2Fwp%2Fv2%2Fproduct_cat&post=1039"},{"taxonomy":"product_tag","embeddable":true,"href":"https:\/\/orthopara.store\/index.php?rest_route=%2Fwp%2Fv2%2Fproduct_tag&post=1039"}],"curies":[{"name":"wp","href":"https:\/\/api.w.org\/{rel}","templated":true}]}}