{"id":1073,"date":"2024-06-28T15:51:30","date_gmt":"2024-06-28T13:51:30","guid":{"rendered":"https:\/\/orthopara.store\/?post_type=product&#038;p=1073"},"modified":"2024-06-28T15:51:35","modified_gmt":"2024-06-28T13:51:35","slug":"gel-nettoyant-purifiant-jonzac-pure-400ml","status":"publish","type":"product","link":"https:\/\/orthopara.store\/?product=gel-nettoyant-purifiant-jonzac-pure-400ml","title":{"rendered":"Gel nettoyant purifiant &#8211; Jonzac Pure &#8211; 400ml"},"content":{"rendered":"<p>Gel nettoyant purifiant &#8211; Jonzac Pure &#8211; 400ml<br \/>\nRiche en eau thermale de Jonzac, sels de cuivre et de zinc, le gel nettoyant purifiant Pure \u00e9limine efficacement les impuret\u00e9s et l&rsquo;exc\u00e8s de s\u00e9bum et r\u00e9duit les imperfections. Imm\u00e9diatement, la peau est plus nette et rafra\u00eechie.<br \/>\nFormul\u00e9 avec : 20% Eau thermale de Jonzac, Sels de cuivre et de zinc d&rsquo;origine naturelle reconnus assainissants, Nettoyants doux d&rsquo;origine v\u00e9g\u00e9tale.<br \/>\nNon com\u00e9dog\u00e8ne. Formul\u00e9 pour minimiser les risques de r\u00e9actions allergiques. Test\u00e9 sous contr\u00f4le dermatologique.<br \/>\nmode d&rsquo;application :\u00a0<br \/>\nAppliquer sur la peau humidifi\u00e9e et faire mousser.<br \/>\nRincer<\/p>\n","protected":false},"excerpt":{"rendered":"<p>Eau thermale Jonzac\u00a0<br \/>\nJonzac pure\u00a0<br \/>\nGel nettoyant purifiant\u00a0<br \/>\nElimine efficacement les impuret\u00e9s et l&rsquo;exc\u00e8s de s\u00e9bum et r\u00e9duit les imperfections. Imm\u00e9diatement, la peau est plus nette et rafra\u00eechie.<br \/>\ncontenance 400ml\u00a0<br \/>\nDLC 6 MOIS APRES LOUVERTURE<\/p>\n","protected":false},"featured_media":1100,"comment_status":"open","ping_status":"closed","template":"","meta":[],"pwb-brand":[57],"product_cat":[117],"product_tag":[],"class_list":{"0":"post-1073","1":"product","2":"type-product","3":"status-publish","4":"has-post-thumbnail","6":"pwb-brand-jonzac","7":"product_cat-soins-anti-rougeurs-et-peau-sensible","8":"post","9":"ws-product--style-1","11":"first","12":"instock","13":"shipping-taxable","14":"purchasable","15":"product-type-simple"},"yoast_head":"<!-- This site is optimized with the Yoast SEO plugin v23.0 - https:\/\/yoast.com\/wordpress\/plugins\/seo\/ -->\n<title>Gel nettoyant purifiant - Jonzac Pure - 400ml - OrthoPara<\/title>\n<meta name=\"robots\" content=\"index, follow, max-snippet:-1, max-image-preview:large, max-video-preview:-1\" \/>\n<link rel=\"canonical\" href=\"https:\/\/orthopara.store\/index.php\/produit\/gel-nettoyant-purifiant-jonzac-pure-400ml\/\" \/>\n<meta property=\"og:locale\" content=\"fr_FR\" \/>\n<meta property=\"og:type\" content=\"article\" \/>\n<meta property=\"og:title\" content=\"Gel nettoyant purifiant - Jonzac Pure - 400ml - OrthoPara\" \/>\n<meta property=\"og:description\" content=\"Eau thermale Jonzac\u00a0 Jonzac pure\u00a0 Gel nettoyant purifiant\u00a0 Elimine efficacement les impuret\u00e9s et l&#039;exc\u00e8s de s\u00e9bum et r\u00e9duit les imperfections. Imm\u00e9diatement, la peau est plus nette et rafra\u00eechie. contenance 400ml\u00a0 DLC 6 MOIS APRES LOUVERTURE\" \/>\n<meta property=\"og:url\" content=\"https:\/\/orthopara.store\/index.php\/produit\/gel-nettoyant-purifiant-jonzac-pure-400ml\/\" \/>\n<meta property=\"og:site_name\" content=\"OrthoPara\" \/>\n<meta property=\"article:publisher\" content=\"https:\/\/www.facebook.com\/profile.php?id=61561194315651\" \/>\n<meta property=\"article:modified_time\" content=\"2024-06-28T13:51:35+00:00\" \/>\n<meta property=\"og:image\" content=\"https:\/\/orthopara.store\/wp-content\/uploads\/2024\/06\/jonzac-gel-nettoyant-purifiant-400ml.jpg\" \/>\n\t<meta property=\"og:image:width\" content=\"800\" \/>\n\t<meta property=\"og:image:height\" content=\"800\" \/>\n\t<meta property=\"og:image:type\" content=\"image\/jpeg\" \/>\n<meta name=\"twitter:card\" content=\"summary_large_image\" \/>\n<meta name=\"twitter:label1\" content=\"Dur\u00e9e de lecture estim\u00e9e\" \/>\n\t<meta name=\"twitter:data1\" content=\"1 minute\" \/>\n<script type=\"application\/ld+json\" class=\"yoast-schema-graph\">{\"@context\":\"https:\/\/schema.org\",\"@graph\":[{\"@type\":\"WebPage\",\"@id\":\"https:\/\/orthopara.store\/index.php\/produit\/gel-nettoyant-purifiant-jonzac-pure-400ml\/\",\"url\":\"https:\/\/orthopara.store\/index.php\/produit\/gel-nettoyant-purifiant-jonzac-pure-400ml\/\",\"name\":\"Gel nettoyant purifiant - Jonzac Pure - 400ml - OrthoPara\",\"isPartOf\":{\"@id\":\"https:\/\/orthopara.store\/#website\"},\"primaryImageOfPage\":{\"@id\":\"https:\/\/orthopara.store\/index.php\/produit\/gel-nettoyant-purifiant-jonzac-pure-400ml\/#primaryimage\"},\"image\":{\"@id\":\"https:\/\/orthopara.store\/index.php\/produit\/gel-nettoyant-purifiant-jonzac-pure-400ml\/#primaryimage\"},\"thumbnailUrl\":\"https:\/\/orthopara.store\/wp-content\/uploads\/2024\/06\/jonzac-gel-nettoyant-purifiant-400ml.jpg\",\"datePublished\":\"2024-06-28T13:51:30+00:00\",\"dateModified\":\"2024-06-28T13:51:35+00:00\",\"breadcrumb\":{\"@id\":\"https:\/\/orthopara.store\/index.php\/produit\/gel-nettoyant-purifiant-jonzac-pure-400ml\/#breadcrumb\"},\"inLanguage\":\"fr-FR\",\"potentialAction\":[{\"@type\":\"ReadAction\",\"target\":[\"https:\/\/orthopara.store\/index.php\/produit\/gel-nettoyant-purifiant-jonzac-pure-400ml\/\"]}]},{\"@type\":\"ImageObject\",\"inLanguage\":\"fr-FR\",\"@id\":\"https:\/\/orthopara.store\/index.php\/produit\/gel-nettoyant-purifiant-jonzac-pure-400ml\/#primaryimage\",\"url\":\"https:\/\/orthopara.store\/wp-content\/uploads\/2024\/06\/jonzac-gel-nettoyant-purifiant-400ml.jpg\",\"contentUrl\":\"https:\/\/orthopara.store\/wp-content\/uploads\/2024\/06\/jonzac-gel-nettoyant-purifiant-400ml.jpg\",\"width\":800,\"height\":800},{\"@type\":\"BreadcrumbList\",\"@id\":\"https:\/\/orthopara.store\/index.php\/produit\/gel-nettoyant-purifiant-jonzac-pure-400ml\/#breadcrumb\",\"itemListElement\":[{\"@type\":\"ListItem\",\"position\":1,\"name\":\"Accueil\",\"item\":\"https:\/\/orthopara.store\/\"},{\"@type\":\"ListItem\",\"position\":2,\"name\":\"Shop\",\"item\":\"https:\/\/orthopara.store\/?page_id=622\"},{\"@type\":\"ListItem\",\"position\":3,\"name\":\"Gel nettoyant purifiant &#8211; Jonzac Pure &#8211; 400ml\"}]},{\"@type\":\"WebSite\",\"@id\":\"https:\/\/orthopara.store\/#website\",\"url\":\"https:\/\/orthopara.store\/\",\"name\":\"OrthoPara\",\"description\":\"Parapharmacie\",\"publisher\":{\"@id\":\"https:\/\/orthopara.store\/#organization\"},\"potentialAction\":[{\"@type\":\"SearchAction\",\"target\":{\"@type\":\"EntryPoint\",\"urlTemplate\":\"https:\/\/orthopara.store\/?s={search_term_string}\"},\"query-input\":\"required name=search_term_string\"}],\"inLanguage\":\"fr-FR\"},{\"@type\":\"Organization\",\"@id\":\"https:\/\/orthopara.store\/#organization\",\"name\":\"OrthoPara\",\"url\":\"https:\/\/orthopara.store\/\",\"logo\":{\"@type\":\"ImageObject\",\"inLanguage\":\"fr-FR\",\"@id\":\"https:\/\/orthopara.store\/#\/schema\/logo\/image\/\",\"url\":\"https:\/\/orthopara.store\/wp-content\/uploads\/2024\/06\/cropped-9ABA8BAD-6256-4719-9315-15C66E64E882.png\",\"contentUrl\":\"https:\/\/orthopara.store\/wp-content\/uploads\/2024\/06\/cropped-9ABA8BAD-6256-4719-9315-15C66E64E882.png\",\"width\":240,\"height\":72,\"caption\":\"OrthoPara\"},\"image\":{\"@id\":\"https:\/\/orthopara.store\/#\/schema\/logo\/image\/\"},\"sameAs\":[\"https:\/\/www.facebook.com\/profile.php?id=61561194315651\",\"https:\/\/www.instagram.com\/orthopara_tunisie\/\"]}]}<\/script>\n<!-- \/ Yoast SEO plugin. -->","yoast_head_json":{"title":"Gel nettoyant purifiant - Jonzac Pure - 400ml - OrthoPara","robots":{"index":"index","follow":"follow","max-snippet":"max-snippet:-1","max-image-preview":"max-image-preview:large","max-video-preview":"max-video-preview:-1"},"canonical":"https:\/\/orthopara.store\/index.php\/produit\/gel-nettoyant-purifiant-jonzac-pure-400ml\/","og_locale":"fr_FR","og_type":"article","og_title":"Gel nettoyant purifiant - Jonzac Pure - 400ml - OrthoPara","og_description":"Eau thermale Jonzac\u00a0 Jonzac pure\u00a0 Gel nettoyant purifiant\u00a0 Elimine efficacement les impuret\u00e9s et l'exc\u00e8s de s\u00e9bum et r\u00e9duit les imperfections. Imm\u00e9diatement, la peau est plus nette et rafra\u00eechie. contenance 400ml\u00a0 DLC 6 MOIS APRES LOUVERTURE","og_url":"https:\/\/orthopara.store\/index.php\/produit\/gel-nettoyant-purifiant-jonzac-pure-400ml\/","og_site_name":"OrthoPara","article_publisher":"https:\/\/www.facebook.com\/profile.php?id=61561194315651","article_modified_time":"2024-06-28T13:51:35+00:00","og_image":[{"width":800,"height":800,"url":"https:\/\/orthopara.store\/wp-content\/uploads\/2024\/06\/jonzac-gel-nettoyant-purifiant-400ml.jpg","type":"image\/jpeg"}],"twitter_card":"summary_large_image","twitter_misc":{"Dur\u00e9e de lecture estim\u00e9e":"1 minute"},"schema":{"@context":"https:\/\/schema.org","@graph":[{"@type":"WebPage","@id":"https:\/\/orthopara.store\/index.php\/produit\/gel-nettoyant-purifiant-jonzac-pure-400ml\/","url":"https:\/\/orthopara.store\/index.php\/produit\/gel-nettoyant-purifiant-jonzac-pure-400ml\/","name":"Gel nettoyant purifiant - Jonzac Pure - 400ml - OrthoPara","isPartOf":{"@id":"https:\/\/orthopara.store\/#website"},"primaryImageOfPage":{"@id":"https:\/\/orthopara.store\/index.php\/produit\/gel-nettoyant-purifiant-jonzac-pure-400ml\/#primaryimage"},"image":{"@id":"https:\/\/orthopara.store\/index.php\/produit\/gel-nettoyant-purifiant-jonzac-pure-400ml\/#primaryimage"},"thumbnailUrl":"https:\/\/orthopara.store\/wp-content\/uploads\/2024\/06\/jonzac-gel-nettoyant-purifiant-400ml.jpg","datePublished":"2024-06-28T13:51:30+00:00","dateModified":"2024-06-28T13:51:35+00:00","breadcrumb":{"@id":"https:\/\/orthopara.store\/index.php\/produit\/gel-nettoyant-purifiant-jonzac-pure-400ml\/#breadcrumb"},"inLanguage":"fr-FR","potentialAction":[{"@type":"ReadAction","target":["https:\/\/orthopara.store\/index.php\/produit\/gel-nettoyant-purifiant-jonzac-pure-400ml\/"]}]},{"@type":"ImageObject","inLanguage":"fr-FR","@id":"https:\/\/orthopara.store\/index.php\/produit\/gel-nettoyant-purifiant-jonzac-pure-400ml\/#primaryimage","url":"https:\/\/orthopara.store\/wp-content\/uploads\/2024\/06\/jonzac-gel-nettoyant-purifiant-400ml.jpg","contentUrl":"https:\/\/orthopara.store\/wp-content\/uploads\/2024\/06\/jonzac-gel-nettoyant-purifiant-400ml.jpg","width":800,"height":800},{"@type":"BreadcrumbList","@id":"https:\/\/orthopara.store\/index.php\/produit\/gel-nettoyant-purifiant-jonzac-pure-400ml\/#breadcrumb","itemListElement":[{"@type":"ListItem","position":1,"name":"Accueil","item":"https:\/\/orthopara.store\/"},{"@type":"ListItem","position":2,"name":"Shop","item":"https:\/\/orthopara.store\/?page_id=622"},{"@type":"ListItem","position":3,"name":"Gel nettoyant purifiant &#8211; Jonzac Pure &#8211; 400ml"}]},{"@type":"WebSite","@id":"https:\/\/orthopara.store\/#website","url":"https:\/\/orthopara.store\/","name":"OrthoPara","description":"Parapharmacie","publisher":{"@id":"https:\/\/orthopara.store\/#organization"},"potentialAction":[{"@type":"SearchAction","target":{"@type":"EntryPoint","urlTemplate":"https:\/\/orthopara.store\/?s={search_term_string}"},"query-input":"required name=search_term_string"}],"inLanguage":"fr-FR"},{"@type":"Organization","@id":"https:\/\/orthopara.store\/#organization","name":"OrthoPara","url":"https:\/\/orthopara.store\/","logo":{"@type":"ImageObject","inLanguage":"fr-FR","@id":"https:\/\/orthopara.store\/#\/schema\/logo\/image\/","url":"https:\/\/orthopara.store\/wp-content\/uploads\/2024\/06\/cropped-9ABA8BAD-6256-4719-9315-15C66E64E882.png","contentUrl":"https:\/\/orthopara.store\/wp-content\/uploads\/2024\/06\/cropped-9ABA8BAD-6256-4719-9315-15C66E64E882.png","width":240,"height":72,"caption":"OrthoPara"},"image":{"@id":"https:\/\/orthopara.store\/#\/schema\/logo\/image\/"},"sameAs":["https:\/\/www.facebook.com\/profile.php?id=61561194315651","https:\/\/www.instagram.com\/orthopara_tunisie\/"]}]}},"jetpack_sharing_enabled":true,"brands":[{"id":57,"name":"JONZAC","slug":"jonzac"}],"_links":{"self":[{"href":"https:\/\/orthopara.store\/index.php?rest_route=\/wp\/v2\/product\/1073","targetHints":{"allow":["GET"]}}],"collection":[{"href":"https:\/\/orthopara.store\/index.php?rest_route=\/wp\/v2\/product"}],"about":[{"href":"https:\/\/orthopara.store\/index.php?rest_route=\/wp\/v2\/types\/product"}],"replies":[{"embeddable":true,"href":"https:\/\/orthopara.store\/index.php?rest_route=%2Fwp%2Fv2%2Fcomments&post=1073"}],"wp:featuredmedia":[{"embeddable":true,"href":"https:\/\/orthopara.store\/index.php?rest_route=\/wp\/v2\/media\/1100"}],"wp:attachment":[{"href":"https:\/\/orthopara.store\/index.php?rest_route=%2Fwp%2Fv2%2Fmedia&parent=1073"}],"wp:term":[{"taxonomy":"pwb-brand","embeddable":true,"href":"https:\/\/orthopara.store\/index.php?rest_route=%2Fwp%2Fv2%2Fpwb-brand&post=1073"},{"taxonomy":"product_cat","embeddable":true,"href":"https:\/\/orthopara.store\/index.php?rest_route=%2Fwp%2Fv2%2Fproduct_cat&post=1073"},{"taxonomy":"product_tag","embeddable":true,"href":"https:\/\/orthopara.store\/index.php?rest_route=%2Fwp%2Fv2%2Fproduct_tag&post=1073"}],"curies":[{"name":"wp","href":"https:\/\/api.w.org\/{rel}","templated":true}]}}