{"id":1085,"date":"2024-06-28T15:51:32","date_gmt":"2024-06-28T13:51:32","guid":{"rendered":"https:\/\/orthopara.store\/?post_type=product&#038;p=1085"},"modified":"2024-06-28T15:51:40","modified_gmt":"2024-06-28T13:51:40","slug":"sensilis-calm-in-blam-baume-demaquillant-50ml","status":"publish","type":"product","link":"https:\/\/orthopara.store\/?product=sensilis-calm-in-blam-baume-demaquillant-50ml","title":{"rendered":"Sensilis Calm In Blam Baume d\u00e9maquillant  &#8211; 50ml"},"content":{"rendered":"<p>Baume d\u00e9maquillant hydratant et apaisant &#8211; Sensilis Calm In Blam &#8211; 50ml<br \/>\nBaume \u00e0 la texture de cire fondante qui nettoie en profondeur, apaise, hydrate et \u00e9limine m\u00eame le maquillage waterproof. Formul\u00e9 \u00e0 base d\u2019Huile d\u2019Avocat, pour son action nourrissante, d\u2019Alpha-bisabolol, pour ses bienfaits apaisants, de Beurre de Karit\u00e9, aux propri\u00e9t\u00e9s nourrissantes et \u00e9mollientes restructurantes, et d\u2019un Complexe de Cire de Jojoba, Mimosa et Tournesol, apportant douceur et hydratation \u00e0 la peau.<br \/>\nHypoallerg\u00e9nique. Non com\u00e9dog\u00e8ne. Test\u00e9 sur 5 m\u00e9taux lourds.<br \/>\nPropri\u00e9t\u00e9s du produit :<br \/>\n13,6 % d\u2019hydratation en 20 min.<br \/>\n-8,4 % de TEWL en 20 min.<\/p>\n<p>Ingr\u00e9dients\u00a0 cl\u00e9s :<br \/>\nHuile d\u2019avocat<br \/>\nCamomille\/Alpha-bisabolol<br \/>\nBeurre de karit\u00e9<br \/>\nHuile de Jojoba<\/p>\n<p>Conseils d&rsquo;utilisation :<br \/>\n01<br \/>\nAppliquer une petite quantit\u00e9 de produit le matin et le soir et masser sur le visage.<br \/>\n02<br \/>\nImbiber un linge ou un coton d\u2019eau chaude et rincer doucement.<\/p>\n<p>Composition :<br \/>\nEthylhexyl Palmitate; Butyrospermum Parkii (Shea) Butter; C10-18 Triglycerides; Cetyl Alcohol; Glyceryl Stearate SE; Persea Gratissima (Avocado) Oil; Sorbeth-30 Tetraoleate; Glyceryl Behenate; Tocopheryl Acetate; Tocopherol; Ascorbyl Palmitate; Helianthus Annuus (Sunflower) Seed Oil; Bambusa Vulgaris Sap Extract; Daucus Carota Sativa (Carrot) Root Extract; Daucus Carota Sativa (Carrot) Seed Oil; Beta-Carotene; Helianthus Annuus Seed Cera; Acacia Decurrens Flower Cera (Acacia Decurrens Flower Wax); Jojoba Esters; Bisabolol; Polyglycerin-3; Parfum (Fragrance).<\/p>\n","protected":false},"excerpt":{"rendered":"<p>Sensilis Calm In Blam<br \/>\nC\u2019est pour vous? Calm in Balm est la premi\u00e8re \u00e9tape du double nettoyage, pour tous les types de peaux, y compris les peaux sensibles et r\u00e9actives, en raison de sa base huileuse. Il est \u00e9galement parfait pour pr\u00e9parer la peau avant et apr\u00e8s un traitement de m\u00e9decine esth\u00e9tique.<br \/>\nContenance : 50ml\u00a0<br \/>\nDLC : 8 mois apr\u00e8s l&rsquo;ouverture\u00a0<\/p>\n","protected":false},"featured_media":1112,"comment_status":"open","ping_status":"closed","template":"","meta":[],"pwb-brand":[104],"product_cat":[117],"product_tag":[],"class_list":{"0":"post-1085","1":"product","2":"type-product","3":"status-publish","4":"has-post-thumbnail","6":"pwb-brand-sensilis","7":"product_cat-soins-anti-rougeurs-et-peau-sensible","8":"post","9":"ws-product--style-1","11":"first","12":"instock","13":"shipping-taxable","14":"purchasable","15":"product-type-simple"},"yoast_head":"<!-- This site is optimized with the Yoast SEO plugin v23.0 - https:\/\/yoast.com\/wordpress\/plugins\/seo\/ -->\n<title>Sensilis Calm In Blam Baume d\u00e9maquillant - 50ml - OrthoPara<\/title>\n<meta name=\"robots\" content=\"index, follow, max-snippet:-1, max-image-preview:large, max-video-preview:-1\" \/>\n<link rel=\"canonical\" href=\"https:\/\/orthopara.store\/index.php\/produit\/sensilis-calm-in-blam-baume-demaquillant-50ml\/\" \/>\n<meta property=\"og:locale\" content=\"fr_FR\" \/>\n<meta property=\"og:type\" content=\"article\" \/>\n<meta property=\"og:title\" content=\"Sensilis Calm In Blam Baume d\u00e9maquillant - 50ml - OrthoPara\" \/>\n<meta property=\"og:description\" content=\"Sensilis Calm In Blam C\u2019est pour vous? Calm in Balm est la premi\u00e8re \u00e9tape du double nettoyage, pour tous les types de peaux, y compris les peaux sensibles et r\u00e9actives, en raison de sa base huileuse. Il est \u00e9galement parfait pour pr\u00e9parer la peau avant et apr\u00e8s un traitement de m\u00e9decine esth\u00e9tique. Contenance : 50ml\u00a0 DLC : 8 mois apr\u00e8s l&#039;ouverture\u00a0\" \/>\n<meta property=\"og:url\" content=\"https:\/\/orthopara.store\/index.php\/produit\/sensilis-calm-in-blam-baume-demaquillant-50ml\/\" \/>\n<meta property=\"og:site_name\" content=\"OrthoPara\" \/>\n<meta property=\"article:publisher\" content=\"https:\/\/www.facebook.com\/profile.php?id=61561194315651\" \/>\n<meta property=\"article:modified_time\" content=\"2024-06-28T13:51:40+00:00\" \/>\n<meta property=\"og:image\" content=\"https:\/\/orthopara.store\/wp-content\/uploads\/2024\/06\/sensilis-calm-in-blam-baume-demaquillant-50ml.jpg\" \/>\n\t<meta property=\"og:image:width\" content=\"800\" \/>\n\t<meta property=\"og:image:height\" content=\"800\" \/>\n\t<meta property=\"og:image:type\" content=\"image\/jpeg\" \/>\n<meta name=\"twitter:card\" content=\"summary_large_image\" \/>\n<meta name=\"twitter:label1\" content=\"Dur\u00e9e de lecture estim\u00e9e\" \/>\n\t<meta name=\"twitter:data1\" content=\"1 minute\" \/>\n<script type=\"application\/ld+json\" class=\"yoast-schema-graph\">{\"@context\":\"https:\/\/schema.org\",\"@graph\":[{\"@type\":\"WebPage\",\"@id\":\"https:\/\/orthopara.store\/index.php\/produit\/sensilis-calm-in-blam-baume-demaquillant-50ml\/\",\"url\":\"https:\/\/orthopara.store\/index.php\/produit\/sensilis-calm-in-blam-baume-demaquillant-50ml\/\",\"name\":\"Sensilis Calm In Blam Baume d\u00e9maquillant - 50ml - OrthoPara\",\"isPartOf\":{\"@id\":\"https:\/\/orthopara.store\/#website\"},\"primaryImageOfPage\":{\"@id\":\"https:\/\/orthopara.store\/index.php\/produit\/sensilis-calm-in-blam-baume-demaquillant-50ml\/#primaryimage\"},\"image\":{\"@id\":\"https:\/\/orthopara.store\/index.php\/produit\/sensilis-calm-in-blam-baume-demaquillant-50ml\/#primaryimage\"},\"thumbnailUrl\":\"https:\/\/orthopara.store\/wp-content\/uploads\/2024\/06\/sensilis-calm-in-blam-baume-demaquillant-50ml.jpg\",\"datePublished\":\"2024-06-28T13:51:32+00:00\",\"dateModified\":\"2024-06-28T13:51:40+00:00\",\"breadcrumb\":{\"@id\":\"https:\/\/orthopara.store\/index.php\/produit\/sensilis-calm-in-blam-baume-demaquillant-50ml\/#breadcrumb\"},\"inLanguage\":\"fr-FR\",\"potentialAction\":[{\"@type\":\"ReadAction\",\"target\":[\"https:\/\/orthopara.store\/index.php\/produit\/sensilis-calm-in-blam-baume-demaquillant-50ml\/\"]}]},{\"@type\":\"ImageObject\",\"inLanguage\":\"fr-FR\",\"@id\":\"https:\/\/orthopara.store\/index.php\/produit\/sensilis-calm-in-blam-baume-demaquillant-50ml\/#primaryimage\",\"url\":\"https:\/\/orthopara.store\/wp-content\/uploads\/2024\/06\/sensilis-calm-in-blam-baume-demaquillant-50ml.jpg\",\"contentUrl\":\"https:\/\/orthopara.store\/wp-content\/uploads\/2024\/06\/sensilis-calm-in-blam-baume-demaquillant-50ml.jpg\",\"width\":800,\"height\":800},{\"@type\":\"BreadcrumbList\",\"@id\":\"https:\/\/orthopara.store\/index.php\/produit\/sensilis-calm-in-blam-baume-demaquillant-50ml\/#breadcrumb\",\"itemListElement\":[{\"@type\":\"ListItem\",\"position\":1,\"name\":\"Accueil\",\"item\":\"https:\/\/orthopara.store\/\"},{\"@type\":\"ListItem\",\"position\":2,\"name\":\"Shop\",\"item\":\"https:\/\/orthopara.store\/?page_id=622\"},{\"@type\":\"ListItem\",\"position\":3,\"name\":\"Sensilis Calm In Blam Baume d\u00e9maquillant &#8211; 50ml\"}]},{\"@type\":\"WebSite\",\"@id\":\"https:\/\/orthopara.store\/#website\",\"url\":\"https:\/\/orthopara.store\/\",\"name\":\"OrthoPara\",\"description\":\"Parapharmacie\",\"publisher\":{\"@id\":\"https:\/\/orthopara.store\/#organization\"},\"potentialAction\":[{\"@type\":\"SearchAction\",\"target\":{\"@type\":\"EntryPoint\",\"urlTemplate\":\"https:\/\/orthopara.store\/?s={search_term_string}\"},\"query-input\":\"required name=search_term_string\"}],\"inLanguage\":\"fr-FR\"},{\"@type\":\"Organization\",\"@id\":\"https:\/\/orthopara.store\/#organization\",\"name\":\"OrthoPara\",\"url\":\"https:\/\/orthopara.store\/\",\"logo\":{\"@type\":\"ImageObject\",\"inLanguage\":\"fr-FR\",\"@id\":\"https:\/\/orthopara.store\/#\/schema\/logo\/image\/\",\"url\":\"https:\/\/orthopara.store\/wp-content\/uploads\/2024\/06\/cropped-9ABA8BAD-6256-4719-9315-15C66E64E882.png\",\"contentUrl\":\"https:\/\/orthopara.store\/wp-content\/uploads\/2024\/06\/cropped-9ABA8BAD-6256-4719-9315-15C66E64E882.png\",\"width\":240,\"height\":72,\"caption\":\"OrthoPara\"},\"image\":{\"@id\":\"https:\/\/orthopara.store\/#\/schema\/logo\/image\/\"},\"sameAs\":[\"https:\/\/www.facebook.com\/profile.php?id=61561194315651\",\"https:\/\/www.instagram.com\/orthopara_tunisie\/\"]}]}<\/script>\n<!-- \/ Yoast SEO plugin. -->","yoast_head_json":{"title":"Sensilis Calm In Blam Baume d\u00e9maquillant - 50ml - OrthoPara","robots":{"index":"index","follow":"follow","max-snippet":"max-snippet:-1","max-image-preview":"max-image-preview:large","max-video-preview":"max-video-preview:-1"},"canonical":"https:\/\/orthopara.store\/index.php\/produit\/sensilis-calm-in-blam-baume-demaquillant-50ml\/","og_locale":"fr_FR","og_type":"article","og_title":"Sensilis Calm In Blam Baume d\u00e9maquillant - 50ml - OrthoPara","og_description":"Sensilis Calm In Blam C\u2019est pour vous? Calm in Balm est la premi\u00e8re \u00e9tape du double nettoyage, pour tous les types de peaux, y compris les peaux sensibles et r\u00e9actives, en raison de sa base huileuse. Il est \u00e9galement parfait pour pr\u00e9parer la peau avant et apr\u00e8s un traitement de m\u00e9decine esth\u00e9tique. Contenance : 50ml\u00a0 DLC : 8 mois apr\u00e8s l'ouverture\u00a0","og_url":"https:\/\/orthopara.store\/index.php\/produit\/sensilis-calm-in-blam-baume-demaquillant-50ml\/","og_site_name":"OrthoPara","article_publisher":"https:\/\/www.facebook.com\/profile.php?id=61561194315651","article_modified_time":"2024-06-28T13:51:40+00:00","og_image":[{"width":800,"height":800,"url":"https:\/\/orthopara.store\/wp-content\/uploads\/2024\/06\/sensilis-calm-in-blam-baume-demaquillant-50ml.jpg","type":"image\/jpeg"}],"twitter_card":"summary_large_image","twitter_misc":{"Dur\u00e9e de lecture estim\u00e9e":"1 minute"},"schema":{"@context":"https:\/\/schema.org","@graph":[{"@type":"WebPage","@id":"https:\/\/orthopara.store\/index.php\/produit\/sensilis-calm-in-blam-baume-demaquillant-50ml\/","url":"https:\/\/orthopara.store\/index.php\/produit\/sensilis-calm-in-blam-baume-demaquillant-50ml\/","name":"Sensilis Calm In Blam Baume d\u00e9maquillant - 50ml - OrthoPara","isPartOf":{"@id":"https:\/\/orthopara.store\/#website"},"primaryImageOfPage":{"@id":"https:\/\/orthopara.store\/index.php\/produit\/sensilis-calm-in-blam-baume-demaquillant-50ml\/#primaryimage"},"image":{"@id":"https:\/\/orthopara.store\/index.php\/produit\/sensilis-calm-in-blam-baume-demaquillant-50ml\/#primaryimage"},"thumbnailUrl":"https:\/\/orthopara.store\/wp-content\/uploads\/2024\/06\/sensilis-calm-in-blam-baume-demaquillant-50ml.jpg","datePublished":"2024-06-28T13:51:32+00:00","dateModified":"2024-06-28T13:51:40+00:00","breadcrumb":{"@id":"https:\/\/orthopara.store\/index.php\/produit\/sensilis-calm-in-blam-baume-demaquillant-50ml\/#breadcrumb"},"inLanguage":"fr-FR","potentialAction":[{"@type":"ReadAction","target":["https:\/\/orthopara.store\/index.php\/produit\/sensilis-calm-in-blam-baume-demaquillant-50ml\/"]}]},{"@type":"ImageObject","inLanguage":"fr-FR","@id":"https:\/\/orthopara.store\/index.php\/produit\/sensilis-calm-in-blam-baume-demaquillant-50ml\/#primaryimage","url":"https:\/\/orthopara.store\/wp-content\/uploads\/2024\/06\/sensilis-calm-in-blam-baume-demaquillant-50ml.jpg","contentUrl":"https:\/\/orthopara.store\/wp-content\/uploads\/2024\/06\/sensilis-calm-in-blam-baume-demaquillant-50ml.jpg","width":800,"height":800},{"@type":"BreadcrumbList","@id":"https:\/\/orthopara.store\/index.php\/produit\/sensilis-calm-in-blam-baume-demaquillant-50ml\/#breadcrumb","itemListElement":[{"@type":"ListItem","position":1,"name":"Accueil","item":"https:\/\/orthopara.store\/"},{"@type":"ListItem","position":2,"name":"Shop","item":"https:\/\/orthopara.store\/?page_id=622"},{"@type":"ListItem","position":3,"name":"Sensilis Calm In Blam Baume d\u00e9maquillant &#8211; 50ml"}]},{"@type":"WebSite","@id":"https:\/\/orthopara.store\/#website","url":"https:\/\/orthopara.store\/","name":"OrthoPara","description":"Parapharmacie","publisher":{"@id":"https:\/\/orthopara.store\/#organization"},"potentialAction":[{"@type":"SearchAction","target":{"@type":"EntryPoint","urlTemplate":"https:\/\/orthopara.store\/?s={search_term_string}"},"query-input":"required name=search_term_string"}],"inLanguage":"fr-FR"},{"@type":"Organization","@id":"https:\/\/orthopara.store\/#organization","name":"OrthoPara","url":"https:\/\/orthopara.store\/","logo":{"@type":"ImageObject","inLanguage":"fr-FR","@id":"https:\/\/orthopara.store\/#\/schema\/logo\/image\/","url":"https:\/\/orthopara.store\/wp-content\/uploads\/2024\/06\/cropped-9ABA8BAD-6256-4719-9315-15C66E64E882.png","contentUrl":"https:\/\/orthopara.store\/wp-content\/uploads\/2024\/06\/cropped-9ABA8BAD-6256-4719-9315-15C66E64E882.png","width":240,"height":72,"caption":"OrthoPara"},"image":{"@id":"https:\/\/orthopara.store\/#\/schema\/logo\/image\/"},"sameAs":["https:\/\/www.facebook.com\/profile.php?id=61561194315651","https:\/\/www.instagram.com\/orthopara_tunisie\/"]}]}},"jetpack_sharing_enabled":true,"brands":[{"id":104,"name":"Sensilis","slug":"sensilis"}],"_links":{"self":[{"href":"https:\/\/orthopara.store\/index.php?rest_route=\/wp\/v2\/product\/1085","targetHints":{"allow":["GET"]}}],"collection":[{"href":"https:\/\/orthopara.store\/index.php?rest_route=\/wp\/v2\/product"}],"about":[{"href":"https:\/\/orthopara.store\/index.php?rest_route=\/wp\/v2\/types\/product"}],"replies":[{"embeddable":true,"href":"https:\/\/orthopara.store\/index.php?rest_route=%2Fwp%2Fv2%2Fcomments&post=1085"}],"wp:featuredmedia":[{"embeddable":true,"href":"https:\/\/orthopara.store\/index.php?rest_route=\/wp\/v2\/media\/1112"}],"wp:attachment":[{"href":"https:\/\/orthopara.store\/index.php?rest_route=%2Fwp%2Fv2%2Fmedia&parent=1085"}],"wp:term":[{"taxonomy":"pwb-brand","embeddable":true,"href":"https:\/\/orthopara.store\/index.php?rest_route=%2Fwp%2Fv2%2Fpwb-brand&post=1085"},{"taxonomy":"product_cat","embeddable":true,"href":"https:\/\/orthopara.store\/index.php?rest_route=%2Fwp%2Fv2%2Fproduct_cat&post=1085"},{"taxonomy":"product_tag","embeddable":true,"href":"https:\/\/orthopara.store\/index.php?rest_route=%2Fwp%2Fv2%2Fproduct_tag&post=1085"}],"curies":[{"name":"wp","href":"https:\/\/api.w.org\/{rel}","templated":true}]}}