{"id":1094,"date":"2024-06-28T15:51:33","date_gmt":"2024-06-28T13:51:33","guid":{"rendered":"https:\/\/orthopara.store\/?post_type=product&#038;p=1094"},"modified":"2024-06-28T15:51:44","modified_gmt":"2024-06-28T13:51:44","slug":"flash-eclat-mousse-nettoyante-novexpert-150ml","status":"publish","type":"product","link":"https:\/\/orthopara.store\/?product=flash-eclat-mousse-nettoyante-novexpert-150ml","title":{"rendered":"Flash \u00e9clat mousse nettoyante &#8211; Novexpert -150ml"},"content":{"rendered":"<p>Flash \u00e9clat mousse nettoyante &#8211; Novexpert -150ml<br \/>\nSans huiles essentielles, la mousse nettoyante de Novexpert retire le maquillage, l&rsquo;exc\u00e8s de s\u00e9bum et les traces de pollution tout en resserrant les pores et affinant le grain de peau.<br \/>\nEffet peau neuve garanti gr\u00e2ce \u00e0 son micro-peeling tout doux !\u00a0Unisexe, elle convient \u00e0 tous les types de peaux et tous les \u00e2ges.<br \/>\nSes actifs :<br \/>\n&#8211; Vitamine C : Antioxydant, la vitamine C aide \u00e0 la r\u00e9g\u00e9n\u00e9ration cutan\u00e9e et lutte contre les radicaux libres.- Zinc : Cet actif r\u00e9gule la production de s\u00e9bum pour une peau plus nette.- Extrait de papaye : Cet extrait permet une action enzymatique pour une peau plus lisse et plus lumineuse.<\/p>\n<p>Conseils d&rsquo;utilisation :<br \/>\nLe soir, sur peau humide, appliquez sur l&rsquo;ensemble du visage. Laissez agir 20 secondes puis massez pendant 10 secondes. Rincez et s\u00e9chez.Le matin, une toute petite quantit\u00e9 de mousse suffit pour les peaux normales, mixtes ou grasses. Pour les peaux s\u00e8ches, une simple lotion ou eau micellaire suffisent.<\/p>\n","protected":false},"excerpt":{"rendered":"<p>Novexpert\u00a0<br \/>\nFlash \u00e9clat mousse nettoyante<br \/>\nCompos\u00e9e de vitamine C, de zinc et d&rsquo;extrait de papaye, la Mousse Nettoyante Flash \u00c9clat\u00a0Novexpert nettoie et lisse le grain de peau en douceur.\u00a0<br \/>\ncontenance : 150 ml<br \/>\nDLC : 12 mois apr\u00e8s l&rsquo;ouverture du produit<\/p>\n","protected":false},"featured_media":1121,"comment_status":"open","ping_status":"closed","template":"","meta":[],"pwb-brand":[77],"product_cat":[125],"product_tag":[],"class_list":{"0":"post-1094","1":"product","2":"type-product","3":"status-publish","4":"has-post-thumbnail","6":"pwb-brand-novexpert","7":"product_cat-soins-anti-taches","8":"post","9":"ws-product--style-1","11":"first","12":"instock","13":"shipping-taxable","14":"purchasable","15":"product-type-simple"},"yoast_head":"<!-- This site is optimized with the Yoast SEO plugin v23.0 - https:\/\/yoast.com\/wordpress\/plugins\/seo\/ -->\n<title>Flash \u00e9clat mousse nettoyante - Novexpert -150ml - OrthoPara<\/title>\n<meta name=\"robots\" content=\"index, follow, max-snippet:-1, max-image-preview:large, max-video-preview:-1\" \/>\n<link rel=\"canonical\" href=\"https:\/\/orthopara.store\/index.php\/produit\/flash-eclat-mousse-nettoyante-novexpert-150ml\/\" \/>\n<meta property=\"og:locale\" content=\"fr_FR\" \/>\n<meta property=\"og:type\" content=\"article\" \/>\n<meta property=\"og:title\" content=\"Flash \u00e9clat mousse nettoyante - Novexpert -150ml - OrthoPara\" \/>\n<meta property=\"og:description\" content=\"Novexpert\u00a0 Flash \u00e9clat mousse nettoyante Compos\u00e9e de vitamine C, de zinc et d&#039;extrait de papaye, la Mousse Nettoyante Flash \u00c9clat\u00a0Novexpert nettoie et lisse le grain de peau en douceur.\u00a0 contenance : 150 ml DLC : 12 mois apr\u00e8s l&#039;ouverture du produit\" \/>\n<meta property=\"og:url\" content=\"https:\/\/orthopara.store\/index.php\/produit\/flash-eclat-mousse-nettoyante-novexpert-150ml\/\" \/>\n<meta property=\"og:site_name\" content=\"OrthoPara\" \/>\n<meta property=\"article:publisher\" content=\"https:\/\/www.facebook.com\/profile.php?id=61561194315651\" \/>\n<meta property=\"article:modified_time\" content=\"2024-06-28T13:51:44+00:00\" \/>\n<meta property=\"og:image\" content=\"https:\/\/orthopara.store\/wp-content\/uploads\/2024\/06\/flash-eclat-mousse-nettoyante-novexpert-150ml.jpg\" \/>\n\t<meta property=\"og:image:width\" content=\"800\" \/>\n\t<meta property=\"og:image:height\" content=\"800\" \/>\n\t<meta property=\"og:image:type\" content=\"image\/jpeg\" \/>\n<meta name=\"twitter:card\" content=\"summary_large_image\" \/>\n<meta name=\"twitter:label1\" content=\"Dur\u00e9e de lecture estim\u00e9e\" \/>\n\t<meta name=\"twitter:data1\" content=\"1 minute\" \/>\n<script type=\"application\/ld+json\" class=\"yoast-schema-graph\">{\"@context\":\"https:\/\/schema.org\",\"@graph\":[{\"@type\":\"WebPage\",\"@id\":\"https:\/\/orthopara.store\/index.php\/produit\/flash-eclat-mousse-nettoyante-novexpert-150ml\/\",\"url\":\"https:\/\/orthopara.store\/index.php\/produit\/flash-eclat-mousse-nettoyante-novexpert-150ml\/\",\"name\":\"Flash \u00e9clat mousse nettoyante - Novexpert -150ml - OrthoPara\",\"isPartOf\":{\"@id\":\"https:\/\/orthopara.store\/#website\"},\"primaryImageOfPage\":{\"@id\":\"https:\/\/orthopara.store\/index.php\/produit\/flash-eclat-mousse-nettoyante-novexpert-150ml\/#primaryimage\"},\"image\":{\"@id\":\"https:\/\/orthopara.store\/index.php\/produit\/flash-eclat-mousse-nettoyante-novexpert-150ml\/#primaryimage\"},\"thumbnailUrl\":\"https:\/\/orthopara.store\/wp-content\/uploads\/2024\/06\/flash-eclat-mousse-nettoyante-novexpert-150ml.jpg\",\"datePublished\":\"2024-06-28T13:51:33+00:00\",\"dateModified\":\"2024-06-28T13:51:44+00:00\",\"breadcrumb\":{\"@id\":\"https:\/\/orthopara.store\/index.php\/produit\/flash-eclat-mousse-nettoyante-novexpert-150ml\/#breadcrumb\"},\"inLanguage\":\"fr-FR\",\"potentialAction\":[{\"@type\":\"ReadAction\",\"target\":[\"https:\/\/orthopara.store\/index.php\/produit\/flash-eclat-mousse-nettoyante-novexpert-150ml\/\"]}]},{\"@type\":\"ImageObject\",\"inLanguage\":\"fr-FR\",\"@id\":\"https:\/\/orthopara.store\/index.php\/produit\/flash-eclat-mousse-nettoyante-novexpert-150ml\/#primaryimage\",\"url\":\"https:\/\/orthopara.store\/wp-content\/uploads\/2024\/06\/flash-eclat-mousse-nettoyante-novexpert-150ml.jpg\",\"contentUrl\":\"https:\/\/orthopara.store\/wp-content\/uploads\/2024\/06\/flash-eclat-mousse-nettoyante-novexpert-150ml.jpg\",\"width\":800,\"height\":800},{\"@type\":\"BreadcrumbList\",\"@id\":\"https:\/\/orthopara.store\/index.php\/produit\/flash-eclat-mousse-nettoyante-novexpert-150ml\/#breadcrumb\",\"itemListElement\":[{\"@type\":\"ListItem\",\"position\":1,\"name\":\"Accueil\",\"item\":\"https:\/\/orthopara.store\/\"},{\"@type\":\"ListItem\",\"position\":2,\"name\":\"Shop\",\"item\":\"https:\/\/orthopara.store\/?page_id=622\"},{\"@type\":\"ListItem\",\"position\":3,\"name\":\"Flash \u00e9clat mousse nettoyante &#8211; Novexpert -150ml\"}]},{\"@type\":\"WebSite\",\"@id\":\"https:\/\/orthopara.store\/#website\",\"url\":\"https:\/\/orthopara.store\/\",\"name\":\"OrthoPara\",\"description\":\"Parapharmacie\",\"publisher\":{\"@id\":\"https:\/\/orthopara.store\/#organization\"},\"potentialAction\":[{\"@type\":\"SearchAction\",\"target\":{\"@type\":\"EntryPoint\",\"urlTemplate\":\"https:\/\/orthopara.store\/?s={search_term_string}\"},\"query-input\":\"required name=search_term_string\"}],\"inLanguage\":\"fr-FR\"},{\"@type\":\"Organization\",\"@id\":\"https:\/\/orthopara.store\/#organization\",\"name\":\"OrthoPara\",\"url\":\"https:\/\/orthopara.store\/\",\"logo\":{\"@type\":\"ImageObject\",\"inLanguage\":\"fr-FR\",\"@id\":\"https:\/\/orthopara.store\/#\/schema\/logo\/image\/\",\"url\":\"https:\/\/orthopara.store\/wp-content\/uploads\/2024\/06\/cropped-9ABA8BAD-6256-4719-9315-15C66E64E882.png\",\"contentUrl\":\"https:\/\/orthopara.store\/wp-content\/uploads\/2024\/06\/cropped-9ABA8BAD-6256-4719-9315-15C66E64E882.png\",\"width\":240,\"height\":72,\"caption\":\"OrthoPara\"},\"image\":{\"@id\":\"https:\/\/orthopara.store\/#\/schema\/logo\/image\/\"},\"sameAs\":[\"https:\/\/www.facebook.com\/profile.php?id=61561194315651\",\"https:\/\/www.instagram.com\/orthopara_tunisie\/\"]}]}<\/script>\n<!-- \/ Yoast SEO plugin. -->","yoast_head_json":{"title":"Flash \u00e9clat mousse nettoyante - Novexpert -150ml - OrthoPara","robots":{"index":"index","follow":"follow","max-snippet":"max-snippet:-1","max-image-preview":"max-image-preview:large","max-video-preview":"max-video-preview:-1"},"canonical":"https:\/\/orthopara.store\/index.php\/produit\/flash-eclat-mousse-nettoyante-novexpert-150ml\/","og_locale":"fr_FR","og_type":"article","og_title":"Flash \u00e9clat mousse nettoyante - Novexpert -150ml - OrthoPara","og_description":"Novexpert\u00a0 Flash \u00e9clat mousse nettoyante Compos\u00e9e de vitamine C, de zinc et d'extrait de papaye, la Mousse Nettoyante Flash \u00c9clat\u00a0Novexpert nettoie et lisse le grain de peau en douceur.\u00a0 contenance : 150 ml DLC : 12 mois apr\u00e8s l'ouverture du produit","og_url":"https:\/\/orthopara.store\/index.php\/produit\/flash-eclat-mousse-nettoyante-novexpert-150ml\/","og_site_name":"OrthoPara","article_publisher":"https:\/\/www.facebook.com\/profile.php?id=61561194315651","article_modified_time":"2024-06-28T13:51:44+00:00","og_image":[{"width":800,"height":800,"url":"https:\/\/orthopara.store\/wp-content\/uploads\/2024\/06\/flash-eclat-mousse-nettoyante-novexpert-150ml.jpg","type":"image\/jpeg"}],"twitter_card":"summary_large_image","twitter_misc":{"Dur\u00e9e de lecture estim\u00e9e":"1 minute"},"schema":{"@context":"https:\/\/schema.org","@graph":[{"@type":"WebPage","@id":"https:\/\/orthopara.store\/index.php\/produit\/flash-eclat-mousse-nettoyante-novexpert-150ml\/","url":"https:\/\/orthopara.store\/index.php\/produit\/flash-eclat-mousse-nettoyante-novexpert-150ml\/","name":"Flash \u00e9clat mousse nettoyante - Novexpert -150ml - OrthoPara","isPartOf":{"@id":"https:\/\/orthopara.store\/#website"},"primaryImageOfPage":{"@id":"https:\/\/orthopara.store\/index.php\/produit\/flash-eclat-mousse-nettoyante-novexpert-150ml\/#primaryimage"},"image":{"@id":"https:\/\/orthopara.store\/index.php\/produit\/flash-eclat-mousse-nettoyante-novexpert-150ml\/#primaryimage"},"thumbnailUrl":"https:\/\/orthopara.store\/wp-content\/uploads\/2024\/06\/flash-eclat-mousse-nettoyante-novexpert-150ml.jpg","datePublished":"2024-06-28T13:51:33+00:00","dateModified":"2024-06-28T13:51:44+00:00","breadcrumb":{"@id":"https:\/\/orthopara.store\/index.php\/produit\/flash-eclat-mousse-nettoyante-novexpert-150ml\/#breadcrumb"},"inLanguage":"fr-FR","potentialAction":[{"@type":"ReadAction","target":["https:\/\/orthopara.store\/index.php\/produit\/flash-eclat-mousse-nettoyante-novexpert-150ml\/"]}]},{"@type":"ImageObject","inLanguage":"fr-FR","@id":"https:\/\/orthopara.store\/index.php\/produit\/flash-eclat-mousse-nettoyante-novexpert-150ml\/#primaryimage","url":"https:\/\/orthopara.store\/wp-content\/uploads\/2024\/06\/flash-eclat-mousse-nettoyante-novexpert-150ml.jpg","contentUrl":"https:\/\/orthopara.store\/wp-content\/uploads\/2024\/06\/flash-eclat-mousse-nettoyante-novexpert-150ml.jpg","width":800,"height":800},{"@type":"BreadcrumbList","@id":"https:\/\/orthopara.store\/index.php\/produit\/flash-eclat-mousse-nettoyante-novexpert-150ml\/#breadcrumb","itemListElement":[{"@type":"ListItem","position":1,"name":"Accueil","item":"https:\/\/orthopara.store\/"},{"@type":"ListItem","position":2,"name":"Shop","item":"https:\/\/orthopara.store\/?page_id=622"},{"@type":"ListItem","position":3,"name":"Flash \u00e9clat mousse nettoyante &#8211; Novexpert -150ml"}]},{"@type":"WebSite","@id":"https:\/\/orthopara.store\/#website","url":"https:\/\/orthopara.store\/","name":"OrthoPara","description":"Parapharmacie","publisher":{"@id":"https:\/\/orthopara.store\/#organization"},"potentialAction":[{"@type":"SearchAction","target":{"@type":"EntryPoint","urlTemplate":"https:\/\/orthopara.store\/?s={search_term_string}"},"query-input":"required name=search_term_string"}],"inLanguage":"fr-FR"},{"@type":"Organization","@id":"https:\/\/orthopara.store\/#organization","name":"OrthoPara","url":"https:\/\/orthopara.store\/","logo":{"@type":"ImageObject","inLanguage":"fr-FR","@id":"https:\/\/orthopara.store\/#\/schema\/logo\/image\/","url":"https:\/\/orthopara.store\/wp-content\/uploads\/2024\/06\/cropped-9ABA8BAD-6256-4719-9315-15C66E64E882.png","contentUrl":"https:\/\/orthopara.store\/wp-content\/uploads\/2024\/06\/cropped-9ABA8BAD-6256-4719-9315-15C66E64E882.png","width":240,"height":72,"caption":"OrthoPara"},"image":{"@id":"https:\/\/orthopara.store\/#\/schema\/logo\/image\/"},"sameAs":["https:\/\/www.facebook.com\/profile.php?id=61561194315651","https:\/\/www.instagram.com\/orthopara_tunisie\/"]}]}},"jetpack_sharing_enabled":true,"brands":[{"id":77,"name":"Novexpert","slug":"novexpert"}],"_links":{"self":[{"href":"https:\/\/orthopara.store\/index.php?rest_route=\/wp\/v2\/product\/1094","targetHints":{"allow":["GET"]}}],"collection":[{"href":"https:\/\/orthopara.store\/index.php?rest_route=\/wp\/v2\/product"}],"about":[{"href":"https:\/\/orthopara.store\/index.php?rest_route=\/wp\/v2\/types\/product"}],"replies":[{"embeddable":true,"href":"https:\/\/orthopara.store\/index.php?rest_route=%2Fwp%2Fv2%2Fcomments&post=1094"}],"wp:featuredmedia":[{"embeddable":true,"href":"https:\/\/orthopara.store\/index.php?rest_route=\/wp\/v2\/media\/1121"}],"wp:attachment":[{"href":"https:\/\/orthopara.store\/index.php?rest_route=%2Fwp%2Fv2%2Fmedia&parent=1094"}],"wp:term":[{"taxonomy":"pwb-brand","embeddable":true,"href":"https:\/\/orthopara.store\/index.php?rest_route=%2Fwp%2Fv2%2Fpwb-brand&post=1094"},{"taxonomy":"product_cat","embeddable":true,"href":"https:\/\/orthopara.store\/index.php?rest_route=%2Fwp%2Fv2%2Fproduct_cat&post=1094"},{"taxonomy":"product_tag","embeddable":true,"href":"https:\/\/orthopara.store\/index.php?rest_route=%2Fwp%2Fv2%2Fproduct_tag&post=1094"}],"curies":[{"name":"wp","href":"https:\/\/api.w.org\/{rel}","templated":true}]}}