{"id":1095,"date":"2024-06-28T15:51:33","date_gmt":"2024-06-28T13:51:33","guid":{"rendered":"https:\/\/orthopara.store\/?post_type=product&#038;p=1095"},"modified":"2024-11-04T17:11:09","modified_gmt":"2024-11-04T16:11:09","slug":"gluta-light-eclaircissant-anti-age-14-batonnets-de-10ml","status":"publish","type":"product","link":"https:\/\/orthopara.store\/?product=gluta-light-eclaircissant-anti-age-14-batonnets-de-10ml","title":{"rendered":"Gluta Light  Eclaircissant &#038; Anti-\u00e2ge &#8211; 14 b\u00e2tonnets de 10ml"},"content":{"rendered":"<p>Une combinaison de collag\u00e8ne, d&rsquo;extraits naturels, de vitamines et de min\u00e9raux aux effets b\u00e9n\u00e9fiques pour une peau saine et l\u00e9g\u00e8re. Le glutathion a des propri\u00e9t\u00e9s anti-oxydants tr\u00e8s puissantes, et est couramment utilis\u00e9 pour \u00e9claircir la peau. Le stress oxydatif est le r\u00e9sultat des radicaux libres et est responsables du vieillissement des cellules, ce qui rend la peau brillante et augmente sa fermet\u00e9. Le th\u00e9 vert aide \u00e0 prot\u00e9ger la peau des dommages oxydatifs, avec des propri\u00e9t\u00e9s d\u00e9pigmentantes. Le zinc, le collag\u00e8ne hydrolys\u00e9, la vitamine C, la vitamine E, la vitamine B2, la biotine sont des puissants antioxydants qui agissent contre les radicaux libres acc\u00e9l\u00e9rant le vieillissement. La vitamine B3 inhibe la synth\u00e8se de la m\u00e9lanine, rendent la peau plus claire.<br \/>\nMode d&#8217;emploi :\u00a0<br \/>\n1 stick = 10 ml\u00a0<br \/>\n1 stick par jour<br \/>\nUtiliser pendant au mois 1 mois pour un effet optimal.<br \/>\nCure de 3 mois et renouvellement apr\u00e8s un mois d&rsquo;arr\u00eat.\u00a0<br \/>\nContenance :<br \/>\n14 b\u00e2tonnets de 10ml\u00a0<\/p>\n","protected":false},"excerpt":{"rendered":"<p>Compl\u00e9ment alimentaire \u00e9claircissant &#038; anti-\u00e2ge<br \/>\nL&rsquo;antioxydant qui illumine la peau\u00a0<br \/>\nDLC : 03\/2026<\/p>\n","protected":false},"featured_media":1122,"comment_status":"open","ping_status":"closed","template":"","meta":[],"pwb-brand":[127],"product_cat":[125],"product_tag":[],"class_list":{"0":"post-1095","1":"product","2":"type-product","3":"status-publish","4":"has-post-thumbnail","6":"pwb-brand-masenz-pharma-international","7":"product_cat-soins-anti-taches","8":"post","9":"ws-product--style-1","11":"first","12":"instock","13":"shipping-taxable","14":"purchasable","15":"product-type-simple"},"yoast_head":"<!-- This site is optimized with the Yoast SEO plugin v23.0 - https:\/\/yoast.com\/wordpress\/plugins\/seo\/ -->\n<title>Gluta Light Eclaircissant &amp; Anti-\u00e2ge - 14 b\u00e2tonnets de 10ml - OrthoPara<\/title>\n<meta name=\"robots\" content=\"index, follow, max-snippet:-1, max-image-preview:large, max-video-preview:-1\" \/>\n<link rel=\"canonical\" href=\"https:\/\/orthopara.store\/index.php\/produit\/gluta-light-eclaircissant-anti-age-14-batonnets-de-10ml\/\" \/>\n<meta property=\"og:locale\" content=\"fr_FR\" \/>\n<meta property=\"og:type\" content=\"article\" \/>\n<meta property=\"og:title\" content=\"Gluta Light Eclaircissant &amp; Anti-\u00e2ge - 14 b\u00e2tonnets de 10ml - OrthoPara\" \/>\n<meta property=\"og:description\" content=\"Compl\u00e9ment alimentaire \u00e9claircissant &amp; anti-\u00e2ge L&#039;antioxydant qui illumine la peau\u00a0 DLC : 03\/2026\" \/>\n<meta property=\"og:url\" content=\"https:\/\/orthopara.store\/index.php\/produit\/gluta-light-eclaircissant-anti-age-14-batonnets-de-10ml\/\" \/>\n<meta property=\"og:site_name\" content=\"OrthoPara\" \/>\n<meta property=\"article:publisher\" content=\"https:\/\/www.facebook.com\/profile.php?id=61561194315651\" \/>\n<meta property=\"article:modified_time\" content=\"2024-11-04T16:11:09+00:00\" \/>\n<meta property=\"og:image\" content=\"https:\/\/orthopara.store\/wp-content\/uploads\/2024\/06\/gluta-light-eclaircissant-anti-age-14-batonnets-de-10ml.jpg\" \/>\n\t<meta property=\"og:image:width\" content=\"800\" \/>\n\t<meta property=\"og:image:height\" content=\"800\" \/>\n\t<meta property=\"og:image:type\" content=\"image\/jpeg\" \/>\n<meta name=\"twitter:card\" content=\"summary_large_image\" \/>\n<meta name=\"twitter:label1\" content=\"Dur\u00e9e de lecture estim\u00e9e\" \/>\n\t<meta name=\"twitter:data1\" content=\"1 minute\" \/>\n<script type=\"application\/ld+json\" class=\"yoast-schema-graph\">{\"@context\":\"https:\/\/schema.org\",\"@graph\":[{\"@type\":\"WebPage\",\"@id\":\"https:\/\/orthopara.store\/index.php\/produit\/gluta-light-eclaircissant-anti-age-14-batonnets-de-10ml\/\",\"url\":\"https:\/\/orthopara.store\/index.php\/produit\/gluta-light-eclaircissant-anti-age-14-batonnets-de-10ml\/\",\"name\":\"Gluta Light Eclaircissant & Anti-\u00e2ge - 14 b\u00e2tonnets de 10ml - OrthoPara\",\"isPartOf\":{\"@id\":\"https:\/\/orthopara.store\/#website\"},\"primaryImageOfPage\":{\"@id\":\"https:\/\/orthopara.store\/index.php\/produit\/gluta-light-eclaircissant-anti-age-14-batonnets-de-10ml\/#primaryimage\"},\"image\":{\"@id\":\"https:\/\/orthopara.store\/index.php\/produit\/gluta-light-eclaircissant-anti-age-14-batonnets-de-10ml\/#primaryimage\"},\"thumbnailUrl\":\"https:\/\/orthopara.store\/wp-content\/uploads\/2024\/06\/gluta-light-eclaircissant-anti-age-14-batonnets-de-10ml.jpg\",\"datePublished\":\"2024-06-28T13:51:33+00:00\",\"dateModified\":\"2024-11-04T16:11:09+00:00\",\"breadcrumb\":{\"@id\":\"https:\/\/orthopara.store\/index.php\/produit\/gluta-light-eclaircissant-anti-age-14-batonnets-de-10ml\/#breadcrumb\"},\"inLanguage\":\"fr-FR\",\"potentialAction\":[{\"@type\":\"ReadAction\",\"target\":[\"https:\/\/orthopara.store\/index.php\/produit\/gluta-light-eclaircissant-anti-age-14-batonnets-de-10ml\/\"]}]},{\"@type\":\"ImageObject\",\"inLanguage\":\"fr-FR\",\"@id\":\"https:\/\/orthopara.store\/index.php\/produit\/gluta-light-eclaircissant-anti-age-14-batonnets-de-10ml\/#primaryimage\",\"url\":\"https:\/\/orthopara.store\/wp-content\/uploads\/2024\/06\/gluta-light-eclaircissant-anti-age-14-batonnets-de-10ml.jpg\",\"contentUrl\":\"https:\/\/orthopara.store\/wp-content\/uploads\/2024\/06\/gluta-light-eclaircissant-anti-age-14-batonnets-de-10ml.jpg\",\"width\":800,\"height\":800},{\"@type\":\"BreadcrumbList\",\"@id\":\"https:\/\/orthopara.store\/index.php\/produit\/gluta-light-eclaircissant-anti-age-14-batonnets-de-10ml\/#breadcrumb\",\"itemListElement\":[{\"@type\":\"ListItem\",\"position\":1,\"name\":\"Accueil\",\"item\":\"https:\/\/orthopara.store\/\"},{\"@type\":\"ListItem\",\"position\":2,\"name\":\"Shop\",\"item\":\"https:\/\/orthopara.store\/?page_id=622\"},{\"@type\":\"ListItem\",\"position\":3,\"name\":\"Gluta Light Eclaircissant &#038; Anti-\u00e2ge &#8211; 14 b\u00e2tonnets de 10ml\"}]},{\"@type\":\"WebSite\",\"@id\":\"https:\/\/orthopara.store\/#website\",\"url\":\"https:\/\/orthopara.store\/\",\"name\":\"OrthoPara\",\"description\":\"Parapharmacie\",\"publisher\":{\"@id\":\"https:\/\/orthopara.store\/#organization\"},\"potentialAction\":[{\"@type\":\"SearchAction\",\"target\":{\"@type\":\"EntryPoint\",\"urlTemplate\":\"https:\/\/orthopara.store\/?s={search_term_string}\"},\"query-input\":\"required name=search_term_string\"}],\"inLanguage\":\"fr-FR\"},{\"@type\":\"Organization\",\"@id\":\"https:\/\/orthopara.store\/#organization\",\"name\":\"OrthoPara\",\"url\":\"https:\/\/orthopara.store\/\",\"logo\":{\"@type\":\"ImageObject\",\"inLanguage\":\"fr-FR\",\"@id\":\"https:\/\/orthopara.store\/#\/schema\/logo\/image\/\",\"url\":\"https:\/\/orthopara.store\/wp-content\/uploads\/2024\/06\/cropped-9ABA8BAD-6256-4719-9315-15C66E64E882.png\",\"contentUrl\":\"https:\/\/orthopara.store\/wp-content\/uploads\/2024\/06\/cropped-9ABA8BAD-6256-4719-9315-15C66E64E882.png\",\"width\":240,\"height\":72,\"caption\":\"OrthoPara\"},\"image\":{\"@id\":\"https:\/\/orthopara.store\/#\/schema\/logo\/image\/\"},\"sameAs\":[\"https:\/\/www.facebook.com\/profile.php?id=61561194315651\",\"https:\/\/www.instagram.com\/orthopara_tunisie\/\"]}]}<\/script>\n<!-- \/ Yoast SEO plugin. -->","yoast_head_json":{"title":"Gluta Light Eclaircissant & Anti-\u00e2ge - 14 b\u00e2tonnets de 10ml - OrthoPara","robots":{"index":"index","follow":"follow","max-snippet":"max-snippet:-1","max-image-preview":"max-image-preview:large","max-video-preview":"max-video-preview:-1"},"canonical":"https:\/\/orthopara.store\/index.php\/produit\/gluta-light-eclaircissant-anti-age-14-batonnets-de-10ml\/","og_locale":"fr_FR","og_type":"article","og_title":"Gluta Light Eclaircissant & Anti-\u00e2ge - 14 b\u00e2tonnets de 10ml - OrthoPara","og_description":"Compl\u00e9ment alimentaire \u00e9claircissant & anti-\u00e2ge L'antioxydant qui illumine la peau\u00a0 DLC : 03\/2026","og_url":"https:\/\/orthopara.store\/index.php\/produit\/gluta-light-eclaircissant-anti-age-14-batonnets-de-10ml\/","og_site_name":"OrthoPara","article_publisher":"https:\/\/www.facebook.com\/profile.php?id=61561194315651","article_modified_time":"2024-11-04T16:11:09+00:00","og_image":[{"width":800,"height":800,"url":"https:\/\/orthopara.store\/wp-content\/uploads\/2024\/06\/gluta-light-eclaircissant-anti-age-14-batonnets-de-10ml.jpg","type":"image\/jpeg"}],"twitter_card":"summary_large_image","twitter_misc":{"Dur\u00e9e de lecture estim\u00e9e":"1 minute"},"schema":{"@context":"https:\/\/schema.org","@graph":[{"@type":"WebPage","@id":"https:\/\/orthopara.store\/index.php\/produit\/gluta-light-eclaircissant-anti-age-14-batonnets-de-10ml\/","url":"https:\/\/orthopara.store\/index.php\/produit\/gluta-light-eclaircissant-anti-age-14-batonnets-de-10ml\/","name":"Gluta Light Eclaircissant & Anti-\u00e2ge - 14 b\u00e2tonnets de 10ml - OrthoPara","isPartOf":{"@id":"https:\/\/orthopara.store\/#website"},"primaryImageOfPage":{"@id":"https:\/\/orthopara.store\/index.php\/produit\/gluta-light-eclaircissant-anti-age-14-batonnets-de-10ml\/#primaryimage"},"image":{"@id":"https:\/\/orthopara.store\/index.php\/produit\/gluta-light-eclaircissant-anti-age-14-batonnets-de-10ml\/#primaryimage"},"thumbnailUrl":"https:\/\/orthopara.store\/wp-content\/uploads\/2024\/06\/gluta-light-eclaircissant-anti-age-14-batonnets-de-10ml.jpg","datePublished":"2024-06-28T13:51:33+00:00","dateModified":"2024-11-04T16:11:09+00:00","breadcrumb":{"@id":"https:\/\/orthopara.store\/index.php\/produit\/gluta-light-eclaircissant-anti-age-14-batonnets-de-10ml\/#breadcrumb"},"inLanguage":"fr-FR","potentialAction":[{"@type":"ReadAction","target":["https:\/\/orthopara.store\/index.php\/produit\/gluta-light-eclaircissant-anti-age-14-batonnets-de-10ml\/"]}]},{"@type":"ImageObject","inLanguage":"fr-FR","@id":"https:\/\/orthopara.store\/index.php\/produit\/gluta-light-eclaircissant-anti-age-14-batonnets-de-10ml\/#primaryimage","url":"https:\/\/orthopara.store\/wp-content\/uploads\/2024\/06\/gluta-light-eclaircissant-anti-age-14-batonnets-de-10ml.jpg","contentUrl":"https:\/\/orthopara.store\/wp-content\/uploads\/2024\/06\/gluta-light-eclaircissant-anti-age-14-batonnets-de-10ml.jpg","width":800,"height":800},{"@type":"BreadcrumbList","@id":"https:\/\/orthopara.store\/index.php\/produit\/gluta-light-eclaircissant-anti-age-14-batonnets-de-10ml\/#breadcrumb","itemListElement":[{"@type":"ListItem","position":1,"name":"Accueil","item":"https:\/\/orthopara.store\/"},{"@type":"ListItem","position":2,"name":"Shop","item":"https:\/\/orthopara.store\/?page_id=622"},{"@type":"ListItem","position":3,"name":"Gluta Light Eclaircissant &#038; Anti-\u00e2ge &#8211; 14 b\u00e2tonnets de 10ml"}]},{"@type":"WebSite","@id":"https:\/\/orthopara.store\/#website","url":"https:\/\/orthopara.store\/","name":"OrthoPara","description":"Parapharmacie","publisher":{"@id":"https:\/\/orthopara.store\/#organization"},"potentialAction":[{"@type":"SearchAction","target":{"@type":"EntryPoint","urlTemplate":"https:\/\/orthopara.store\/?s={search_term_string}"},"query-input":"required name=search_term_string"}],"inLanguage":"fr-FR"},{"@type":"Organization","@id":"https:\/\/orthopara.store\/#organization","name":"OrthoPara","url":"https:\/\/orthopara.store\/","logo":{"@type":"ImageObject","inLanguage":"fr-FR","@id":"https:\/\/orthopara.store\/#\/schema\/logo\/image\/","url":"https:\/\/orthopara.store\/wp-content\/uploads\/2024\/06\/cropped-9ABA8BAD-6256-4719-9315-15C66E64E882.png","contentUrl":"https:\/\/orthopara.store\/wp-content\/uploads\/2024\/06\/cropped-9ABA8BAD-6256-4719-9315-15C66E64E882.png","width":240,"height":72,"caption":"OrthoPara"},"image":{"@id":"https:\/\/orthopara.store\/#\/schema\/logo\/image\/"},"sameAs":["https:\/\/www.facebook.com\/profile.php?id=61561194315651","https:\/\/www.instagram.com\/orthopara_tunisie\/"]}]}},"jetpack_sharing_enabled":true,"brands":[{"id":127,"name":"Masenz Pharma International","slug":"masenz-pharma-international"}],"_links":{"self":[{"href":"https:\/\/orthopara.store\/index.php?rest_route=\/wp\/v2\/product\/1095","targetHints":{"allow":["GET"]}}],"collection":[{"href":"https:\/\/orthopara.store\/index.php?rest_route=\/wp\/v2\/product"}],"about":[{"href":"https:\/\/orthopara.store\/index.php?rest_route=\/wp\/v2\/types\/product"}],"replies":[{"embeddable":true,"href":"https:\/\/orthopara.store\/index.php?rest_route=%2Fwp%2Fv2%2Fcomments&post=1095"}],"wp:featuredmedia":[{"embeddable":true,"href":"https:\/\/orthopara.store\/index.php?rest_route=\/wp\/v2\/media\/1122"}],"wp:attachment":[{"href":"https:\/\/orthopara.store\/index.php?rest_route=%2Fwp%2Fv2%2Fmedia&parent=1095"}],"wp:term":[{"taxonomy":"pwb-brand","embeddable":true,"href":"https:\/\/orthopara.store\/index.php?rest_route=%2Fwp%2Fv2%2Fpwb-brand&post=1095"},{"taxonomy":"product_cat","embeddable":true,"href":"https:\/\/orthopara.store\/index.php?rest_route=%2Fwp%2Fv2%2Fproduct_cat&post=1095"},{"taxonomy":"product_tag","embeddable":true,"href":"https:\/\/orthopara.store\/index.php?rest_route=%2Fwp%2Fv2%2Fproduct_tag&post=1095"}],"curies":[{"name":"wp","href":"https:\/\/api.w.org\/{rel}","templated":true}]}}