{"id":1136,"date":"2024-06-28T15:51:47","date_gmt":"2024-06-28T13:51:47","guid":{"rendered":"https:\/\/orthopara.store\/?post_type=product&#038;p=1136"},"modified":"2024-06-28T15:51:56","modified_gmt":"2024-06-28T13:51:56","slug":"pack-alania-purete-vitamine-c-serum-duo-visage-30ml","status":"publish","type":"product","link":"https:\/\/orthopara.store\/?product=pack-alania-purete-vitamine-c-serum-duo-visage-30ml","title":{"rendered":"Pack Alania purete+ vitamine c &#8211; s\u00e9rum duo visage &#8211; 30ml"},"content":{"rendered":"<p>Pack Alania purete+ vitamine c &#8211; s\u00e9rum duo visage &#8211; 30ml<br \/>\nALANIA PURETE+ VITAMINE C SERUM DUO se compose de :\u00a0<br \/>\nLe s\u00e9rum d\u2019eau PURETE + (30mL) illumine et nourrit votre peau en profondeur. Sa texture l\u00e9g\u00e8re apporte lumi\u00e8re et hydratation \u00e0 votre teint. Le concentr\u00e9 de VITAMINE C (12mL): Le booster d\u2019\u00e9clat PURETE + lifte et illumine votre peau. Sa formule concentr\u00e9e en vitamine C permet un effet bonne mine instantan\u00e9 et un r\u00e9sultat durable.<br \/>\nConseil d\u2019utilisation :\u00a0<br \/>\nMatin\u00a0:<br \/>\nIl est recommand\u00e9 d&rsquo;appliquer le s\u00e9rum d\u2019eau sur le visage et le cou nettoy\u00e9s.\u00a0<br \/>\nSoir\u00a0:<br \/>\nIl est recommand\u00e9 de m\u00e9langer dans la paume de la main une goutte de booster vitamine C avec deux gouttes de s\u00e9rum d\u2019eau.\u00a0 Cette synergie apportera un coup d\u2019\u00e9clat et une hydratation instantan\u00e9s.<br \/>\nAppliquer sur le visage et le cou nettoy\u00e9s, seul ou avant votre soin quotidien.\u00a0<\/p>\n","protected":false},"excerpt":{"rendered":"<p>Pack Alania purete+ vitamine c<br \/>\nNourrit, illumine et r\u00e9pare la peau ab\u00eem\u00e9e<br \/>\nAntioxydant, skin booster et tonifiant<br \/>\nLutte contre le vieillissement cutan\u00e9, effet liftant<br \/>\nEffet bonne mine instantan\u00e9 avec un effet durable<br \/>\nDLC 2024<\/p>\n","protected":false},"featured_media":1159,"comment_status":"open","ping_status":"closed","template":"","meta":[],"pwb-brand":[135],"product_cat":[125],"product_tag":[],"class_list":{"0":"post-1136","1":"product","2":"type-product","3":"status-publish","4":"has-post-thumbnail","6":"pwb-brand-alania","7":"product_cat-soins-anti-taches","8":"post","9":"ws-product--style-1","11":"first","12":"instock","13":"shipping-taxable","14":"purchasable","15":"product-type-simple"},"yoast_head":"<!-- This site is optimized with the Yoast SEO plugin v23.0 - https:\/\/yoast.com\/wordpress\/plugins\/seo\/ -->\n<title>Pack Alania purete+ vitamine c - s\u00e9rum duo visage - 30ml - OrthoPara<\/title>\n<meta name=\"robots\" content=\"index, follow, max-snippet:-1, max-image-preview:large, max-video-preview:-1\" \/>\n<link rel=\"canonical\" href=\"https:\/\/orthopara.store\/index.php\/produit\/pack-alania-purete-vitamine-c-serum-duo-visage-30ml\/\" \/>\n<meta property=\"og:locale\" content=\"fr_FR\" \/>\n<meta property=\"og:type\" content=\"article\" \/>\n<meta property=\"og:title\" content=\"Pack Alania purete+ vitamine c - s\u00e9rum duo visage - 30ml - OrthoPara\" \/>\n<meta property=\"og:description\" content=\"Pack Alania purete+ vitamine c Nourrit, illumine et r\u00e9pare la peau ab\u00eem\u00e9e Antioxydant, skin booster et tonifiant Lutte contre le vieillissement cutan\u00e9, effet liftant Effet bonne mine instantan\u00e9 avec un effet durable DLC 2024\" \/>\n<meta property=\"og:url\" content=\"https:\/\/orthopara.store\/index.php\/produit\/pack-alania-purete-vitamine-c-serum-duo-visage-30ml\/\" \/>\n<meta property=\"og:site_name\" content=\"OrthoPara\" \/>\n<meta property=\"article:publisher\" content=\"https:\/\/www.facebook.com\/profile.php?id=61561194315651\" \/>\n<meta property=\"article:modified_time\" content=\"2024-06-28T13:51:56+00:00\" \/>\n<meta property=\"og:image\" content=\"https:\/\/orthopara.store\/wp-content\/uploads\/2024\/06\/pack-alania-purete-vitamine-c-serum-duo-visage-30ml.jpg\" \/>\n\t<meta property=\"og:image:width\" content=\"800\" \/>\n\t<meta property=\"og:image:height\" content=\"800\" \/>\n\t<meta property=\"og:image:type\" content=\"image\/jpeg\" \/>\n<meta name=\"twitter:card\" content=\"summary_large_image\" \/>\n<meta name=\"twitter:label1\" content=\"Dur\u00e9e de lecture estim\u00e9e\" \/>\n\t<meta name=\"twitter:data1\" content=\"1 minute\" \/>\n<script type=\"application\/ld+json\" class=\"yoast-schema-graph\">{\"@context\":\"https:\/\/schema.org\",\"@graph\":[{\"@type\":\"WebPage\",\"@id\":\"https:\/\/orthopara.store\/index.php\/produit\/pack-alania-purete-vitamine-c-serum-duo-visage-30ml\/\",\"url\":\"https:\/\/orthopara.store\/index.php\/produit\/pack-alania-purete-vitamine-c-serum-duo-visage-30ml\/\",\"name\":\"Pack Alania purete+ vitamine c - s\u00e9rum duo visage - 30ml - OrthoPara\",\"isPartOf\":{\"@id\":\"https:\/\/orthopara.store\/#website\"},\"primaryImageOfPage\":{\"@id\":\"https:\/\/orthopara.store\/index.php\/produit\/pack-alania-purete-vitamine-c-serum-duo-visage-30ml\/#primaryimage\"},\"image\":{\"@id\":\"https:\/\/orthopara.store\/index.php\/produit\/pack-alania-purete-vitamine-c-serum-duo-visage-30ml\/#primaryimage\"},\"thumbnailUrl\":\"https:\/\/orthopara.store\/wp-content\/uploads\/2024\/06\/pack-alania-purete-vitamine-c-serum-duo-visage-30ml.jpg\",\"datePublished\":\"2024-06-28T13:51:47+00:00\",\"dateModified\":\"2024-06-28T13:51:56+00:00\",\"breadcrumb\":{\"@id\":\"https:\/\/orthopara.store\/index.php\/produit\/pack-alania-purete-vitamine-c-serum-duo-visage-30ml\/#breadcrumb\"},\"inLanguage\":\"fr-FR\",\"potentialAction\":[{\"@type\":\"ReadAction\",\"target\":[\"https:\/\/orthopara.store\/index.php\/produit\/pack-alania-purete-vitamine-c-serum-duo-visage-30ml\/\"]}]},{\"@type\":\"ImageObject\",\"inLanguage\":\"fr-FR\",\"@id\":\"https:\/\/orthopara.store\/index.php\/produit\/pack-alania-purete-vitamine-c-serum-duo-visage-30ml\/#primaryimage\",\"url\":\"https:\/\/orthopara.store\/wp-content\/uploads\/2024\/06\/pack-alania-purete-vitamine-c-serum-duo-visage-30ml.jpg\",\"contentUrl\":\"https:\/\/orthopara.store\/wp-content\/uploads\/2024\/06\/pack-alania-purete-vitamine-c-serum-duo-visage-30ml.jpg\",\"width\":800,\"height\":800},{\"@type\":\"BreadcrumbList\",\"@id\":\"https:\/\/orthopara.store\/index.php\/produit\/pack-alania-purete-vitamine-c-serum-duo-visage-30ml\/#breadcrumb\",\"itemListElement\":[{\"@type\":\"ListItem\",\"position\":1,\"name\":\"Accueil\",\"item\":\"https:\/\/orthopara.store\/\"},{\"@type\":\"ListItem\",\"position\":2,\"name\":\"Shop\",\"item\":\"https:\/\/orthopara.store\/?page_id=622\"},{\"@type\":\"ListItem\",\"position\":3,\"name\":\"Pack Alania purete+ vitamine c &#8211; s\u00e9rum duo visage &#8211; 30ml\"}]},{\"@type\":\"WebSite\",\"@id\":\"https:\/\/orthopara.store\/#website\",\"url\":\"https:\/\/orthopara.store\/\",\"name\":\"OrthoPara\",\"description\":\"Parapharmacie\",\"publisher\":{\"@id\":\"https:\/\/orthopara.store\/#organization\"},\"potentialAction\":[{\"@type\":\"SearchAction\",\"target\":{\"@type\":\"EntryPoint\",\"urlTemplate\":\"https:\/\/orthopara.store\/?s={search_term_string}\"},\"query-input\":\"required name=search_term_string\"}],\"inLanguage\":\"fr-FR\"},{\"@type\":\"Organization\",\"@id\":\"https:\/\/orthopara.store\/#organization\",\"name\":\"OrthoPara\",\"url\":\"https:\/\/orthopara.store\/\",\"logo\":{\"@type\":\"ImageObject\",\"inLanguage\":\"fr-FR\",\"@id\":\"https:\/\/orthopara.store\/#\/schema\/logo\/image\/\",\"url\":\"https:\/\/orthopara.store\/wp-content\/uploads\/2024\/06\/cropped-9ABA8BAD-6256-4719-9315-15C66E64E882.png\",\"contentUrl\":\"https:\/\/orthopara.store\/wp-content\/uploads\/2024\/06\/cropped-9ABA8BAD-6256-4719-9315-15C66E64E882.png\",\"width\":240,\"height\":72,\"caption\":\"OrthoPara\"},\"image\":{\"@id\":\"https:\/\/orthopara.store\/#\/schema\/logo\/image\/\"},\"sameAs\":[\"https:\/\/www.facebook.com\/profile.php?id=61561194315651\",\"https:\/\/www.instagram.com\/orthopara_tunisie\/\"]}]}<\/script>\n<!-- \/ Yoast SEO plugin. -->","yoast_head_json":{"title":"Pack Alania purete+ vitamine c - s\u00e9rum duo visage - 30ml - OrthoPara","robots":{"index":"index","follow":"follow","max-snippet":"max-snippet:-1","max-image-preview":"max-image-preview:large","max-video-preview":"max-video-preview:-1"},"canonical":"https:\/\/orthopara.store\/index.php\/produit\/pack-alania-purete-vitamine-c-serum-duo-visage-30ml\/","og_locale":"fr_FR","og_type":"article","og_title":"Pack Alania purete+ vitamine c - s\u00e9rum duo visage - 30ml - OrthoPara","og_description":"Pack Alania purete+ vitamine c Nourrit, illumine et r\u00e9pare la peau ab\u00eem\u00e9e Antioxydant, skin booster et tonifiant Lutte contre le vieillissement cutan\u00e9, effet liftant Effet bonne mine instantan\u00e9 avec un effet durable DLC 2024","og_url":"https:\/\/orthopara.store\/index.php\/produit\/pack-alania-purete-vitamine-c-serum-duo-visage-30ml\/","og_site_name":"OrthoPara","article_publisher":"https:\/\/www.facebook.com\/profile.php?id=61561194315651","article_modified_time":"2024-06-28T13:51:56+00:00","og_image":[{"width":800,"height":800,"url":"https:\/\/orthopara.store\/wp-content\/uploads\/2024\/06\/pack-alania-purete-vitamine-c-serum-duo-visage-30ml.jpg","type":"image\/jpeg"}],"twitter_card":"summary_large_image","twitter_misc":{"Dur\u00e9e de lecture estim\u00e9e":"1 minute"},"schema":{"@context":"https:\/\/schema.org","@graph":[{"@type":"WebPage","@id":"https:\/\/orthopara.store\/index.php\/produit\/pack-alania-purete-vitamine-c-serum-duo-visage-30ml\/","url":"https:\/\/orthopara.store\/index.php\/produit\/pack-alania-purete-vitamine-c-serum-duo-visage-30ml\/","name":"Pack Alania purete+ vitamine c - s\u00e9rum duo visage - 30ml - OrthoPara","isPartOf":{"@id":"https:\/\/orthopara.store\/#website"},"primaryImageOfPage":{"@id":"https:\/\/orthopara.store\/index.php\/produit\/pack-alania-purete-vitamine-c-serum-duo-visage-30ml\/#primaryimage"},"image":{"@id":"https:\/\/orthopara.store\/index.php\/produit\/pack-alania-purete-vitamine-c-serum-duo-visage-30ml\/#primaryimage"},"thumbnailUrl":"https:\/\/orthopara.store\/wp-content\/uploads\/2024\/06\/pack-alania-purete-vitamine-c-serum-duo-visage-30ml.jpg","datePublished":"2024-06-28T13:51:47+00:00","dateModified":"2024-06-28T13:51:56+00:00","breadcrumb":{"@id":"https:\/\/orthopara.store\/index.php\/produit\/pack-alania-purete-vitamine-c-serum-duo-visage-30ml\/#breadcrumb"},"inLanguage":"fr-FR","potentialAction":[{"@type":"ReadAction","target":["https:\/\/orthopara.store\/index.php\/produit\/pack-alania-purete-vitamine-c-serum-duo-visage-30ml\/"]}]},{"@type":"ImageObject","inLanguage":"fr-FR","@id":"https:\/\/orthopara.store\/index.php\/produit\/pack-alania-purete-vitamine-c-serum-duo-visage-30ml\/#primaryimage","url":"https:\/\/orthopara.store\/wp-content\/uploads\/2024\/06\/pack-alania-purete-vitamine-c-serum-duo-visage-30ml.jpg","contentUrl":"https:\/\/orthopara.store\/wp-content\/uploads\/2024\/06\/pack-alania-purete-vitamine-c-serum-duo-visage-30ml.jpg","width":800,"height":800},{"@type":"BreadcrumbList","@id":"https:\/\/orthopara.store\/index.php\/produit\/pack-alania-purete-vitamine-c-serum-duo-visage-30ml\/#breadcrumb","itemListElement":[{"@type":"ListItem","position":1,"name":"Accueil","item":"https:\/\/orthopara.store\/"},{"@type":"ListItem","position":2,"name":"Shop","item":"https:\/\/orthopara.store\/?page_id=622"},{"@type":"ListItem","position":3,"name":"Pack Alania purete+ vitamine c &#8211; s\u00e9rum duo visage &#8211; 30ml"}]},{"@type":"WebSite","@id":"https:\/\/orthopara.store\/#website","url":"https:\/\/orthopara.store\/","name":"OrthoPara","description":"Parapharmacie","publisher":{"@id":"https:\/\/orthopara.store\/#organization"},"potentialAction":[{"@type":"SearchAction","target":{"@type":"EntryPoint","urlTemplate":"https:\/\/orthopara.store\/?s={search_term_string}"},"query-input":"required name=search_term_string"}],"inLanguage":"fr-FR"},{"@type":"Organization","@id":"https:\/\/orthopara.store\/#organization","name":"OrthoPara","url":"https:\/\/orthopara.store\/","logo":{"@type":"ImageObject","inLanguage":"fr-FR","@id":"https:\/\/orthopara.store\/#\/schema\/logo\/image\/","url":"https:\/\/orthopara.store\/wp-content\/uploads\/2024\/06\/cropped-9ABA8BAD-6256-4719-9315-15C66E64E882.png","contentUrl":"https:\/\/orthopara.store\/wp-content\/uploads\/2024\/06\/cropped-9ABA8BAD-6256-4719-9315-15C66E64E882.png","width":240,"height":72,"caption":"OrthoPara"},"image":{"@id":"https:\/\/orthopara.store\/#\/schema\/logo\/image\/"},"sameAs":["https:\/\/www.facebook.com\/profile.php?id=61561194315651","https:\/\/www.instagram.com\/orthopara_tunisie\/"]}]}},"jetpack_sharing_enabled":true,"brands":[{"id":135,"name":"Alania","slug":"alania"}],"_links":{"self":[{"href":"https:\/\/orthopara.store\/index.php?rest_route=\/wp\/v2\/product\/1136","targetHints":{"allow":["GET"]}}],"collection":[{"href":"https:\/\/orthopara.store\/index.php?rest_route=\/wp\/v2\/product"}],"about":[{"href":"https:\/\/orthopara.store\/index.php?rest_route=\/wp\/v2\/types\/product"}],"replies":[{"embeddable":true,"href":"https:\/\/orthopara.store\/index.php?rest_route=%2Fwp%2Fv2%2Fcomments&post=1136"}],"wp:featuredmedia":[{"embeddable":true,"href":"https:\/\/orthopara.store\/index.php?rest_route=\/wp\/v2\/media\/1159"}],"wp:attachment":[{"href":"https:\/\/orthopara.store\/index.php?rest_route=%2Fwp%2Fv2%2Fmedia&parent=1136"}],"wp:term":[{"taxonomy":"pwb-brand","embeddable":true,"href":"https:\/\/orthopara.store\/index.php?rest_route=%2Fwp%2Fv2%2Fpwb-brand&post=1136"},{"taxonomy":"product_cat","embeddable":true,"href":"https:\/\/orthopara.store\/index.php?rest_route=%2Fwp%2Fv2%2Fproduct_cat&post=1136"},{"taxonomy":"product_tag","embeddable":true,"href":"https:\/\/orthopara.store\/index.php?rest_route=%2Fwp%2Fv2%2Fproduct_tag&post=1136"}],"curies":[{"name":"wp","href":"https:\/\/api.w.org\/{rel}","templated":true}]}}