{"id":1175,"date":"2024-06-28T15:52:02","date_gmt":"2024-06-28T13:52:02","guid":{"rendered":"https:\/\/orthopara.store\/?post_type=product&#038;p=1175"},"modified":"2024-06-28T15:52:06","modified_gmt":"2024-06-28T13:52:06","slug":"lotion-corporelle-vitamine-c-kuora-400ml","status":"publish","type":"product","link":"https:\/\/orthopara.store\/?product=lotion-corporelle-vitamine-c-kuora-400ml","title":{"rendered":"Lotion corporelle vitamine C &#8211; Kuora &#8211; 400ml"},"content":{"rendered":"<p>Lotion corporelle vitamine C &#8211; Kuora &#8211; 400ml\u00a0<\/p>\n<p>La lotion convient \u00e0 la peau pr\u00e9sentant des signes mineurs de s\u00e9cheresse ainsi qu&rsquo;aux peaux ayant les plus grands besoins d&rsquo;hydratation.<br \/>\nLactate de sodium de haute efficacit\u00e9, adapt\u00e9 aux peaux tr\u00e8s d\u00e9shydrat\u00e9es et irritantes.<br \/>\nLa vitamine C en tant qu&rsquo;antioxydant intensifie la synth\u00e8se de collag\u00e8ne et fournit l&rsquo;\u00e9clat et la luminosit\u00e9 de la peau ainsi que la r\u00e9duction de l&rsquo;accumulation de m\u00e9lanine oxyd\u00e9e.<br \/>\nLactate de sodium \u00e0 18% de haute efficacit\u00e9, adapt\u00e9 aux peaux tr\u00e8s d\u00e9shydrat\u00e9es et irritantes.<br \/>\n5% de vitamine C comme antioxydant intensifiant la synth\u00e8se de collag\u00e8ne et apportant \u00e9clat et luminosit\u00e9 \u00e0 la peau et r\u00e9duisant<br \/>\nl&rsquo;accumulation de m\u00e9lanine oxyd\u00e9e.<\/p>\n","protected":false},"excerpt":{"rendered":"<p>Lotion corporelle vitamine C &#8211; Kuora &#8211; 400ml\u00a0<br \/>\nLotion corporelle \u00e0 la vitamine C et lactate de sodium, \u00e9claircissante sur les zones intimes, les aisselles et qui diminue efficacement la s\u00e9cheresse et les<br \/>\n d\u00e9mangeaisons et offre un gommage doux pour r\u00e9duire la desquamation et \u00e9liminer les cellules mortes.<\/p>\n","protected":false},"featured_media":1190,"comment_status":"open","ping_status":"closed","template":"","meta":[],"pwb-brand":[76],"product_cat":[143],"product_tag":[],"class_list":{"0":"post-1175","1":"product","2":"type-product","3":"status-publish","4":"has-post-thumbnail","6":"pwb-brand-kuora","7":"product_cat-soins-hydratation","8":"post","9":"ws-product--style-1","11":"first","12":"instock","13":"shipping-taxable","14":"purchasable","15":"product-type-simple"},"yoast_head":"<!-- This site is optimized with the Yoast SEO plugin v23.0 - https:\/\/yoast.com\/wordpress\/plugins\/seo\/ -->\n<title>Lotion corporelle vitamine C - Kuora - 400ml - OrthoPara<\/title>\n<meta name=\"robots\" content=\"index, follow, max-snippet:-1, max-image-preview:large, max-video-preview:-1\" \/>\n<link rel=\"canonical\" href=\"https:\/\/orthopara.store\/index.php\/produit\/lotion-corporelle-vitamine-c-kuora-400ml\/\" \/>\n<meta property=\"og:locale\" content=\"fr_FR\" \/>\n<meta property=\"og:type\" content=\"article\" \/>\n<meta property=\"og:title\" content=\"Lotion corporelle vitamine C - Kuora - 400ml - OrthoPara\" \/>\n<meta property=\"og:description\" content=\"Lotion corporelle vitamine C - Kuora - 400ml\u00a0 Lotion corporelle \u00e0 la vitamine C et lactate de sodium, \u00e9claircissante sur les zones intimes, les aisselles et qui diminue efficacement la s\u00e9cheresse et les d\u00e9mangeaisons et offre un gommage doux pour r\u00e9duire la desquamation et \u00e9liminer les cellules mortes.\" \/>\n<meta property=\"og:url\" content=\"https:\/\/orthopara.store\/index.php\/produit\/lotion-corporelle-vitamine-c-kuora-400ml\/\" \/>\n<meta property=\"og:site_name\" content=\"OrthoPara\" \/>\n<meta property=\"article:publisher\" content=\"https:\/\/www.facebook.com\/profile.php?id=61561194315651\" \/>\n<meta property=\"article:modified_time\" content=\"2024-06-28T13:52:06+00:00\" \/>\n<meta property=\"og:image\" content=\"https:\/\/orthopara.store\/wp-content\/uploads\/2024\/06\/lotion-corporelle-vitamine-c-kuora-400ml.jpg\" \/>\n\t<meta property=\"og:image:width\" content=\"800\" \/>\n\t<meta property=\"og:image:height\" content=\"800\" \/>\n\t<meta property=\"og:image:type\" content=\"image\/jpeg\" \/>\n<meta name=\"twitter:card\" content=\"summary_large_image\" \/>\n<meta name=\"twitter:label1\" content=\"Dur\u00e9e de lecture estim\u00e9e\" \/>\n\t<meta name=\"twitter:data1\" content=\"1 minute\" \/>\n<script type=\"application\/ld+json\" class=\"yoast-schema-graph\">{\"@context\":\"https:\/\/schema.org\",\"@graph\":[{\"@type\":\"WebPage\",\"@id\":\"https:\/\/orthopara.store\/index.php\/produit\/lotion-corporelle-vitamine-c-kuora-400ml\/\",\"url\":\"https:\/\/orthopara.store\/index.php\/produit\/lotion-corporelle-vitamine-c-kuora-400ml\/\",\"name\":\"Lotion corporelle vitamine C - Kuora - 400ml - OrthoPara\",\"isPartOf\":{\"@id\":\"https:\/\/orthopara.store\/#website\"},\"primaryImageOfPage\":{\"@id\":\"https:\/\/orthopara.store\/index.php\/produit\/lotion-corporelle-vitamine-c-kuora-400ml\/#primaryimage\"},\"image\":{\"@id\":\"https:\/\/orthopara.store\/index.php\/produit\/lotion-corporelle-vitamine-c-kuora-400ml\/#primaryimage\"},\"thumbnailUrl\":\"https:\/\/orthopara.store\/wp-content\/uploads\/2024\/06\/lotion-corporelle-vitamine-c-kuora-400ml.jpg\",\"datePublished\":\"2024-06-28T13:52:02+00:00\",\"dateModified\":\"2024-06-28T13:52:06+00:00\",\"breadcrumb\":{\"@id\":\"https:\/\/orthopara.store\/index.php\/produit\/lotion-corporelle-vitamine-c-kuora-400ml\/#breadcrumb\"},\"inLanguage\":\"fr-FR\",\"potentialAction\":[{\"@type\":\"ReadAction\",\"target\":[\"https:\/\/orthopara.store\/index.php\/produit\/lotion-corporelle-vitamine-c-kuora-400ml\/\"]}]},{\"@type\":\"ImageObject\",\"inLanguage\":\"fr-FR\",\"@id\":\"https:\/\/orthopara.store\/index.php\/produit\/lotion-corporelle-vitamine-c-kuora-400ml\/#primaryimage\",\"url\":\"https:\/\/orthopara.store\/wp-content\/uploads\/2024\/06\/lotion-corporelle-vitamine-c-kuora-400ml.jpg\",\"contentUrl\":\"https:\/\/orthopara.store\/wp-content\/uploads\/2024\/06\/lotion-corporelle-vitamine-c-kuora-400ml.jpg\",\"width\":800,\"height\":800},{\"@type\":\"BreadcrumbList\",\"@id\":\"https:\/\/orthopara.store\/index.php\/produit\/lotion-corporelle-vitamine-c-kuora-400ml\/#breadcrumb\",\"itemListElement\":[{\"@type\":\"ListItem\",\"position\":1,\"name\":\"Accueil\",\"item\":\"https:\/\/orthopara.store\/\"},{\"@type\":\"ListItem\",\"position\":2,\"name\":\"Shop\",\"item\":\"https:\/\/orthopara.store\/?page_id=622\"},{\"@type\":\"ListItem\",\"position\":3,\"name\":\"Lotion corporelle vitamine C &#8211; Kuora &#8211; 400ml\"}]},{\"@type\":\"WebSite\",\"@id\":\"https:\/\/orthopara.store\/#website\",\"url\":\"https:\/\/orthopara.store\/\",\"name\":\"OrthoPara\",\"description\":\"Parapharmacie\",\"publisher\":{\"@id\":\"https:\/\/orthopara.store\/#organization\"},\"potentialAction\":[{\"@type\":\"SearchAction\",\"target\":{\"@type\":\"EntryPoint\",\"urlTemplate\":\"https:\/\/orthopara.store\/?s={search_term_string}\"},\"query-input\":\"required name=search_term_string\"}],\"inLanguage\":\"fr-FR\"},{\"@type\":\"Organization\",\"@id\":\"https:\/\/orthopara.store\/#organization\",\"name\":\"OrthoPara\",\"url\":\"https:\/\/orthopara.store\/\",\"logo\":{\"@type\":\"ImageObject\",\"inLanguage\":\"fr-FR\",\"@id\":\"https:\/\/orthopara.store\/#\/schema\/logo\/image\/\",\"url\":\"https:\/\/orthopara.store\/wp-content\/uploads\/2024\/06\/cropped-9ABA8BAD-6256-4719-9315-15C66E64E882.png\",\"contentUrl\":\"https:\/\/orthopara.store\/wp-content\/uploads\/2024\/06\/cropped-9ABA8BAD-6256-4719-9315-15C66E64E882.png\",\"width\":240,\"height\":72,\"caption\":\"OrthoPara\"},\"image\":{\"@id\":\"https:\/\/orthopara.store\/#\/schema\/logo\/image\/\"},\"sameAs\":[\"https:\/\/www.facebook.com\/profile.php?id=61561194315651\",\"https:\/\/www.instagram.com\/orthopara_tunisie\/\"]}]}<\/script>\n<!-- \/ Yoast SEO plugin. -->","yoast_head_json":{"title":"Lotion corporelle vitamine C - Kuora - 400ml - OrthoPara","robots":{"index":"index","follow":"follow","max-snippet":"max-snippet:-1","max-image-preview":"max-image-preview:large","max-video-preview":"max-video-preview:-1"},"canonical":"https:\/\/orthopara.store\/index.php\/produit\/lotion-corporelle-vitamine-c-kuora-400ml\/","og_locale":"fr_FR","og_type":"article","og_title":"Lotion corporelle vitamine C - Kuora - 400ml - OrthoPara","og_description":"Lotion corporelle vitamine C - Kuora - 400ml\u00a0 Lotion corporelle \u00e0 la vitamine C et lactate de sodium, \u00e9claircissante sur les zones intimes, les aisselles et qui diminue efficacement la s\u00e9cheresse et les d\u00e9mangeaisons et offre un gommage doux pour r\u00e9duire la desquamation et \u00e9liminer les cellules mortes.","og_url":"https:\/\/orthopara.store\/index.php\/produit\/lotion-corporelle-vitamine-c-kuora-400ml\/","og_site_name":"OrthoPara","article_publisher":"https:\/\/www.facebook.com\/profile.php?id=61561194315651","article_modified_time":"2024-06-28T13:52:06+00:00","og_image":[{"width":800,"height":800,"url":"https:\/\/orthopara.store\/wp-content\/uploads\/2024\/06\/lotion-corporelle-vitamine-c-kuora-400ml.jpg","type":"image\/jpeg"}],"twitter_card":"summary_large_image","twitter_misc":{"Dur\u00e9e de lecture estim\u00e9e":"1 minute"},"schema":{"@context":"https:\/\/schema.org","@graph":[{"@type":"WebPage","@id":"https:\/\/orthopara.store\/index.php\/produit\/lotion-corporelle-vitamine-c-kuora-400ml\/","url":"https:\/\/orthopara.store\/index.php\/produit\/lotion-corporelle-vitamine-c-kuora-400ml\/","name":"Lotion corporelle vitamine C - Kuora - 400ml - OrthoPara","isPartOf":{"@id":"https:\/\/orthopara.store\/#website"},"primaryImageOfPage":{"@id":"https:\/\/orthopara.store\/index.php\/produit\/lotion-corporelle-vitamine-c-kuora-400ml\/#primaryimage"},"image":{"@id":"https:\/\/orthopara.store\/index.php\/produit\/lotion-corporelle-vitamine-c-kuora-400ml\/#primaryimage"},"thumbnailUrl":"https:\/\/orthopara.store\/wp-content\/uploads\/2024\/06\/lotion-corporelle-vitamine-c-kuora-400ml.jpg","datePublished":"2024-06-28T13:52:02+00:00","dateModified":"2024-06-28T13:52:06+00:00","breadcrumb":{"@id":"https:\/\/orthopara.store\/index.php\/produit\/lotion-corporelle-vitamine-c-kuora-400ml\/#breadcrumb"},"inLanguage":"fr-FR","potentialAction":[{"@type":"ReadAction","target":["https:\/\/orthopara.store\/index.php\/produit\/lotion-corporelle-vitamine-c-kuora-400ml\/"]}]},{"@type":"ImageObject","inLanguage":"fr-FR","@id":"https:\/\/orthopara.store\/index.php\/produit\/lotion-corporelle-vitamine-c-kuora-400ml\/#primaryimage","url":"https:\/\/orthopara.store\/wp-content\/uploads\/2024\/06\/lotion-corporelle-vitamine-c-kuora-400ml.jpg","contentUrl":"https:\/\/orthopara.store\/wp-content\/uploads\/2024\/06\/lotion-corporelle-vitamine-c-kuora-400ml.jpg","width":800,"height":800},{"@type":"BreadcrumbList","@id":"https:\/\/orthopara.store\/index.php\/produit\/lotion-corporelle-vitamine-c-kuora-400ml\/#breadcrumb","itemListElement":[{"@type":"ListItem","position":1,"name":"Accueil","item":"https:\/\/orthopara.store\/"},{"@type":"ListItem","position":2,"name":"Shop","item":"https:\/\/orthopara.store\/?page_id=622"},{"@type":"ListItem","position":3,"name":"Lotion corporelle vitamine C &#8211; Kuora &#8211; 400ml"}]},{"@type":"WebSite","@id":"https:\/\/orthopara.store\/#website","url":"https:\/\/orthopara.store\/","name":"OrthoPara","description":"Parapharmacie","publisher":{"@id":"https:\/\/orthopara.store\/#organization"},"potentialAction":[{"@type":"SearchAction","target":{"@type":"EntryPoint","urlTemplate":"https:\/\/orthopara.store\/?s={search_term_string}"},"query-input":"required name=search_term_string"}],"inLanguage":"fr-FR"},{"@type":"Organization","@id":"https:\/\/orthopara.store\/#organization","name":"OrthoPara","url":"https:\/\/orthopara.store\/","logo":{"@type":"ImageObject","inLanguage":"fr-FR","@id":"https:\/\/orthopara.store\/#\/schema\/logo\/image\/","url":"https:\/\/orthopara.store\/wp-content\/uploads\/2024\/06\/cropped-9ABA8BAD-6256-4719-9315-15C66E64E882.png","contentUrl":"https:\/\/orthopara.store\/wp-content\/uploads\/2024\/06\/cropped-9ABA8BAD-6256-4719-9315-15C66E64E882.png","width":240,"height":72,"caption":"OrthoPara"},"image":{"@id":"https:\/\/orthopara.store\/#\/schema\/logo\/image\/"},"sameAs":["https:\/\/www.facebook.com\/profile.php?id=61561194315651","https:\/\/www.instagram.com\/orthopara_tunisie\/"]}]}},"jetpack_sharing_enabled":true,"brands":[{"id":76,"name":"Kuora","slug":"kuora"}],"_links":{"self":[{"href":"https:\/\/orthopara.store\/index.php?rest_route=\/wp\/v2\/product\/1175","targetHints":{"allow":["GET"]}}],"collection":[{"href":"https:\/\/orthopara.store\/index.php?rest_route=\/wp\/v2\/product"}],"about":[{"href":"https:\/\/orthopara.store\/index.php?rest_route=\/wp\/v2\/types\/product"}],"replies":[{"embeddable":true,"href":"https:\/\/orthopara.store\/index.php?rest_route=%2Fwp%2Fv2%2Fcomments&post=1175"}],"wp:featuredmedia":[{"embeddable":true,"href":"https:\/\/orthopara.store\/index.php?rest_route=\/wp\/v2\/media\/1190"}],"wp:attachment":[{"href":"https:\/\/orthopara.store\/index.php?rest_route=%2Fwp%2Fv2%2Fmedia&parent=1175"}],"wp:term":[{"taxonomy":"pwb-brand","embeddable":true,"href":"https:\/\/orthopara.store\/index.php?rest_route=%2Fwp%2Fv2%2Fpwb-brand&post=1175"},{"taxonomy":"product_cat","embeddable":true,"href":"https:\/\/orthopara.store\/index.php?rest_route=%2Fwp%2Fv2%2Fproduct_cat&post=1175"},{"taxonomy":"product_tag","embeddable":true,"href":"https:\/\/orthopara.store\/index.php?rest_route=%2Fwp%2Fv2%2Fproduct_tag&post=1175"}],"curies":[{"name":"wp","href":"https:\/\/api.w.org\/{rel}","templated":true}]}}