{"id":1177,"date":"2024-06-28T15:52:02","date_gmt":"2024-06-28T13:52:02","guid":{"rendered":"https:\/\/orthopara.store\/?post_type=product&#038;p=1177"},"modified":"2024-06-28T15:52:07","modified_gmt":"2024-06-28T13:52:07","slug":"lait-corporel-eclaircissant-acm-depiwhite-200ml","status":"publish","type":"product","link":"https:\/\/orthopara.store\/?product=lait-corporel-eclaircissant-acm-depiwhite-200ml","title":{"rendered":"Lait Corporel \u00e9claircissant &#8211; ACM d\u00e9piwhite &#8211; 200ml"},"content":{"rendered":"<p>Lait Corporel \u00e9claircissant &#8211; ACM d\u00e9piwhite &#8211; 200ml<br \/>\nCe lait a toutes les qualit\u00e9s d\u2019un lait corporel protecteur, hydratant et nourrissant, mais il apporte en plus son action contre les taches brunes.<br \/>\nIl assure une hydratation de tr\u00e8s longue dur\u00e9e, apaise les sensations de tiraillements et restaure le confort cutan\u00e9. Hydratant intense et durable, ce lait corps b\u00e9n\u00e9ficie d\u2019une texture fluide, non grasse, facile \u00e0 appliquer apr\u00e8s la douche. Pour une peau souple et soyeuse \u00e0 tout \u00e2ge. Son action \u00e9claircissante compl\u00e9mentaire gr\u00e2ce \u00e0 une association d\u2019actifs v\u00e9g\u00e9taux permet de freiner la surproduction de m\u00e9lanine d\u2019\u00e9claircir et d\u2019homog\u00e9n\u00e9iser l\u2019aspect de la peau.<\/p>\n","protected":false},"excerpt":{"rendered":"<p>ACM d\u00e9piwhite<br \/>\nLait Corporel \u00e9claircissant\u00a0<br \/>\nType de peau : Sujettes aux taches pigmentaires &#8211; Corps<br \/>\nHydrate aussi les peaux s\u00e8ches\u00a0\u00a0<br \/>\nEclaircit le teint<br \/>\nCorps<br \/>\ncontenance : 200ml<\/p>\n","protected":false},"featured_media":1192,"comment_status":"open","ping_status":"closed","template":"","meta":[],"pwb-brand":[59],"product_cat":[143],"product_tag":[],"class_list":{"0":"post-1177","1":"product","2":"type-product","3":"status-publish","4":"has-post-thumbnail","6":"pwb-brand-acm","7":"product_cat-soins-hydratation","8":"post","9":"ws-product--style-1","11":"first","12":"instock","13":"shipping-taxable","14":"purchasable","15":"product-type-simple"},"yoast_head":"<!-- This site is optimized with the Yoast SEO plugin v23.0 - https:\/\/yoast.com\/wordpress\/plugins\/seo\/ -->\n<title>Lait Corporel \u00e9claircissant - ACM d\u00e9piwhite - 200ml - OrthoPara<\/title>\n<meta name=\"robots\" content=\"index, follow, max-snippet:-1, max-image-preview:large, max-video-preview:-1\" \/>\n<link rel=\"canonical\" href=\"https:\/\/orthopara.store\/index.php\/produit\/lait-corporel-eclaircissant-acm-depiwhite-200ml\/\" \/>\n<meta property=\"og:locale\" content=\"fr_FR\" \/>\n<meta property=\"og:type\" content=\"article\" \/>\n<meta property=\"og:title\" content=\"Lait Corporel \u00e9claircissant - ACM d\u00e9piwhite - 200ml - OrthoPara\" \/>\n<meta property=\"og:description\" content=\"ACM d\u00e9piwhite Lait Corporel \u00e9claircissant\u00a0 Type de peau : Sujettes aux taches pigmentaires - Corps Hydrate aussi les peaux s\u00e8ches\u00a0\u00a0 Eclaircit le teint Corps contenance : 200ml\" \/>\n<meta property=\"og:url\" content=\"https:\/\/orthopara.store\/index.php\/produit\/lait-corporel-eclaircissant-acm-depiwhite-200ml\/\" \/>\n<meta property=\"og:site_name\" content=\"OrthoPara\" \/>\n<meta property=\"article:publisher\" content=\"https:\/\/www.facebook.com\/profile.php?id=61561194315651\" \/>\n<meta property=\"article:modified_time\" content=\"2024-06-28T13:52:07+00:00\" \/>\n<meta property=\"og:image\" content=\"https:\/\/orthopara.store\/wp-content\/uploads\/2024\/06\/lait-corporel-eclaircissant-acm-depiwhite-200ml.jpg\" \/>\n\t<meta property=\"og:image:width\" content=\"800\" \/>\n\t<meta property=\"og:image:height\" content=\"800\" \/>\n\t<meta property=\"og:image:type\" content=\"image\/jpeg\" \/>\n<meta name=\"twitter:card\" content=\"summary_large_image\" \/>\n<meta name=\"twitter:label1\" content=\"Dur\u00e9e de lecture estim\u00e9e\" \/>\n\t<meta name=\"twitter:data1\" content=\"1 minute\" \/>\n<script type=\"application\/ld+json\" class=\"yoast-schema-graph\">{\"@context\":\"https:\/\/schema.org\",\"@graph\":[{\"@type\":\"WebPage\",\"@id\":\"https:\/\/orthopara.store\/index.php\/produit\/lait-corporel-eclaircissant-acm-depiwhite-200ml\/\",\"url\":\"https:\/\/orthopara.store\/index.php\/produit\/lait-corporel-eclaircissant-acm-depiwhite-200ml\/\",\"name\":\"Lait Corporel \u00e9claircissant - ACM d\u00e9piwhite - 200ml - OrthoPara\",\"isPartOf\":{\"@id\":\"https:\/\/orthopara.store\/#website\"},\"primaryImageOfPage\":{\"@id\":\"https:\/\/orthopara.store\/index.php\/produit\/lait-corporel-eclaircissant-acm-depiwhite-200ml\/#primaryimage\"},\"image\":{\"@id\":\"https:\/\/orthopara.store\/index.php\/produit\/lait-corporel-eclaircissant-acm-depiwhite-200ml\/#primaryimage\"},\"thumbnailUrl\":\"https:\/\/orthopara.store\/wp-content\/uploads\/2024\/06\/lait-corporel-eclaircissant-acm-depiwhite-200ml.jpg\",\"datePublished\":\"2024-06-28T13:52:02+00:00\",\"dateModified\":\"2024-06-28T13:52:07+00:00\",\"breadcrumb\":{\"@id\":\"https:\/\/orthopara.store\/index.php\/produit\/lait-corporel-eclaircissant-acm-depiwhite-200ml\/#breadcrumb\"},\"inLanguage\":\"fr-FR\",\"potentialAction\":[{\"@type\":\"ReadAction\",\"target\":[\"https:\/\/orthopara.store\/index.php\/produit\/lait-corporel-eclaircissant-acm-depiwhite-200ml\/\"]}]},{\"@type\":\"ImageObject\",\"inLanguage\":\"fr-FR\",\"@id\":\"https:\/\/orthopara.store\/index.php\/produit\/lait-corporel-eclaircissant-acm-depiwhite-200ml\/#primaryimage\",\"url\":\"https:\/\/orthopara.store\/wp-content\/uploads\/2024\/06\/lait-corporel-eclaircissant-acm-depiwhite-200ml.jpg\",\"contentUrl\":\"https:\/\/orthopara.store\/wp-content\/uploads\/2024\/06\/lait-corporel-eclaircissant-acm-depiwhite-200ml.jpg\",\"width\":800,\"height\":800},{\"@type\":\"BreadcrumbList\",\"@id\":\"https:\/\/orthopara.store\/index.php\/produit\/lait-corporel-eclaircissant-acm-depiwhite-200ml\/#breadcrumb\",\"itemListElement\":[{\"@type\":\"ListItem\",\"position\":1,\"name\":\"Accueil\",\"item\":\"https:\/\/orthopara.store\/\"},{\"@type\":\"ListItem\",\"position\":2,\"name\":\"Shop\",\"item\":\"https:\/\/orthopara.store\/?page_id=622\"},{\"@type\":\"ListItem\",\"position\":3,\"name\":\"Lait Corporel \u00e9claircissant &#8211; ACM d\u00e9piwhite &#8211; 200ml\"}]},{\"@type\":\"WebSite\",\"@id\":\"https:\/\/orthopara.store\/#website\",\"url\":\"https:\/\/orthopara.store\/\",\"name\":\"OrthoPara\",\"description\":\"Parapharmacie\",\"publisher\":{\"@id\":\"https:\/\/orthopara.store\/#organization\"},\"potentialAction\":[{\"@type\":\"SearchAction\",\"target\":{\"@type\":\"EntryPoint\",\"urlTemplate\":\"https:\/\/orthopara.store\/?s={search_term_string}\"},\"query-input\":\"required name=search_term_string\"}],\"inLanguage\":\"fr-FR\"},{\"@type\":\"Organization\",\"@id\":\"https:\/\/orthopara.store\/#organization\",\"name\":\"OrthoPara\",\"url\":\"https:\/\/orthopara.store\/\",\"logo\":{\"@type\":\"ImageObject\",\"inLanguage\":\"fr-FR\",\"@id\":\"https:\/\/orthopara.store\/#\/schema\/logo\/image\/\",\"url\":\"https:\/\/orthopara.store\/wp-content\/uploads\/2024\/06\/cropped-9ABA8BAD-6256-4719-9315-15C66E64E882.png\",\"contentUrl\":\"https:\/\/orthopara.store\/wp-content\/uploads\/2024\/06\/cropped-9ABA8BAD-6256-4719-9315-15C66E64E882.png\",\"width\":240,\"height\":72,\"caption\":\"OrthoPara\"},\"image\":{\"@id\":\"https:\/\/orthopara.store\/#\/schema\/logo\/image\/\"},\"sameAs\":[\"https:\/\/www.facebook.com\/profile.php?id=61561194315651\",\"https:\/\/www.instagram.com\/orthopara_tunisie\/\"]}]}<\/script>\n<!-- \/ Yoast SEO plugin. -->","yoast_head_json":{"title":"Lait Corporel \u00e9claircissant - ACM d\u00e9piwhite - 200ml - OrthoPara","robots":{"index":"index","follow":"follow","max-snippet":"max-snippet:-1","max-image-preview":"max-image-preview:large","max-video-preview":"max-video-preview:-1"},"canonical":"https:\/\/orthopara.store\/index.php\/produit\/lait-corporel-eclaircissant-acm-depiwhite-200ml\/","og_locale":"fr_FR","og_type":"article","og_title":"Lait Corporel \u00e9claircissant - ACM d\u00e9piwhite - 200ml - OrthoPara","og_description":"ACM d\u00e9piwhite Lait Corporel \u00e9claircissant\u00a0 Type de peau : Sujettes aux taches pigmentaires - Corps Hydrate aussi les peaux s\u00e8ches\u00a0\u00a0 Eclaircit le teint Corps contenance : 200ml","og_url":"https:\/\/orthopara.store\/index.php\/produit\/lait-corporel-eclaircissant-acm-depiwhite-200ml\/","og_site_name":"OrthoPara","article_publisher":"https:\/\/www.facebook.com\/profile.php?id=61561194315651","article_modified_time":"2024-06-28T13:52:07+00:00","og_image":[{"width":800,"height":800,"url":"https:\/\/orthopara.store\/wp-content\/uploads\/2024\/06\/lait-corporel-eclaircissant-acm-depiwhite-200ml.jpg","type":"image\/jpeg"}],"twitter_card":"summary_large_image","twitter_misc":{"Dur\u00e9e de lecture estim\u00e9e":"1 minute"},"schema":{"@context":"https:\/\/schema.org","@graph":[{"@type":"WebPage","@id":"https:\/\/orthopara.store\/index.php\/produit\/lait-corporel-eclaircissant-acm-depiwhite-200ml\/","url":"https:\/\/orthopara.store\/index.php\/produit\/lait-corporel-eclaircissant-acm-depiwhite-200ml\/","name":"Lait Corporel \u00e9claircissant - ACM d\u00e9piwhite - 200ml - OrthoPara","isPartOf":{"@id":"https:\/\/orthopara.store\/#website"},"primaryImageOfPage":{"@id":"https:\/\/orthopara.store\/index.php\/produit\/lait-corporel-eclaircissant-acm-depiwhite-200ml\/#primaryimage"},"image":{"@id":"https:\/\/orthopara.store\/index.php\/produit\/lait-corporel-eclaircissant-acm-depiwhite-200ml\/#primaryimage"},"thumbnailUrl":"https:\/\/orthopara.store\/wp-content\/uploads\/2024\/06\/lait-corporel-eclaircissant-acm-depiwhite-200ml.jpg","datePublished":"2024-06-28T13:52:02+00:00","dateModified":"2024-06-28T13:52:07+00:00","breadcrumb":{"@id":"https:\/\/orthopara.store\/index.php\/produit\/lait-corporel-eclaircissant-acm-depiwhite-200ml\/#breadcrumb"},"inLanguage":"fr-FR","potentialAction":[{"@type":"ReadAction","target":["https:\/\/orthopara.store\/index.php\/produit\/lait-corporel-eclaircissant-acm-depiwhite-200ml\/"]}]},{"@type":"ImageObject","inLanguage":"fr-FR","@id":"https:\/\/orthopara.store\/index.php\/produit\/lait-corporel-eclaircissant-acm-depiwhite-200ml\/#primaryimage","url":"https:\/\/orthopara.store\/wp-content\/uploads\/2024\/06\/lait-corporel-eclaircissant-acm-depiwhite-200ml.jpg","contentUrl":"https:\/\/orthopara.store\/wp-content\/uploads\/2024\/06\/lait-corporel-eclaircissant-acm-depiwhite-200ml.jpg","width":800,"height":800},{"@type":"BreadcrumbList","@id":"https:\/\/orthopara.store\/index.php\/produit\/lait-corporel-eclaircissant-acm-depiwhite-200ml\/#breadcrumb","itemListElement":[{"@type":"ListItem","position":1,"name":"Accueil","item":"https:\/\/orthopara.store\/"},{"@type":"ListItem","position":2,"name":"Shop","item":"https:\/\/orthopara.store\/?page_id=622"},{"@type":"ListItem","position":3,"name":"Lait Corporel \u00e9claircissant &#8211; ACM d\u00e9piwhite &#8211; 200ml"}]},{"@type":"WebSite","@id":"https:\/\/orthopara.store\/#website","url":"https:\/\/orthopara.store\/","name":"OrthoPara","description":"Parapharmacie","publisher":{"@id":"https:\/\/orthopara.store\/#organization"},"potentialAction":[{"@type":"SearchAction","target":{"@type":"EntryPoint","urlTemplate":"https:\/\/orthopara.store\/?s={search_term_string}"},"query-input":"required name=search_term_string"}],"inLanguage":"fr-FR"},{"@type":"Organization","@id":"https:\/\/orthopara.store\/#organization","name":"OrthoPara","url":"https:\/\/orthopara.store\/","logo":{"@type":"ImageObject","inLanguage":"fr-FR","@id":"https:\/\/orthopara.store\/#\/schema\/logo\/image\/","url":"https:\/\/orthopara.store\/wp-content\/uploads\/2024\/06\/cropped-9ABA8BAD-6256-4719-9315-15C66E64E882.png","contentUrl":"https:\/\/orthopara.store\/wp-content\/uploads\/2024\/06\/cropped-9ABA8BAD-6256-4719-9315-15C66E64E882.png","width":240,"height":72,"caption":"OrthoPara"},"image":{"@id":"https:\/\/orthopara.store\/#\/schema\/logo\/image\/"},"sameAs":["https:\/\/www.facebook.com\/profile.php?id=61561194315651","https:\/\/www.instagram.com\/orthopara_tunisie\/"]}]}},"jetpack_sharing_enabled":true,"brands":[{"id":59,"name":"ACM","slug":"acm"}],"_links":{"self":[{"href":"https:\/\/orthopara.store\/index.php?rest_route=\/wp\/v2\/product\/1177","targetHints":{"allow":["GET"]}}],"collection":[{"href":"https:\/\/orthopara.store\/index.php?rest_route=\/wp\/v2\/product"}],"about":[{"href":"https:\/\/orthopara.store\/index.php?rest_route=\/wp\/v2\/types\/product"}],"replies":[{"embeddable":true,"href":"https:\/\/orthopara.store\/index.php?rest_route=%2Fwp%2Fv2%2Fcomments&post=1177"}],"wp:featuredmedia":[{"embeddable":true,"href":"https:\/\/orthopara.store\/index.php?rest_route=\/wp\/v2\/media\/1192"}],"wp:attachment":[{"href":"https:\/\/orthopara.store\/index.php?rest_route=%2Fwp%2Fv2%2Fmedia&parent=1177"}],"wp:term":[{"taxonomy":"pwb-brand","embeddable":true,"href":"https:\/\/orthopara.store\/index.php?rest_route=%2Fwp%2Fv2%2Fpwb-brand&post=1177"},{"taxonomy":"product_cat","embeddable":true,"href":"https:\/\/orthopara.store\/index.php?rest_route=%2Fwp%2Fv2%2Fproduct_cat&post=1177"},{"taxonomy":"product_tag","embeddable":true,"href":"https:\/\/orthopara.store\/index.php?rest_route=%2Fwp%2Fv2%2Fproduct_tag&post=1177"}],"curies":[{"name":"wp","href":"https:\/\/api.w.org\/{rel}","templated":true}]}}