{"id":1220,"date":"2024-06-28T15:52:13","date_gmt":"2024-06-28T13:52:13","guid":{"rendered":"https:\/\/orthopara.store\/?post_type=product&#038;p=1220"},"modified":"2024-11-10T16:11:37","modified_gmt":"2024-11-10T15:11:37","slug":"creme-cicatrisante-panthenol-cica-15g","status":"publish","type":"product","link":"https:\/\/orthopara.store\/?product=creme-cicatrisante-panthenol-cica-15g","title":{"rendered":"Cr\u00e8me cicatrisante &#8211; Panthenol Cica &#8211; 15g"},"content":{"rendered":"<p>Cr\u00e8me cicatrisante &#8211; Panthenol Cica &#8211; 15g<br \/>\nPANTHENOL CICA, Cr\u00e8me cicatrisante , agit au niveau de toutes les phases de la cicatrisation .<br \/>\nTexture fluide et l\u00e9g\u00e8re p\u00e9n\u00e8tre rapidement la peau, laisse un film protecteur<br \/>\nIndications :<br \/>\nPanthenol cica est indiqu\u00e9 pour : le traitement des brulures du 1er et 2eme degr\u00e9s, les escarres, les cicatrices r\u00e9centes, post-c\u00e9sarienne, post chirurgie orthop\u00e9dique, post-laser et post-peeling, fissures anale et les crises h\u00e9morro\u00efdaires.\u00a0<br \/>\nMode d&rsquo;utilisation :<br \/>\nNettoyer et s\u00e9cher les zones \u00e0 traiter .<br \/>\nA appliquer 2 fois par jour pendant au moins 10 jours\u00a0<br \/>\nComposition :<br \/>\n4 actifs cicatrisants agissant au niveau de toutes les phases de cicatrisation\u00a0<br \/>\nDexpanthenol, Gatuline skin repar bio, centella asiatica, allantoine.<br \/>\nNon com\u00e9dog\u00e8ne,\u00a0sans paraben, sans parfum\u00a0<br \/>\nEfficacit\u00e9 prouv\u00e9e\u00a0<\/p>\n","protected":false},"excerpt":{"rendered":"<p>Panthenol Cica<br \/>\nCr\u00e8me cicatrisante anti-inflammatoire\u00a0<br \/>\n4 actifs cicatrisants agissant au niveau de toutes les phases de cicatrisation\u00a0<br \/>\nTexture cr\u00e8me fluide et l\u00e9g\u00e8re qui s&rsquo;absorbe rapidement\u00a0\u00a0<\/p>\n<p>Contenance : 15g<br \/>\nDLC : 04\/2025<\/p>\n","protected":false},"featured_media":1241,"comment_status":"open","ping_status":"closed","template":"","meta":[],"pwb-brand":[154],"product_cat":[150,149,148],"product_tag":[],"class_list":{"0":"post-1220","1":"product","2":"type-product","3":"status-publish","4":"has-post-thumbnail","6":"pwb-brand-clover-pharmaceutic","7":"product_cat-decoloration","8":"product_cat-depilation","9":"product_cat-epilation","10":"post","11":"ws-product--style-1","13":"first","14":"instock","15":"shipping-taxable","16":"purchasable","17":"product-type-simple"},"yoast_head":"<!-- This site is optimized with the Yoast SEO plugin v23.0 - https:\/\/yoast.com\/wordpress\/plugins\/seo\/ -->\n<title>Cr\u00e8me cicatrisante - Panthenol Cica - 15g - OrthoPara<\/title>\n<meta name=\"robots\" content=\"index, follow, max-snippet:-1, max-image-preview:large, max-video-preview:-1\" \/>\n<link rel=\"canonical\" href=\"https:\/\/orthopara.store\/index.php\/produit\/creme-cicatrisante-panthenol-cica-15g\/\" \/>\n<meta property=\"og:locale\" content=\"fr_FR\" \/>\n<meta property=\"og:type\" content=\"article\" \/>\n<meta property=\"og:title\" content=\"Cr\u00e8me cicatrisante - Panthenol Cica - 15g - OrthoPara\" \/>\n<meta property=\"og:description\" content=\"Panthenol Cica Cr\u00e8me cicatrisante anti-inflammatoire\u00a0 4 actifs cicatrisants agissant au niveau de toutes les phases de cicatrisation\u00a0 Texture cr\u00e8me fluide et l\u00e9g\u00e8re qui s&#039;absorbe rapidement\u00a0\u00a0 Contenance : 15g DLC : 04\/2025\" \/>\n<meta property=\"og:url\" content=\"https:\/\/orthopara.store\/index.php\/produit\/creme-cicatrisante-panthenol-cica-15g\/\" \/>\n<meta property=\"og:site_name\" content=\"OrthoPara\" \/>\n<meta property=\"article:publisher\" content=\"https:\/\/www.facebook.com\/profile.php?id=61561194315651\" \/>\n<meta property=\"article:modified_time\" content=\"2024-11-10T15:11:37+00:00\" \/>\n<meta property=\"og:image\" content=\"https:\/\/orthopara.store\/wp-content\/uploads\/2024\/06\/creme-cicatrisante-panthenol-cica-15g.jpg\" \/>\n\t<meta property=\"og:image:width\" content=\"800\" \/>\n\t<meta property=\"og:image:height\" content=\"800\" \/>\n\t<meta property=\"og:image:type\" content=\"image\/jpeg\" \/>\n<meta name=\"twitter:card\" content=\"summary_large_image\" \/>\n<meta name=\"twitter:label1\" content=\"Dur\u00e9e de lecture estim\u00e9e\" \/>\n\t<meta name=\"twitter:data1\" content=\"1 minute\" \/>\n<script type=\"application\/ld+json\" class=\"yoast-schema-graph\">{\"@context\":\"https:\/\/schema.org\",\"@graph\":[{\"@type\":\"WebPage\",\"@id\":\"https:\/\/orthopara.store\/index.php\/produit\/creme-cicatrisante-panthenol-cica-15g\/\",\"url\":\"https:\/\/orthopara.store\/index.php\/produit\/creme-cicatrisante-panthenol-cica-15g\/\",\"name\":\"Cr\u00e8me cicatrisante - Panthenol Cica - 15g - OrthoPara\",\"isPartOf\":{\"@id\":\"https:\/\/orthopara.store\/#website\"},\"primaryImageOfPage\":{\"@id\":\"https:\/\/orthopara.store\/index.php\/produit\/creme-cicatrisante-panthenol-cica-15g\/#primaryimage\"},\"image\":{\"@id\":\"https:\/\/orthopara.store\/index.php\/produit\/creme-cicatrisante-panthenol-cica-15g\/#primaryimage\"},\"thumbnailUrl\":\"https:\/\/orthopara.store\/wp-content\/uploads\/2024\/06\/creme-cicatrisante-panthenol-cica-15g.jpg\",\"datePublished\":\"2024-06-28T13:52:13+00:00\",\"dateModified\":\"2024-11-10T15:11:37+00:00\",\"breadcrumb\":{\"@id\":\"https:\/\/orthopara.store\/index.php\/produit\/creme-cicatrisante-panthenol-cica-15g\/#breadcrumb\"},\"inLanguage\":\"fr-FR\",\"potentialAction\":[{\"@type\":\"ReadAction\",\"target\":[\"https:\/\/orthopara.store\/index.php\/produit\/creme-cicatrisante-panthenol-cica-15g\/\"]}]},{\"@type\":\"ImageObject\",\"inLanguage\":\"fr-FR\",\"@id\":\"https:\/\/orthopara.store\/index.php\/produit\/creme-cicatrisante-panthenol-cica-15g\/#primaryimage\",\"url\":\"https:\/\/orthopara.store\/wp-content\/uploads\/2024\/06\/creme-cicatrisante-panthenol-cica-15g.jpg\",\"contentUrl\":\"https:\/\/orthopara.store\/wp-content\/uploads\/2024\/06\/creme-cicatrisante-panthenol-cica-15g.jpg\",\"width\":800,\"height\":800},{\"@type\":\"BreadcrumbList\",\"@id\":\"https:\/\/orthopara.store\/index.php\/produit\/creme-cicatrisante-panthenol-cica-15g\/#breadcrumb\",\"itemListElement\":[{\"@type\":\"ListItem\",\"position\":1,\"name\":\"Accueil\",\"item\":\"https:\/\/orthopara.store\/\"},{\"@type\":\"ListItem\",\"position\":2,\"name\":\"Shop\",\"item\":\"https:\/\/orthopara.store\/?page_id=622\"},{\"@type\":\"ListItem\",\"position\":3,\"name\":\"Cr\u00e8me cicatrisante &#8211; Panthenol Cica &#8211; 15g\"}]},{\"@type\":\"WebSite\",\"@id\":\"https:\/\/orthopara.store\/#website\",\"url\":\"https:\/\/orthopara.store\/\",\"name\":\"OrthoPara\",\"description\":\"Parapharmacie\",\"publisher\":{\"@id\":\"https:\/\/orthopara.store\/#organization\"},\"potentialAction\":[{\"@type\":\"SearchAction\",\"target\":{\"@type\":\"EntryPoint\",\"urlTemplate\":\"https:\/\/orthopara.store\/?s={search_term_string}\"},\"query-input\":\"required name=search_term_string\"}],\"inLanguage\":\"fr-FR\"},{\"@type\":\"Organization\",\"@id\":\"https:\/\/orthopara.store\/#organization\",\"name\":\"OrthoPara\",\"url\":\"https:\/\/orthopara.store\/\",\"logo\":{\"@type\":\"ImageObject\",\"inLanguage\":\"fr-FR\",\"@id\":\"https:\/\/orthopara.store\/#\/schema\/logo\/image\/\",\"url\":\"https:\/\/orthopara.store\/wp-content\/uploads\/2024\/06\/cropped-9ABA8BAD-6256-4719-9315-15C66E64E882.png\",\"contentUrl\":\"https:\/\/orthopara.store\/wp-content\/uploads\/2024\/06\/cropped-9ABA8BAD-6256-4719-9315-15C66E64E882.png\",\"width\":240,\"height\":72,\"caption\":\"OrthoPara\"},\"image\":{\"@id\":\"https:\/\/orthopara.store\/#\/schema\/logo\/image\/\"},\"sameAs\":[\"https:\/\/www.facebook.com\/profile.php?id=61561194315651\",\"https:\/\/www.instagram.com\/orthopara_tunisie\/\"]}]}<\/script>\n<!-- \/ Yoast SEO plugin. -->","yoast_head_json":{"title":"Cr\u00e8me cicatrisante - Panthenol Cica - 15g - OrthoPara","robots":{"index":"index","follow":"follow","max-snippet":"max-snippet:-1","max-image-preview":"max-image-preview:large","max-video-preview":"max-video-preview:-1"},"canonical":"https:\/\/orthopara.store\/index.php\/produit\/creme-cicatrisante-panthenol-cica-15g\/","og_locale":"fr_FR","og_type":"article","og_title":"Cr\u00e8me cicatrisante - Panthenol Cica - 15g - OrthoPara","og_description":"Panthenol Cica Cr\u00e8me cicatrisante anti-inflammatoire\u00a0 4 actifs cicatrisants agissant au niveau de toutes les phases de cicatrisation\u00a0 Texture cr\u00e8me fluide et l\u00e9g\u00e8re qui s'absorbe rapidement\u00a0\u00a0 Contenance : 15g DLC : 04\/2025","og_url":"https:\/\/orthopara.store\/index.php\/produit\/creme-cicatrisante-panthenol-cica-15g\/","og_site_name":"OrthoPara","article_publisher":"https:\/\/www.facebook.com\/profile.php?id=61561194315651","article_modified_time":"2024-11-10T15:11:37+00:00","og_image":[{"width":800,"height":800,"url":"https:\/\/orthopara.store\/wp-content\/uploads\/2024\/06\/creme-cicatrisante-panthenol-cica-15g.jpg","type":"image\/jpeg"}],"twitter_card":"summary_large_image","twitter_misc":{"Dur\u00e9e de lecture estim\u00e9e":"1 minute"},"schema":{"@context":"https:\/\/schema.org","@graph":[{"@type":"WebPage","@id":"https:\/\/orthopara.store\/index.php\/produit\/creme-cicatrisante-panthenol-cica-15g\/","url":"https:\/\/orthopara.store\/index.php\/produit\/creme-cicatrisante-panthenol-cica-15g\/","name":"Cr\u00e8me cicatrisante - Panthenol Cica - 15g - OrthoPara","isPartOf":{"@id":"https:\/\/orthopara.store\/#website"},"primaryImageOfPage":{"@id":"https:\/\/orthopara.store\/index.php\/produit\/creme-cicatrisante-panthenol-cica-15g\/#primaryimage"},"image":{"@id":"https:\/\/orthopara.store\/index.php\/produit\/creme-cicatrisante-panthenol-cica-15g\/#primaryimage"},"thumbnailUrl":"https:\/\/orthopara.store\/wp-content\/uploads\/2024\/06\/creme-cicatrisante-panthenol-cica-15g.jpg","datePublished":"2024-06-28T13:52:13+00:00","dateModified":"2024-11-10T15:11:37+00:00","breadcrumb":{"@id":"https:\/\/orthopara.store\/index.php\/produit\/creme-cicatrisante-panthenol-cica-15g\/#breadcrumb"},"inLanguage":"fr-FR","potentialAction":[{"@type":"ReadAction","target":["https:\/\/orthopara.store\/index.php\/produit\/creme-cicatrisante-panthenol-cica-15g\/"]}]},{"@type":"ImageObject","inLanguage":"fr-FR","@id":"https:\/\/orthopara.store\/index.php\/produit\/creme-cicatrisante-panthenol-cica-15g\/#primaryimage","url":"https:\/\/orthopara.store\/wp-content\/uploads\/2024\/06\/creme-cicatrisante-panthenol-cica-15g.jpg","contentUrl":"https:\/\/orthopara.store\/wp-content\/uploads\/2024\/06\/creme-cicatrisante-panthenol-cica-15g.jpg","width":800,"height":800},{"@type":"BreadcrumbList","@id":"https:\/\/orthopara.store\/index.php\/produit\/creme-cicatrisante-panthenol-cica-15g\/#breadcrumb","itemListElement":[{"@type":"ListItem","position":1,"name":"Accueil","item":"https:\/\/orthopara.store\/"},{"@type":"ListItem","position":2,"name":"Shop","item":"https:\/\/orthopara.store\/?page_id=622"},{"@type":"ListItem","position":3,"name":"Cr\u00e8me cicatrisante &#8211; Panthenol Cica &#8211; 15g"}]},{"@type":"WebSite","@id":"https:\/\/orthopara.store\/#website","url":"https:\/\/orthopara.store\/","name":"OrthoPara","description":"Parapharmacie","publisher":{"@id":"https:\/\/orthopara.store\/#organization"},"potentialAction":[{"@type":"SearchAction","target":{"@type":"EntryPoint","urlTemplate":"https:\/\/orthopara.store\/?s={search_term_string}"},"query-input":"required name=search_term_string"}],"inLanguage":"fr-FR"},{"@type":"Organization","@id":"https:\/\/orthopara.store\/#organization","name":"OrthoPara","url":"https:\/\/orthopara.store\/","logo":{"@type":"ImageObject","inLanguage":"fr-FR","@id":"https:\/\/orthopara.store\/#\/schema\/logo\/image\/","url":"https:\/\/orthopara.store\/wp-content\/uploads\/2024\/06\/cropped-9ABA8BAD-6256-4719-9315-15C66E64E882.png","contentUrl":"https:\/\/orthopara.store\/wp-content\/uploads\/2024\/06\/cropped-9ABA8BAD-6256-4719-9315-15C66E64E882.png","width":240,"height":72,"caption":"OrthoPara"},"image":{"@id":"https:\/\/orthopara.store\/#\/schema\/logo\/image\/"},"sameAs":["https:\/\/www.facebook.com\/profile.php?id=61561194315651","https:\/\/www.instagram.com\/orthopara_tunisie\/"]}]}},"jetpack_sharing_enabled":true,"brands":[{"id":154,"name":"Clover Pharmaceutic","slug":"clover-pharmaceutic"}],"_links":{"self":[{"href":"https:\/\/orthopara.store\/index.php?rest_route=\/wp\/v2\/product\/1220","targetHints":{"allow":["GET"]}}],"collection":[{"href":"https:\/\/orthopara.store\/index.php?rest_route=\/wp\/v2\/product"}],"about":[{"href":"https:\/\/orthopara.store\/index.php?rest_route=\/wp\/v2\/types\/product"}],"replies":[{"embeddable":true,"href":"https:\/\/orthopara.store\/index.php?rest_route=%2Fwp%2Fv2%2Fcomments&post=1220"}],"wp:featuredmedia":[{"embeddable":true,"href":"https:\/\/orthopara.store\/index.php?rest_route=\/wp\/v2\/media\/1241"}],"wp:attachment":[{"href":"https:\/\/orthopara.store\/index.php?rest_route=%2Fwp%2Fv2%2Fmedia&parent=1220"}],"wp:term":[{"taxonomy":"pwb-brand","embeddable":true,"href":"https:\/\/orthopara.store\/index.php?rest_route=%2Fwp%2Fv2%2Fpwb-brand&post=1220"},{"taxonomy":"product_cat","embeddable":true,"href":"https:\/\/orthopara.store\/index.php?rest_route=%2Fwp%2Fv2%2Fproduct_cat&post=1220"},{"taxonomy":"product_tag","embeddable":true,"href":"https:\/\/orthopara.store\/index.php?rest_route=%2Fwp%2Fv2%2Fproduct_tag&post=1220"}],"curies":[{"name":"wp","href":"https:\/\/api.w.org\/{rel}","templated":true}]}}