{"id":1309,"date":"2024-06-28T15:52:41","date_gmt":"2024-06-28T13:52:41","guid":{"rendered":"https:\/\/orthopara.store\/?post_type=product&#038;p=1309"},"modified":"2024-06-28T15:52:49","modified_gmt":"2024-06-28T13:52:49","slug":"vernis-invisible-stop-ongles-ronges-urgo-filmogel-9ml","status":"publish","type":"product","link":"https:\/\/orthopara.store\/?product=vernis-invisible-stop-ongles-ronges-urgo-filmogel-9ml","title":{"rendered":"Vernis invisible stop ongles rong\u00e9s &#8211; Urgo Filmogel &#8211; 9ml"},"content":{"rendered":"<p>Vernis invisible stop ongles rong\u00e9s &#8211; Urgo Filmogel &#8211; 9ml<br \/>\nUrgo Stop Ongles rong\u00e9s combine deux actions:<br \/>\nIl emp\u00eache de se ronger les ongles et de sucer son pouce, gr\u00e2ce \u00e0 l\u2019amertume de sa formule.<br \/>\nIl r\u00e9g\u00e9n\u00e8re et renforce la structure de l\u2019ongle, gr\u00e2ce \u00e0 l\u2019action restructurante de la vitamine E.<br \/>\nAinsi il permet de retrouver des ongles plus longs et plus r\u00e9sistants.<br \/>\nSes bienfaits :\u00a0<br \/>\nVernis\u00a0 tr\u00e8s amer<br \/>\nInvisible<br \/>\nRestructure &#038;\u00a0 renforce<br \/>\nD\u00e8s 3 ans<br \/>\nConseils d&rsquo;utilisation :<br \/>\nMode d\u2019emploi :<br \/>\n1. Le vernis amer s\u2019emploie comme un vernis classique. Il s\u2019applique quotidiennement sur des ongles propres et secs. Avant application, bien essuyer le pinceau sur le rebord du flacon afin d\u2019enlever le surplus de vernis. Le pinceau permet ensuite de recouvrir facilement et rapidement toute la surface de l\u2019ongle. Une fine couche de vernis est suffisante. Renouveler l\u2019op\u00e9ration si l\u2019ongle n\u2019a pas \u00e9t\u00e9 compl\u00e8tement recouvert au premier passage.<br \/>\n2. Le vernis devient totalement invisible en s\u00e9chant.<br \/>\n3. Pour une action optimale, proc\u00e9der \u00e0 l\u2019application du vernis une fois par jour, le matin apr\u00e8s la douche.<br \/>\n4. URGO STOP Ongles rong\u00e9s s\u2019utilise aussi longtemps que n\u00e9cessaire, jusqu\u2019\u00e0 retrouver un ongle sain et renforc\u00e9. URGO STOP Ongles rong\u00e9s s\u2019enl\u00e8ve avec un dissolvant classique.<br \/>\nPr\u00e9cautions d\u2019emploi :<br \/>\nAgiter avant emploi<br \/>\nBien refermer apr\u00e8s utilisation<br \/>\nPour application locale sur l\u2019ongle<br \/>\nNe pas avaler<br \/>\nEviter tout risque de contact avec les yeux lors de l\u2019application<br \/>\nA conserver \u00e0 l\u2019\u00e9cart de toute flamme ou source d\u2019\u00e9tincelle<br \/>\nNe pas fumer lors de l\u2019application et avant s\u00e9chage complet du produit, ni \u00e0 proximit\u00e9 du flacon ouvert<br \/>\nTenir hors de port\u00e9e des enfants<br \/>\nA partir de 3 ans<br \/>\nComposition :<br \/>\nAlcohol, Aqua, Ethyl acetate, Denatonium benzoate, Ethylcellulose, Ricinus communis seed oil, Hydroxypropyl chitosan, Tocopheryl acetate<\/p>\n","protected":false},"excerpt":{"rendered":"<p>Filmogel<br \/>\nTous les jours, des milliers d\u2019ongles sont mordill\u00e9s, rong\u00e9s et maltrait\u00e9s sans retenue. Se ronger les ongles est souvent un geste g\u00e9n\u00e9r\u00e9 par le stress et l\u2019ennui qui entra\u00eene une g\u00eane esth\u00e9tique et fragilise l\u2019ongle. Les ongles rong\u00e9s c\u2019est mooooche !<br \/>\nUrgo Stop Ongles rong\u00e9s est un vernis invisible, tr\u00e8s amer, qui contient de la vitamine E. Son amertume emp\u00eache les adultes et les enfants (d\u00e8s 3 ans) de se ronger les ongles et la vitamine E r\u00e9g\u00e9n\u00e8re et renforce la structure de l\u2019ongle.<br \/>\nConditionnement : flacon 9ml<br \/>\nDLC : 08\/2025<\/p>\n","protected":false},"featured_media":1332,"comment_status":"open","ping_status":"closed","template":"","meta":[],"pwb-brand":[157],"product_cat":[160],"product_tag":[],"class_list":{"0":"post-1309","1":"product","2":"type-product","3":"status-publish","4":"has-post-thumbnail","6":"pwb-brand-urgo","7":"product_cat-soins-des-mains","8":"post","9":"ws-product--style-1","11":"first","12":"instock","13":"shipping-taxable","14":"purchasable","15":"product-type-simple"},"yoast_head":"<!-- This site is optimized with the Yoast SEO plugin v23.0 - https:\/\/yoast.com\/wordpress\/plugins\/seo\/ -->\n<title>Vernis invisible stop ongles rong\u00e9s - Urgo Filmogel - 9ml - OrthoPara<\/title>\n<meta name=\"robots\" content=\"index, follow, max-snippet:-1, max-image-preview:large, max-video-preview:-1\" \/>\n<link rel=\"canonical\" href=\"https:\/\/orthopara.store\/index.php\/produit\/vernis-invisible-stop-ongles-ronges-urgo-filmogel-9ml\/\" \/>\n<meta property=\"og:locale\" content=\"fr_FR\" \/>\n<meta property=\"og:type\" content=\"article\" \/>\n<meta property=\"og:title\" content=\"Vernis invisible stop ongles rong\u00e9s - Urgo Filmogel - 9ml - OrthoPara\" \/>\n<meta property=\"og:description\" content=\"Filmogel Tous les jours, des milliers d\u2019ongles sont mordill\u00e9s, rong\u00e9s et maltrait\u00e9s sans retenue. Se ronger les ongles est souvent un geste g\u00e9n\u00e9r\u00e9 par le stress et l\u2019ennui qui entra\u00eene une g\u00eane esth\u00e9tique et fragilise l\u2019ongle. Les ongles rong\u00e9s c\u2019est mooooche ! Urgo Stop Ongles rong\u00e9s est un vernis invisible, tr\u00e8s amer, qui contient de la vitamine E. Son amertume emp\u00eache les adultes et les enfants (d\u00e8s 3 ans) de se ronger les ongles et la vitamine E r\u00e9g\u00e9n\u00e8re et renforce la structure de l\u2019ongle. Conditionnement : flacon 9ml DLC : 08\/2025\" \/>\n<meta property=\"og:url\" content=\"https:\/\/orthopara.store\/index.php\/produit\/vernis-invisible-stop-ongles-ronges-urgo-filmogel-9ml\/\" \/>\n<meta property=\"og:site_name\" content=\"OrthoPara\" \/>\n<meta property=\"article:publisher\" content=\"https:\/\/www.facebook.com\/profile.php?id=61561194315651\" \/>\n<meta property=\"article:modified_time\" content=\"2024-06-28T13:52:49+00:00\" \/>\n<meta property=\"og:image\" content=\"https:\/\/orthopara.store\/wp-content\/uploads\/2024\/06\/vernis-invisible-stop-ongles-ronges-urgo-filmogel-9ml.jpg\" \/>\n\t<meta property=\"og:image:width\" content=\"800\" \/>\n\t<meta property=\"og:image:height\" content=\"800\" \/>\n\t<meta property=\"og:image:type\" content=\"image\/jpeg\" \/>\n<meta name=\"twitter:card\" content=\"summary_large_image\" \/>\n<meta name=\"twitter:label1\" content=\"Dur\u00e9e de lecture estim\u00e9e\" \/>\n\t<meta name=\"twitter:data1\" content=\"2 minutes\" \/>\n<script type=\"application\/ld+json\" class=\"yoast-schema-graph\">{\"@context\":\"https:\/\/schema.org\",\"@graph\":[{\"@type\":\"WebPage\",\"@id\":\"https:\/\/orthopara.store\/index.php\/produit\/vernis-invisible-stop-ongles-ronges-urgo-filmogel-9ml\/\",\"url\":\"https:\/\/orthopara.store\/index.php\/produit\/vernis-invisible-stop-ongles-ronges-urgo-filmogel-9ml\/\",\"name\":\"Vernis invisible stop ongles rong\u00e9s - Urgo Filmogel - 9ml - OrthoPara\",\"isPartOf\":{\"@id\":\"https:\/\/orthopara.store\/#website\"},\"primaryImageOfPage\":{\"@id\":\"https:\/\/orthopara.store\/index.php\/produit\/vernis-invisible-stop-ongles-ronges-urgo-filmogel-9ml\/#primaryimage\"},\"image\":{\"@id\":\"https:\/\/orthopara.store\/index.php\/produit\/vernis-invisible-stop-ongles-ronges-urgo-filmogel-9ml\/#primaryimage\"},\"thumbnailUrl\":\"https:\/\/orthopara.store\/wp-content\/uploads\/2024\/06\/vernis-invisible-stop-ongles-ronges-urgo-filmogel-9ml.jpg\",\"datePublished\":\"2024-06-28T13:52:41+00:00\",\"dateModified\":\"2024-06-28T13:52:49+00:00\",\"breadcrumb\":{\"@id\":\"https:\/\/orthopara.store\/index.php\/produit\/vernis-invisible-stop-ongles-ronges-urgo-filmogel-9ml\/#breadcrumb\"},\"inLanguage\":\"fr-FR\",\"potentialAction\":[{\"@type\":\"ReadAction\",\"target\":[\"https:\/\/orthopara.store\/index.php\/produit\/vernis-invisible-stop-ongles-ronges-urgo-filmogel-9ml\/\"]}]},{\"@type\":\"ImageObject\",\"inLanguage\":\"fr-FR\",\"@id\":\"https:\/\/orthopara.store\/index.php\/produit\/vernis-invisible-stop-ongles-ronges-urgo-filmogel-9ml\/#primaryimage\",\"url\":\"https:\/\/orthopara.store\/wp-content\/uploads\/2024\/06\/vernis-invisible-stop-ongles-ronges-urgo-filmogel-9ml.jpg\",\"contentUrl\":\"https:\/\/orthopara.store\/wp-content\/uploads\/2024\/06\/vernis-invisible-stop-ongles-ronges-urgo-filmogel-9ml.jpg\",\"width\":800,\"height\":800},{\"@type\":\"BreadcrumbList\",\"@id\":\"https:\/\/orthopara.store\/index.php\/produit\/vernis-invisible-stop-ongles-ronges-urgo-filmogel-9ml\/#breadcrumb\",\"itemListElement\":[{\"@type\":\"ListItem\",\"position\":1,\"name\":\"Accueil\",\"item\":\"https:\/\/orthopara.store\/\"},{\"@type\":\"ListItem\",\"position\":2,\"name\":\"Shop\",\"item\":\"https:\/\/orthopara.store\/?page_id=622\"},{\"@type\":\"ListItem\",\"position\":3,\"name\":\"Vernis invisible stop ongles rong\u00e9s &#8211; Urgo Filmogel &#8211; 9ml\"}]},{\"@type\":\"WebSite\",\"@id\":\"https:\/\/orthopara.store\/#website\",\"url\":\"https:\/\/orthopara.store\/\",\"name\":\"OrthoPara\",\"description\":\"Parapharmacie\",\"publisher\":{\"@id\":\"https:\/\/orthopara.store\/#organization\"},\"potentialAction\":[{\"@type\":\"SearchAction\",\"target\":{\"@type\":\"EntryPoint\",\"urlTemplate\":\"https:\/\/orthopara.store\/?s={search_term_string}\"},\"query-input\":\"required name=search_term_string\"}],\"inLanguage\":\"fr-FR\"},{\"@type\":\"Organization\",\"@id\":\"https:\/\/orthopara.store\/#organization\",\"name\":\"OrthoPara\",\"url\":\"https:\/\/orthopara.store\/\",\"logo\":{\"@type\":\"ImageObject\",\"inLanguage\":\"fr-FR\",\"@id\":\"https:\/\/orthopara.store\/#\/schema\/logo\/image\/\",\"url\":\"https:\/\/orthopara.store\/wp-content\/uploads\/2024\/06\/cropped-9ABA8BAD-6256-4719-9315-15C66E64E882.png\",\"contentUrl\":\"https:\/\/orthopara.store\/wp-content\/uploads\/2024\/06\/cropped-9ABA8BAD-6256-4719-9315-15C66E64E882.png\",\"width\":240,\"height\":72,\"caption\":\"OrthoPara\"},\"image\":{\"@id\":\"https:\/\/orthopara.store\/#\/schema\/logo\/image\/\"},\"sameAs\":[\"https:\/\/www.facebook.com\/profile.php?id=61561194315651\",\"https:\/\/www.instagram.com\/orthopara_tunisie\/\"]}]}<\/script>\n<!-- \/ Yoast SEO plugin. -->","yoast_head_json":{"title":"Vernis invisible stop ongles rong\u00e9s - Urgo Filmogel - 9ml - OrthoPara","robots":{"index":"index","follow":"follow","max-snippet":"max-snippet:-1","max-image-preview":"max-image-preview:large","max-video-preview":"max-video-preview:-1"},"canonical":"https:\/\/orthopara.store\/index.php\/produit\/vernis-invisible-stop-ongles-ronges-urgo-filmogel-9ml\/","og_locale":"fr_FR","og_type":"article","og_title":"Vernis invisible stop ongles rong\u00e9s - Urgo Filmogel - 9ml - OrthoPara","og_description":"Filmogel Tous les jours, des milliers d\u2019ongles sont mordill\u00e9s, rong\u00e9s et maltrait\u00e9s sans retenue. Se ronger les ongles est souvent un geste g\u00e9n\u00e9r\u00e9 par le stress et l\u2019ennui qui entra\u00eene une g\u00eane esth\u00e9tique et fragilise l\u2019ongle. Les ongles rong\u00e9s c\u2019est mooooche ! Urgo Stop Ongles rong\u00e9s est un vernis invisible, tr\u00e8s amer, qui contient de la vitamine E. Son amertume emp\u00eache les adultes et les enfants (d\u00e8s 3 ans) de se ronger les ongles et la vitamine E r\u00e9g\u00e9n\u00e8re et renforce la structure de l\u2019ongle. Conditionnement : flacon 9ml DLC : 08\/2025","og_url":"https:\/\/orthopara.store\/index.php\/produit\/vernis-invisible-stop-ongles-ronges-urgo-filmogel-9ml\/","og_site_name":"OrthoPara","article_publisher":"https:\/\/www.facebook.com\/profile.php?id=61561194315651","article_modified_time":"2024-06-28T13:52:49+00:00","og_image":[{"width":800,"height":800,"url":"https:\/\/orthopara.store\/wp-content\/uploads\/2024\/06\/vernis-invisible-stop-ongles-ronges-urgo-filmogel-9ml.jpg","type":"image\/jpeg"}],"twitter_card":"summary_large_image","twitter_misc":{"Dur\u00e9e de lecture estim\u00e9e":"2 minutes"},"schema":{"@context":"https:\/\/schema.org","@graph":[{"@type":"WebPage","@id":"https:\/\/orthopara.store\/index.php\/produit\/vernis-invisible-stop-ongles-ronges-urgo-filmogel-9ml\/","url":"https:\/\/orthopara.store\/index.php\/produit\/vernis-invisible-stop-ongles-ronges-urgo-filmogel-9ml\/","name":"Vernis invisible stop ongles rong\u00e9s - Urgo Filmogel - 9ml - OrthoPara","isPartOf":{"@id":"https:\/\/orthopara.store\/#website"},"primaryImageOfPage":{"@id":"https:\/\/orthopara.store\/index.php\/produit\/vernis-invisible-stop-ongles-ronges-urgo-filmogel-9ml\/#primaryimage"},"image":{"@id":"https:\/\/orthopara.store\/index.php\/produit\/vernis-invisible-stop-ongles-ronges-urgo-filmogel-9ml\/#primaryimage"},"thumbnailUrl":"https:\/\/orthopara.store\/wp-content\/uploads\/2024\/06\/vernis-invisible-stop-ongles-ronges-urgo-filmogel-9ml.jpg","datePublished":"2024-06-28T13:52:41+00:00","dateModified":"2024-06-28T13:52:49+00:00","breadcrumb":{"@id":"https:\/\/orthopara.store\/index.php\/produit\/vernis-invisible-stop-ongles-ronges-urgo-filmogel-9ml\/#breadcrumb"},"inLanguage":"fr-FR","potentialAction":[{"@type":"ReadAction","target":["https:\/\/orthopara.store\/index.php\/produit\/vernis-invisible-stop-ongles-ronges-urgo-filmogel-9ml\/"]}]},{"@type":"ImageObject","inLanguage":"fr-FR","@id":"https:\/\/orthopara.store\/index.php\/produit\/vernis-invisible-stop-ongles-ronges-urgo-filmogel-9ml\/#primaryimage","url":"https:\/\/orthopara.store\/wp-content\/uploads\/2024\/06\/vernis-invisible-stop-ongles-ronges-urgo-filmogel-9ml.jpg","contentUrl":"https:\/\/orthopara.store\/wp-content\/uploads\/2024\/06\/vernis-invisible-stop-ongles-ronges-urgo-filmogel-9ml.jpg","width":800,"height":800},{"@type":"BreadcrumbList","@id":"https:\/\/orthopara.store\/index.php\/produit\/vernis-invisible-stop-ongles-ronges-urgo-filmogel-9ml\/#breadcrumb","itemListElement":[{"@type":"ListItem","position":1,"name":"Accueil","item":"https:\/\/orthopara.store\/"},{"@type":"ListItem","position":2,"name":"Shop","item":"https:\/\/orthopara.store\/?page_id=622"},{"@type":"ListItem","position":3,"name":"Vernis invisible stop ongles rong\u00e9s &#8211; Urgo Filmogel &#8211; 9ml"}]},{"@type":"WebSite","@id":"https:\/\/orthopara.store\/#website","url":"https:\/\/orthopara.store\/","name":"OrthoPara","description":"Parapharmacie","publisher":{"@id":"https:\/\/orthopara.store\/#organization"},"potentialAction":[{"@type":"SearchAction","target":{"@type":"EntryPoint","urlTemplate":"https:\/\/orthopara.store\/?s={search_term_string}"},"query-input":"required name=search_term_string"}],"inLanguage":"fr-FR"},{"@type":"Organization","@id":"https:\/\/orthopara.store\/#organization","name":"OrthoPara","url":"https:\/\/orthopara.store\/","logo":{"@type":"ImageObject","inLanguage":"fr-FR","@id":"https:\/\/orthopara.store\/#\/schema\/logo\/image\/","url":"https:\/\/orthopara.store\/wp-content\/uploads\/2024\/06\/cropped-9ABA8BAD-6256-4719-9315-15C66E64E882.png","contentUrl":"https:\/\/orthopara.store\/wp-content\/uploads\/2024\/06\/cropped-9ABA8BAD-6256-4719-9315-15C66E64E882.png","width":240,"height":72,"caption":"OrthoPara"},"image":{"@id":"https:\/\/orthopara.store\/#\/schema\/logo\/image\/"},"sameAs":["https:\/\/www.facebook.com\/profile.php?id=61561194315651","https:\/\/www.instagram.com\/orthopara_tunisie\/"]}]}},"jetpack_sharing_enabled":true,"brands":[{"id":157,"name":"Urgo","slug":"urgo"}],"_links":{"self":[{"href":"https:\/\/orthopara.store\/index.php?rest_route=\/wp\/v2\/product\/1309","targetHints":{"allow":["GET"]}}],"collection":[{"href":"https:\/\/orthopara.store\/index.php?rest_route=\/wp\/v2\/product"}],"about":[{"href":"https:\/\/orthopara.store\/index.php?rest_route=\/wp\/v2\/types\/product"}],"replies":[{"embeddable":true,"href":"https:\/\/orthopara.store\/index.php?rest_route=%2Fwp%2Fv2%2Fcomments&post=1309"}],"wp:featuredmedia":[{"embeddable":true,"href":"https:\/\/orthopara.store\/index.php?rest_route=\/wp\/v2\/media\/1332"}],"wp:attachment":[{"href":"https:\/\/orthopara.store\/index.php?rest_route=%2Fwp%2Fv2%2Fmedia&parent=1309"}],"wp:term":[{"taxonomy":"pwb-brand","embeddable":true,"href":"https:\/\/orthopara.store\/index.php?rest_route=%2Fwp%2Fv2%2Fpwb-brand&post=1309"},{"taxonomy":"product_cat","embeddable":true,"href":"https:\/\/orthopara.store\/index.php?rest_route=%2Fwp%2Fv2%2Fproduct_cat&post=1309"},{"taxonomy":"product_tag","embeddable":true,"href":"https:\/\/orthopara.store\/index.php?rest_route=%2Fwp%2Fv2%2Fproduct_tag&post=1309"}],"curies":[{"name":"wp","href":"https:\/\/api.w.org\/{rel}","templated":true}]}}