{"id":1315,"date":"2024-06-28T15:52:42","date_gmt":"2024-06-28T13:52:42","guid":{"rendered":"https:\/\/orthopara.store\/?post_type=product&#038;p=1315"},"modified":"2024-06-28T15:52:52","modified_gmt":"2024-06-28T13:52:52","slug":"savon-liquide-cedre-les-petits-bains-de-provence-1-litre","status":"publish","type":"product","link":"https:\/\/orthopara.store\/?product=savon-liquide-cedre-les-petits-bains-de-provence-1-litre","title":{"rendered":"Savon liquide cedre &#8211; Les Petits Bains De Provence &#8211; 1 litre"},"content":{"rendered":"<p>Les Savons Liquides\u00a0\u00a0du\u00a0Petits Bains de Provence\u00a0sont fabriqu\u00e9s \u00e0 l\u2019ancienne selon la m\u00e9thode de Marseille, cuits au chaudron sous la responsabilit\u00e9 d\u2019un Ma\u00eetre Savonnier et naturellement glyc\u00e9rin\u00e9s.<\/p>\n<p>SANS PARABEN, SANS HUILE DE PALME, SANS SULFATE, SANS GRAISSES ANIMALES<\/p>\n<p>Test\u00e9 sous contr\u00f4le dermatologique, il convient pour\u00a0tous types de peaux\u00a0et permet une toilette parfaite et parfum\u00e9e des mains et de la peau.<\/p>\n<p>Ingr\u00e9dients :\u00a0<\/p>\n<p>Aqua, Potassium cocoate, Glycerin, Parfum,\u00a0Hydroxyethylcellulose, TEA cocoate, Cocos nucifera oil,\u00a0BHT, Tetrasodium EDTA, Caramel, Benzyl benzoate.<\/p>\n<p>Utilisation\u00a0:<\/p>\n<p>Le savon liquide s&rsquo;utilise pour la toilette pour les mains et le visage. Eviter le contact avec les yeux. En cas de contact avec les yeux, rincer abondamment \u00e0 l\u2019eau claire. Ne pas utiliser chez les enfants de moins de 3 ans.<\/p>\n","protected":false},"excerpt":{"rendered":"<p>Les Savons Liquides\u00a0 du Petits Bains de Provence sont fabriqu\u00e9s \u00e0 l\u2019ancienne selon la m\u00e9thode de Marseille, cuits au chaudron sous la responsabilit\u00e9 d\u2019un Ma\u00eetre Savonnier et naturellement glyc\u00e9rin\u00e9s.<br \/>\nContenance\u00a01L\u00a0<br \/>\nDLC 12 mois apr\u00e8s ouverture du produit<\/p>\n","protected":false},"featured_media":1338,"comment_status":"open","ping_status":"closed","template":"","meta":[],"pwb-brand":[146],"product_cat":[160],"product_tag":[],"class_list":{"0":"post-1315","1":"product","2":"type-product","3":"status-publish","4":"has-post-thumbnail","6":"pwb-brand-les-petits-bains-de-provence","7":"product_cat-soins-des-mains","8":"post","9":"ws-product--style-1","11":"first","12":"instock","13":"shipping-taxable","14":"purchasable","15":"product-type-simple"},"yoast_head":"<!-- This site is optimized with the Yoast SEO plugin v23.0 - https:\/\/yoast.com\/wordpress\/plugins\/seo\/ -->\n<title>Savon liquide cedre - Les Petits Bains De Provence - 1 litre - OrthoPara<\/title>\n<meta name=\"robots\" content=\"index, follow, max-snippet:-1, max-image-preview:large, max-video-preview:-1\" \/>\n<link rel=\"canonical\" href=\"https:\/\/orthopara.store\/index.php\/produit\/savon-liquide-cedre-les-petits-bains-de-provence-1-litre\/\" \/>\n<meta property=\"og:locale\" content=\"fr_FR\" \/>\n<meta property=\"og:type\" content=\"article\" \/>\n<meta property=\"og:title\" content=\"Savon liquide cedre - Les Petits Bains De Provence - 1 litre - OrthoPara\" \/>\n<meta property=\"og:description\" content=\"Les Savons Liquides\u00a0 du Petits Bains de Provence sont fabriqu\u00e9s \u00e0 l\u2019ancienne selon la m\u00e9thode de Marseille, cuits au chaudron sous la responsabilit\u00e9 d\u2019un Ma\u00eetre Savonnier et naturellement glyc\u00e9rin\u00e9s. Contenance\u00a01L\u00a0 DLC 12 mois apr\u00e8s ouverture du produit\" \/>\n<meta property=\"og:url\" content=\"https:\/\/orthopara.store\/index.php\/produit\/savon-liquide-cedre-les-petits-bains-de-provence-1-litre\/\" \/>\n<meta property=\"og:site_name\" content=\"OrthoPara\" \/>\n<meta property=\"article:publisher\" content=\"https:\/\/www.facebook.com\/profile.php?id=61561194315651\" \/>\n<meta property=\"article:modified_time\" content=\"2024-06-28T13:52:52+00:00\" \/>\n<meta property=\"og:image\" content=\"https:\/\/orthopara.store\/wp-content\/uploads\/2024\/06\/bain-de-provence-savon-liquide-cedre-1-l.jpg\" \/>\n\t<meta property=\"og:image:width\" content=\"800\" \/>\n\t<meta property=\"og:image:height\" content=\"800\" \/>\n\t<meta property=\"og:image:type\" content=\"image\/jpeg\" \/>\n<meta name=\"twitter:card\" content=\"summary_large_image\" \/>\n<meta name=\"twitter:label1\" content=\"Dur\u00e9e de lecture estim\u00e9e\" \/>\n\t<meta name=\"twitter:data1\" content=\"1 minute\" \/>\n<script type=\"application\/ld+json\" class=\"yoast-schema-graph\">{\"@context\":\"https:\/\/schema.org\",\"@graph\":[{\"@type\":\"WebPage\",\"@id\":\"https:\/\/orthopara.store\/index.php\/produit\/savon-liquide-cedre-les-petits-bains-de-provence-1-litre\/\",\"url\":\"https:\/\/orthopara.store\/index.php\/produit\/savon-liquide-cedre-les-petits-bains-de-provence-1-litre\/\",\"name\":\"Savon liquide cedre - Les Petits Bains De Provence - 1 litre - OrthoPara\",\"isPartOf\":{\"@id\":\"https:\/\/orthopara.store\/#website\"},\"primaryImageOfPage\":{\"@id\":\"https:\/\/orthopara.store\/index.php\/produit\/savon-liquide-cedre-les-petits-bains-de-provence-1-litre\/#primaryimage\"},\"image\":{\"@id\":\"https:\/\/orthopara.store\/index.php\/produit\/savon-liquide-cedre-les-petits-bains-de-provence-1-litre\/#primaryimage\"},\"thumbnailUrl\":\"https:\/\/orthopara.store\/wp-content\/uploads\/2024\/06\/bain-de-provence-savon-liquide-cedre-1-l.jpg\",\"datePublished\":\"2024-06-28T13:52:42+00:00\",\"dateModified\":\"2024-06-28T13:52:52+00:00\",\"breadcrumb\":{\"@id\":\"https:\/\/orthopara.store\/index.php\/produit\/savon-liquide-cedre-les-petits-bains-de-provence-1-litre\/#breadcrumb\"},\"inLanguage\":\"fr-FR\",\"potentialAction\":[{\"@type\":\"ReadAction\",\"target\":[\"https:\/\/orthopara.store\/index.php\/produit\/savon-liquide-cedre-les-petits-bains-de-provence-1-litre\/\"]}]},{\"@type\":\"ImageObject\",\"inLanguage\":\"fr-FR\",\"@id\":\"https:\/\/orthopara.store\/index.php\/produit\/savon-liquide-cedre-les-petits-bains-de-provence-1-litre\/#primaryimage\",\"url\":\"https:\/\/orthopara.store\/wp-content\/uploads\/2024\/06\/bain-de-provence-savon-liquide-cedre-1-l.jpg\",\"contentUrl\":\"https:\/\/orthopara.store\/wp-content\/uploads\/2024\/06\/bain-de-provence-savon-liquide-cedre-1-l.jpg\",\"width\":800,\"height\":800},{\"@type\":\"BreadcrumbList\",\"@id\":\"https:\/\/orthopara.store\/index.php\/produit\/savon-liquide-cedre-les-petits-bains-de-provence-1-litre\/#breadcrumb\",\"itemListElement\":[{\"@type\":\"ListItem\",\"position\":1,\"name\":\"Accueil\",\"item\":\"https:\/\/orthopara.store\/\"},{\"@type\":\"ListItem\",\"position\":2,\"name\":\"Shop\",\"item\":\"https:\/\/orthopara.store\/?page_id=622\"},{\"@type\":\"ListItem\",\"position\":3,\"name\":\"Savon liquide cedre &#8211; Les Petits Bains De Provence &#8211; 1 litre\"}]},{\"@type\":\"WebSite\",\"@id\":\"https:\/\/orthopara.store\/#website\",\"url\":\"https:\/\/orthopara.store\/\",\"name\":\"OrthoPara\",\"description\":\"Parapharmacie\",\"publisher\":{\"@id\":\"https:\/\/orthopara.store\/#organization\"},\"potentialAction\":[{\"@type\":\"SearchAction\",\"target\":{\"@type\":\"EntryPoint\",\"urlTemplate\":\"https:\/\/orthopara.store\/?s={search_term_string}\"},\"query-input\":\"required name=search_term_string\"}],\"inLanguage\":\"fr-FR\"},{\"@type\":\"Organization\",\"@id\":\"https:\/\/orthopara.store\/#organization\",\"name\":\"OrthoPara\",\"url\":\"https:\/\/orthopara.store\/\",\"logo\":{\"@type\":\"ImageObject\",\"inLanguage\":\"fr-FR\",\"@id\":\"https:\/\/orthopara.store\/#\/schema\/logo\/image\/\",\"url\":\"https:\/\/orthopara.store\/wp-content\/uploads\/2024\/06\/cropped-9ABA8BAD-6256-4719-9315-15C66E64E882.png\",\"contentUrl\":\"https:\/\/orthopara.store\/wp-content\/uploads\/2024\/06\/cropped-9ABA8BAD-6256-4719-9315-15C66E64E882.png\",\"width\":240,\"height\":72,\"caption\":\"OrthoPara\"},\"image\":{\"@id\":\"https:\/\/orthopara.store\/#\/schema\/logo\/image\/\"},\"sameAs\":[\"https:\/\/www.facebook.com\/profile.php?id=61561194315651\",\"https:\/\/www.instagram.com\/orthopara_tunisie\/\"]}]}<\/script>\n<!-- \/ Yoast SEO plugin. -->","yoast_head_json":{"title":"Savon liquide cedre - Les Petits Bains De Provence - 1 litre - OrthoPara","robots":{"index":"index","follow":"follow","max-snippet":"max-snippet:-1","max-image-preview":"max-image-preview:large","max-video-preview":"max-video-preview:-1"},"canonical":"https:\/\/orthopara.store\/index.php\/produit\/savon-liquide-cedre-les-petits-bains-de-provence-1-litre\/","og_locale":"fr_FR","og_type":"article","og_title":"Savon liquide cedre - Les Petits Bains De Provence - 1 litre - OrthoPara","og_description":"Les Savons Liquides\u00a0 du Petits Bains de Provence sont fabriqu\u00e9s \u00e0 l\u2019ancienne selon la m\u00e9thode de Marseille, cuits au chaudron sous la responsabilit\u00e9 d\u2019un Ma\u00eetre Savonnier et naturellement glyc\u00e9rin\u00e9s. Contenance\u00a01L\u00a0 DLC 12 mois apr\u00e8s ouverture du produit","og_url":"https:\/\/orthopara.store\/index.php\/produit\/savon-liquide-cedre-les-petits-bains-de-provence-1-litre\/","og_site_name":"OrthoPara","article_publisher":"https:\/\/www.facebook.com\/profile.php?id=61561194315651","article_modified_time":"2024-06-28T13:52:52+00:00","og_image":[{"width":800,"height":800,"url":"https:\/\/orthopara.store\/wp-content\/uploads\/2024\/06\/bain-de-provence-savon-liquide-cedre-1-l.jpg","type":"image\/jpeg"}],"twitter_card":"summary_large_image","twitter_misc":{"Dur\u00e9e de lecture estim\u00e9e":"1 minute"},"schema":{"@context":"https:\/\/schema.org","@graph":[{"@type":"WebPage","@id":"https:\/\/orthopara.store\/index.php\/produit\/savon-liquide-cedre-les-petits-bains-de-provence-1-litre\/","url":"https:\/\/orthopara.store\/index.php\/produit\/savon-liquide-cedre-les-petits-bains-de-provence-1-litre\/","name":"Savon liquide cedre - Les Petits Bains De Provence - 1 litre - OrthoPara","isPartOf":{"@id":"https:\/\/orthopara.store\/#website"},"primaryImageOfPage":{"@id":"https:\/\/orthopara.store\/index.php\/produit\/savon-liquide-cedre-les-petits-bains-de-provence-1-litre\/#primaryimage"},"image":{"@id":"https:\/\/orthopara.store\/index.php\/produit\/savon-liquide-cedre-les-petits-bains-de-provence-1-litre\/#primaryimage"},"thumbnailUrl":"https:\/\/orthopara.store\/wp-content\/uploads\/2024\/06\/bain-de-provence-savon-liquide-cedre-1-l.jpg","datePublished":"2024-06-28T13:52:42+00:00","dateModified":"2024-06-28T13:52:52+00:00","breadcrumb":{"@id":"https:\/\/orthopara.store\/index.php\/produit\/savon-liquide-cedre-les-petits-bains-de-provence-1-litre\/#breadcrumb"},"inLanguage":"fr-FR","potentialAction":[{"@type":"ReadAction","target":["https:\/\/orthopara.store\/index.php\/produit\/savon-liquide-cedre-les-petits-bains-de-provence-1-litre\/"]}]},{"@type":"ImageObject","inLanguage":"fr-FR","@id":"https:\/\/orthopara.store\/index.php\/produit\/savon-liquide-cedre-les-petits-bains-de-provence-1-litre\/#primaryimage","url":"https:\/\/orthopara.store\/wp-content\/uploads\/2024\/06\/bain-de-provence-savon-liquide-cedre-1-l.jpg","contentUrl":"https:\/\/orthopara.store\/wp-content\/uploads\/2024\/06\/bain-de-provence-savon-liquide-cedre-1-l.jpg","width":800,"height":800},{"@type":"BreadcrumbList","@id":"https:\/\/orthopara.store\/index.php\/produit\/savon-liquide-cedre-les-petits-bains-de-provence-1-litre\/#breadcrumb","itemListElement":[{"@type":"ListItem","position":1,"name":"Accueil","item":"https:\/\/orthopara.store\/"},{"@type":"ListItem","position":2,"name":"Shop","item":"https:\/\/orthopara.store\/?page_id=622"},{"@type":"ListItem","position":3,"name":"Savon liquide cedre &#8211; Les Petits Bains De Provence &#8211; 1 litre"}]},{"@type":"WebSite","@id":"https:\/\/orthopara.store\/#website","url":"https:\/\/orthopara.store\/","name":"OrthoPara","description":"Parapharmacie","publisher":{"@id":"https:\/\/orthopara.store\/#organization"},"potentialAction":[{"@type":"SearchAction","target":{"@type":"EntryPoint","urlTemplate":"https:\/\/orthopara.store\/?s={search_term_string}"},"query-input":"required name=search_term_string"}],"inLanguage":"fr-FR"},{"@type":"Organization","@id":"https:\/\/orthopara.store\/#organization","name":"OrthoPara","url":"https:\/\/orthopara.store\/","logo":{"@type":"ImageObject","inLanguage":"fr-FR","@id":"https:\/\/orthopara.store\/#\/schema\/logo\/image\/","url":"https:\/\/orthopara.store\/wp-content\/uploads\/2024\/06\/cropped-9ABA8BAD-6256-4719-9315-15C66E64E882.png","contentUrl":"https:\/\/orthopara.store\/wp-content\/uploads\/2024\/06\/cropped-9ABA8BAD-6256-4719-9315-15C66E64E882.png","width":240,"height":72,"caption":"OrthoPara"},"image":{"@id":"https:\/\/orthopara.store\/#\/schema\/logo\/image\/"},"sameAs":["https:\/\/www.facebook.com\/profile.php?id=61561194315651","https:\/\/www.instagram.com\/orthopara_tunisie\/"]}]}},"jetpack_sharing_enabled":true,"brands":[{"id":146,"name":"Les petits bains de Provence","slug":"les-petits-bains-de-provence"}],"_links":{"self":[{"href":"https:\/\/orthopara.store\/index.php?rest_route=\/wp\/v2\/product\/1315","targetHints":{"allow":["GET"]}}],"collection":[{"href":"https:\/\/orthopara.store\/index.php?rest_route=\/wp\/v2\/product"}],"about":[{"href":"https:\/\/orthopara.store\/index.php?rest_route=\/wp\/v2\/types\/product"}],"replies":[{"embeddable":true,"href":"https:\/\/orthopara.store\/index.php?rest_route=%2Fwp%2Fv2%2Fcomments&post=1315"}],"wp:featuredmedia":[{"embeddable":true,"href":"https:\/\/orthopara.store\/index.php?rest_route=\/wp\/v2\/media\/1338"}],"wp:attachment":[{"href":"https:\/\/orthopara.store\/index.php?rest_route=%2Fwp%2Fv2%2Fmedia&parent=1315"}],"wp:term":[{"taxonomy":"pwb-brand","embeddable":true,"href":"https:\/\/orthopara.store\/index.php?rest_route=%2Fwp%2Fv2%2Fpwb-brand&post=1315"},{"taxonomy":"product_cat","embeddable":true,"href":"https:\/\/orthopara.store\/index.php?rest_route=%2Fwp%2Fv2%2Fproduct_cat&post=1315"},{"taxonomy":"product_tag","embeddable":true,"href":"https:\/\/orthopara.store\/index.php?rest_route=%2Fwp%2Fv2%2Fproduct_tag&post=1315"}],"curies":[{"name":"wp","href":"https:\/\/api.w.org\/{rel}","templated":true}]}}