{"id":1343,"date":"2024-06-28T15:52:53","date_gmt":"2024-06-28T13:52:53","guid":{"rendered":"https:\/\/orthopara.store\/?post_type=product&#038;p=1343"},"modified":"2024-06-28T15:52:58","modified_gmt":"2024-06-28T13:52:58","slug":"savon-de-marseille-laino-the-authentique-150g","status":"publish","type":"product","link":"https:\/\/orthopara.store\/?product=savon-de-marseille-laino-the-authentique-150g","title":{"rendered":"Savon de marseille &#8211; Laino The Authentique &#8211; 150g"},"content":{"rendered":"<p>Savon de marseille &#8211; Laino The Authentique &#8211; 150g<br \/>\nLaino a s\u00e9lectionn\u00e9 le meilleur des actifs pour formuler l\u2019Authentique Savon de Marseille.<br \/>\nGr\u00e2ce \u00e0 sa recette \u00e0 partir d\u2019huiles\u00a0exclusivement\u00a0v\u00e9g\u00e9tales, ce savon\u00a0sans parfum\u00a0et\u00a0sans colorant,\u00a0nettoie la peau au quotidien.<br \/>\nConseils d&rsquo;utilisation :<br \/>\nFaites mousser sur la peau et les mains\u00a0puis rincez abondamment.\u00a0<br \/>\nComposition :<br \/>\nSodium Palmate, Sodium Palm Kernelate, Aqua (Water) \/ Eau, Glycerin, Sodium Chloride, Tetrasodium<\/p>\n","protected":false},"excerpt":{"rendered":"<p>Laino The Authentique<br \/>\nSavon de marseille<br \/>\nNettoyez votre peau en douceur avec l&rsquo;Authentique Savon de Marseille de Laino ! Formul\u00e9 avec des huiles v\u00e9g\u00e9tales naturelles, ce savon sans parfum ni colorant laisse votre peau propre et saine.<br \/>\nPoids net : 150gr<br \/>\nDLC : 09\/2025<\/p>\n","protected":false},"featured_media":1364,"comment_status":"open","ping_status":"closed","template":"","meta":[],"pwb-brand":[51],"product_cat":[161],"product_tag":[],"class_list":{"0":"post-1343","1":"product","2":"type-product","3":"status-publish","4":"has-post-thumbnail","6":"pwb-brand-laino","7":"product_cat-nettoyage-du-corps-et-gommage","8":"post","9":"ws-product--style-1","11":"first","12":"instock","13":"shipping-taxable","14":"purchasable","15":"product-type-simple"},"yoast_head":"<!-- This site is optimized with the Yoast SEO plugin v23.0 - https:\/\/yoast.com\/wordpress\/plugins\/seo\/ -->\n<title>Savon de marseille - Laino The Authentique - 150g - OrthoPara<\/title>\n<meta name=\"robots\" content=\"index, follow, max-snippet:-1, max-image-preview:large, max-video-preview:-1\" \/>\n<link rel=\"canonical\" href=\"https:\/\/orthopara.store\/index.php\/produit\/savon-de-marseille-laino-the-authentique-150g\/\" \/>\n<meta property=\"og:locale\" content=\"fr_FR\" \/>\n<meta property=\"og:type\" content=\"article\" \/>\n<meta property=\"og:title\" content=\"Savon de marseille - Laino The Authentique - 150g - OrthoPara\" \/>\n<meta property=\"og:description\" content=\"Laino The Authentique Savon de marseille Nettoyez votre peau en douceur avec l&#039;Authentique Savon de Marseille de Laino ! Formul\u00e9 avec des huiles v\u00e9g\u00e9tales naturelles, ce savon sans parfum ni colorant laisse votre peau propre et saine. Poids net : 150gr DLC : 09\/2025\" \/>\n<meta property=\"og:url\" content=\"https:\/\/orthopara.store\/index.php\/produit\/savon-de-marseille-laino-the-authentique-150g\/\" \/>\n<meta property=\"og:site_name\" content=\"OrthoPara\" \/>\n<meta property=\"article:publisher\" content=\"https:\/\/www.facebook.com\/profile.php?id=61561194315651\" \/>\n<meta property=\"article:modified_time\" content=\"2024-06-28T13:52:58+00:00\" \/>\n<meta property=\"og:image\" content=\"https:\/\/orthopara.store\/wp-content\/uploads\/2024\/06\/savon-de-marseille-laino-the-authentique-150g.jpg\" \/>\n\t<meta property=\"og:image:width\" content=\"800\" \/>\n\t<meta property=\"og:image:height\" content=\"800\" \/>\n\t<meta property=\"og:image:type\" content=\"image\/jpeg\" \/>\n<meta name=\"twitter:card\" content=\"summary_large_image\" \/>\n<script type=\"application\/ld+json\" class=\"yoast-schema-graph\">{\"@context\":\"https:\/\/schema.org\",\"@graph\":[{\"@type\":\"WebPage\",\"@id\":\"https:\/\/orthopara.store\/index.php\/produit\/savon-de-marseille-laino-the-authentique-150g\/\",\"url\":\"https:\/\/orthopara.store\/index.php\/produit\/savon-de-marseille-laino-the-authentique-150g\/\",\"name\":\"Savon de marseille - Laino The Authentique - 150g - OrthoPara\",\"isPartOf\":{\"@id\":\"https:\/\/orthopara.store\/#website\"},\"primaryImageOfPage\":{\"@id\":\"https:\/\/orthopara.store\/index.php\/produit\/savon-de-marseille-laino-the-authentique-150g\/#primaryimage\"},\"image\":{\"@id\":\"https:\/\/orthopara.store\/index.php\/produit\/savon-de-marseille-laino-the-authentique-150g\/#primaryimage\"},\"thumbnailUrl\":\"https:\/\/orthopara.store\/wp-content\/uploads\/2024\/06\/savon-de-marseille-laino-the-authentique-150g.jpg\",\"datePublished\":\"2024-06-28T13:52:53+00:00\",\"dateModified\":\"2024-06-28T13:52:58+00:00\",\"breadcrumb\":{\"@id\":\"https:\/\/orthopara.store\/index.php\/produit\/savon-de-marseille-laino-the-authentique-150g\/#breadcrumb\"},\"inLanguage\":\"fr-FR\",\"potentialAction\":[{\"@type\":\"ReadAction\",\"target\":[\"https:\/\/orthopara.store\/index.php\/produit\/savon-de-marseille-laino-the-authentique-150g\/\"]}]},{\"@type\":\"ImageObject\",\"inLanguage\":\"fr-FR\",\"@id\":\"https:\/\/orthopara.store\/index.php\/produit\/savon-de-marseille-laino-the-authentique-150g\/#primaryimage\",\"url\":\"https:\/\/orthopara.store\/wp-content\/uploads\/2024\/06\/savon-de-marseille-laino-the-authentique-150g.jpg\",\"contentUrl\":\"https:\/\/orthopara.store\/wp-content\/uploads\/2024\/06\/savon-de-marseille-laino-the-authentique-150g.jpg\",\"width\":800,\"height\":800},{\"@type\":\"BreadcrumbList\",\"@id\":\"https:\/\/orthopara.store\/index.php\/produit\/savon-de-marseille-laino-the-authentique-150g\/#breadcrumb\",\"itemListElement\":[{\"@type\":\"ListItem\",\"position\":1,\"name\":\"Accueil\",\"item\":\"https:\/\/orthopara.store\/\"},{\"@type\":\"ListItem\",\"position\":2,\"name\":\"Shop\",\"item\":\"https:\/\/orthopara.store\/?page_id=622\"},{\"@type\":\"ListItem\",\"position\":3,\"name\":\"Savon de marseille &#8211; Laino The Authentique &#8211; 150g\"}]},{\"@type\":\"WebSite\",\"@id\":\"https:\/\/orthopara.store\/#website\",\"url\":\"https:\/\/orthopara.store\/\",\"name\":\"OrthoPara\",\"description\":\"Parapharmacie\",\"publisher\":{\"@id\":\"https:\/\/orthopara.store\/#organization\"},\"potentialAction\":[{\"@type\":\"SearchAction\",\"target\":{\"@type\":\"EntryPoint\",\"urlTemplate\":\"https:\/\/orthopara.store\/?s={search_term_string}\"},\"query-input\":\"required name=search_term_string\"}],\"inLanguage\":\"fr-FR\"},{\"@type\":\"Organization\",\"@id\":\"https:\/\/orthopara.store\/#organization\",\"name\":\"OrthoPara\",\"url\":\"https:\/\/orthopara.store\/\",\"logo\":{\"@type\":\"ImageObject\",\"inLanguage\":\"fr-FR\",\"@id\":\"https:\/\/orthopara.store\/#\/schema\/logo\/image\/\",\"url\":\"https:\/\/orthopara.store\/wp-content\/uploads\/2024\/06\/cropped-9ABA8BAD-6256-4719-9315-15C66E64E882.png\",\"contentUrl\":\"https:\/\/orthopara.store\/wp-content\/uploads\/2024\/06\/cropped-9ABA8BAD-6256-4719-9315-15C66E64E882.png\",\"width\":240,\"height\":72,\"caption\":\"OrthoPara\"},\"image\":{\"@id\":\"https:\/\/orthopara.store\/#\/schema\/logo\/image\/\"},\"sameAs\":[\"https:\/\/www.facebook.com\/profile.php?id=61561194315651\",\"https:\/\/www.instagram.com\/orthopara_tunisie\/\"]}]}<\/script>\n<!-- \/ Yoast SEO plugin. -->","yoast_head_json":{"title":"Savon de marseille - Laino The Authentique - 150g - OrthoPara","robots":{"index":"index","follow":"follow","max-snippet":"max-snippet:-1","max-image-preview":"max-image-preview:large","max-video-preview":"max-video-preview:-1"},"canonical":"https:\/\/orthopara.store\/index.php\/produit\/savon-de-marseille-laino-the-authentique-150g\/","og_locale":"fr_FR","og_type":"article","og_title":"Savon de marseille - Laino The Authentique - 150g - OrthoPara","og_description":"Laino The Authentique Savon de marseille Nettoyez votre peau en douceur avec l'Authentique Savon de Marseille de Laino ! Formul\u00e9 avec des huiles v\u00e9g\u00e9tales naturelles, ce savon sans parfum ni colorant laisse votre peau propre et saine. Poids net : 150gr DLC : 09\/2025","og_url":"https:\/\/orthopara.store\/index.php\/produit\/savon-de-marseille-laino-the-authentique-150g\/","og_site_name":"OrthoPara","article_publisher":"https:\/\/www.facebook.com\/profile.php?id=61561194315651","article_modified_time":"2024-06-28T13:52:58+00:00","og_image":[{"width":800,"height":800,"url":"https:\/\/orthopara.store\/wp-content\/uploads\/2024\/06\/savon-de-marseille-laino-the-authentique-150g.jpg","type":"image\/jpeg"}],"twitter_card":"summary_large_image","schema":{"@context":"https:\/\/schema.org","@graph":[{"@type":"WebPage","@id":"https:\/\/orthopara.store\/index.php\/produit\/savon-de-marseille-laino-the-authentique-150g\/","url":"https:\/\/orthopara.store\/index.php\/produit\/savon-de-marseille-laino-the-authentique-150g\/","name":"Savon de marseille - Laino The Authentique - 150g - OrthoPara","isPartOf":{"@id":"https:\/\/orthopara.store\/#website"},"primaryImageOfPage":{"@id":"https:\/\/orthopara.store\/index.php\/produit\/savon-de-marseille-laino-the-authentique-150g\/#primaryimage"},"image":{"@id":"https:\/\/orthopara.store\/index.php\/produit\/savon-de-marseille-laino-the-authentique-150g\/#primaryimage"},"thumbnailUrl":"https:\/\/orthopara.store\/wp-content\/uploads\/2024\/06\/savon-de-marseille-laino-the-authentique-150g.jpg","datePublished":"2024-06-28T13:52:53+00:00","dateModified":"2024-06-28T13:52:58+00:00","breadcrumb":{"@id":"https:\/\/orthopara.store\/index.php\/produit\/savon-de-marseille-laino-the-authentique-150g\/#breadcrumb"},"inLanguage":"fr-FR","potentialAction":[{"@type":"ReadAction","target":["https:\/\/orthopara.store\/index.php\/produit\/savon-de-marseille-laino-the-authentique-150g\/"]}]},{"@type":"ImageObject","inLanguage":"fr-FR","@id":"https:\/\/orthopara.store\/index.php\/produit\/savon-de-marseille-laino-the-authentique-150g\/#primaryimage","url":"https:\/\/orthopara.store\/wp-content\/uploads\/2024\/06\/savon-de-marseille-laino-the-authentique-150g.jpg","contentUrl":"https:\/\/orthopara.store\/wp-content\/uploads\/2024\/06\/savon-de-marseille-laino-the-authentique-150g.jpg","width":800,"height":800},{"@type":"BreadcrumbList","@id":"https:\/\/orthopara.store\/index.php\/produit\/savon-de-marseille-laino-the-authentique-150g\/#breadcrumb","itemListElement":[{"@type":"ListItem","position":1,"name":"Accueil","item":"https:\/\/orthopara.store\/"},{"@type":"ListItem","position":2,"name":"Shop","item":"https:\/\/orthopara.store\/?page_id=622"},{"@type":"ListItem","position":3,"name":"Savon de marseille &#8211; Laino The Authentique &#8211; 150g"}]},{"@type":"WebSite","@id":"https:\/\/orthopara.store\/#website","url":"https:\/\/orthopara.store\/","name":"OrthoPara","description":"Parapharmacie","publisher":{"@id":"https:\/\/orthopara.store\/#organization"},"potentialAction":[{"@type":"SearchAction","target":{"@type":"EntryPoint","urlTemplate":"https:\/\/orthopara.store\/?s={search_term_string}"},"query-input":"required name=search_term_string"}],"inLanguage":"fr-FR"},{"@type":"Organization","@id":"https:\/\/orthopara.store\/#organization","name":"OrthoPara","url":"https:\/\/orthopara.store\/","logo":{"@type":"ImageObject","inLanguage":"fr-FR","@id":"https:\/\/orthopara.store\/#\/schema\/logo\/image\/","url":"https:\/\/orthopara.store\/wp-content\/uploads\/2024\/06\/cropped-9ABA8BAD-6256-4719-9315-15C66E64E882.png","contentUrl":"https:\/\/orthopara.store\/wp-content\/uploads\/2024\/06\/cropped-9ABA8BAD-6256-4719-9315-15C66E64E882.png","width":240,"height":72,"caption":"OrthoPara"},"image":{"@id":"https:\/\/orthopara.store\/#\/schema\/logo\/image\/"},"sameAs":["https:\/\/www.facebook.com\/profile.php?id=61561194315651","https:\/\/www.instagram.com\/orthopara_tunisie\/"]}]}},"jetpack_sharing_enabled":true,"brands":[{"id":51,"name":"LAINO","slug":"laino"}],"_links":{"self":[{"href":"https:\/\/orthopara.store\/index.php?rest_route=\/wp\/v2\/product\/1343","targetHints":{"allow":["GET"]}}],"collection":[{"href":"https:\/\/orthopara.store\/index.php?rest_route=\/wp\/v2\/product"}],"about":[{"href":"https:\/\/orthopara.store\/index.php?rest_route=\/wp\/v2\/types\/product"}],"replies":[{"embeddable":true,"href":"https:\/\/orthopara.store\/index.php?rest_route=%2Fwp%2Fv2%2Fcomments&post=1343"}],"wp:featuredmedia":[{"embeddable":true,"href":"https:\/\/orthopara.store\/index.php?rest_route=\/wp\/v2\/media\/1364"}],"wp:attachment":[{"href":"https:\/\/orthopara.store\/index.php?rest_route=%2Fwp%2Fv2%2Fmedia&parent=1343"}],"wp:term":[{"taxonomy":"pwb-brand","embeddable":true,"href":"https:\/\/orthopara.store\/index.php?rest_route=%2Fwp%2Fv2%2Fpwb-brand&post=1343"},{"taxonomy":"product_cat","embeddable":true,"href":"https:\/\/orthopara.store\/index.php?rest_route=%2Fwp%2Fv2%2Fproduct_cat&post=1343"},{"taxonomy":"product_tag","embeddable":true,"href":"https:\/\/orthopara.store\/index.php?rest_route=%2Fwp%2Fv2%2Fproduct_tag&post=1343"}],"curies":[{"name":"wp","href":"https:\/\/api.w.org\/{rel}","templated":true}]}}