{"id":1485,"date":"2024-06-28T15:53:40","date_gmt":"2024-06-28T13:53:40","guid":{"rendered":"https:\/\/orthopara.store\/?post_type=product&#038;p=1485"},"modified":"2024-06-28T15:53:44","modified_gmt":"2024-06-28T13:53:44","slug":"cuillere-biberon-en-silicone-poco-baby-4m","status":"publish","type":"product","link":"https:\/\/orthopara.store\/?product=cuillere-biberon-en-silicone-poco-baby-4m","title":{"rendered":"Cuill\u00e8re biberon en silicone &#8211; Poco Baby &#8211; 4m+"},"content":{"rendered":"<p>Cuill\u00e8re biberon en silicone &#8211; Poco Baby &#8211; 4m+<br \/>\nLa cuill\u00e8re Poco Baby garantit un contact agr\u00e9able gr\u00e2ce \u00e0 la mati\u00e8re douce et soyeuse avec laquelle il a \u00e9t\u00e9 confectionn\u00e9.<br \/>\nLa cuill\u00e8re biberon est compatible seulement avec les biberons silicone Pocobaby.<br \/>\nLa texture et la forme de la cuill\u00e8re conviennent parfaitement aux nouveau-n\u00e9s qui rencontrent des probl\u00e8mes de t\u00e9t\u00e9e.<br \/>\nExcellent accessoire pour le confort et le bien-\u00eatre des tout-petits, vous pouvez facilement l\u2019emporter \u00e0 l\u2019ext\u00e9rieur de la maison et vous en servir partout!<br \/>\nPoco baby propose une cuill\u00e8re fabriqu\u00e9e en silicone m\u00e9dical extra souple pour faciliter \u00e0 votre b\u00e9b\u00e9 le passage du biberon t\u00e9tine \u00e0 l\u2019usage de la cuill\u00e8re. Elle est:<br \/>\nSans go\u00fbt<br \/>\nSans odeur<br \/>\nSans BPA<br \/>\nCon\u00e7ue selon les normes europ\u00e9ennes.<br \/>\nLa cuill\u00e8re biberon Poco baby est :<br \/>\nPratique et souple, son embout est parfait pour la bouche de b\u00e9b\u00e9.<br \/>\nFlexible vous permet de presser d\u2019une seule main pour obtenir la quantit\u00e9 de nourriture souhait\u00e9e. La quantit\u00e9 de nourriture absorb\u00e9e par le b\u00e9b\u00e9 peut \u00eatre contr\u00f4l\u00e9e en toute simplicit\u00e9.<\/p>\n","protected":false},"excerpt":{"rendered":"<p>Poco Baby<br \/>\nCuill\u00e8re-Biberon 100% silicone<br \/>\nPoco baby propose une cuill\u00e8re fabriqu\u00e9e en silicone m\u00e9dical extra souple pour faciliter \u00e0 votre b\u00e9b\u00e9 le passage du biberon t\u00e9tine \u00e0 l\u2019usage de la cuill\u00e8re. Elle est:<br \/>\nSans go\u00fbt<br \/>\nSans odeur<br \/>\nSans BPA<br \/>\nCon\u00e7ue selon les normes europ\u00e9ennes.<\/p>\n","protected":false},"featured_media":1506,"comment_status":"open","ping_status":"closed","template":"","meta":[],"pwb-brand":[169],"product_cat":[175],"product_tag":[],"class_list":{"0":"post-1485","1":"product","2":"type-product","3":"status-publish","4":"has-post-thumbnail","6":"pwb-brand-poco-baby","7":"product_cat-tetines","8":"post","9":"ws-product--style-1","11":"first","12":"instock","13":"shipping-taxable","14":"purchasable","15":"product-type-simple"},"yoast_head":"<!-- This site is optimized with the Yoast SEO plugin v23.0 - https:\/\/yoast.com\/wordpress\/plugins\/seo\/ -->\n<title>Cuill\u00e8re biberon en silicone - Poco Baby - 4m+ - OrthoPara<\/title>\n<meta name=\"robots\" content=\"index, follow, max-snippet:-1, max-image-preview:large, max-video-preview:-1\" \/>\n<link rel=\"canonical\" href=\"https:\/\/orthopara.store\/index.php\/produit\/cuillere-biberon-en-silicone-poco-baby-4m\/\" \/>\n<meta property=\"og:locale\" content=\"fr_FR\" \/>\n<meta property=\"og:type\" content=\"article\" \/>\n<meta property=\"og:title\" content=\"Cuill\u00e8re biberon en silicone - Poco Baby - 4m+ - OrthoPara\" \/>\n<meta property=\"og:description\" content=\"Poco Baby Cuill\u00e8re-Biberon 100% silicone Poco baby propose une cuill\u00e8re fabriqu\u00e9e en silicone m\u00e9dical extra souple pour faciliter \u00e0 votre b\u00e9b\u00e9 le passage du biberon t\u00e9tine \u00e0 l\u2019usage de la cuill\u00e8re. Elle est: Sans go\u00fbt Sans odeur Sans BPA Con\u00e7ue selon les normes europ\u00e9ennes.\" \/>\n<meta property=\"og:url\" content=\"https:\/\/orthopara.store\/index.php\/produit\/cuillere-biberon-en-silicone-poco-baby-4m\/\" \/>\n<meta property=\"og:site_name\" content=\"OrthoPara\" \/>\n<meta property=\"article:publisher\" content=\"https:\/\/www.facebook.com\/profile.php?id=61561194315651\" \/>\n<meta property=\"article:modified_time\" content=\"2024-06-28T13:53:44+00:00\" \/>\n<meta property=\"og:image\" content=\"https:\/\/orthopara.store\/wp-content\/uploads\/2024\/06\/cuillere-biberon-en-silicone-poco-baby-4m.jpg\" \/>\n\t<meta property=\"og:image:width\" content=\"800\" \/>\n\t<meta property=\"og:image:height\" content=\"800\" \/>\n\t<meta property=\"og:image:type\" content=\"image\/jpeg\" \/>\n<meta name=\"twitter:card\" content=\"summary_large_image\" \/>\n<meta name=\"twitter:label1\" content=\"Dur\u00e9e de lecture estim\u00e9e\" \/>\n\t<meta name=\"twitter:data1\" content=\"1 minute\" \/>\n<script type=\"application\/ld+json\" class=\"yoast-schema-graph\">{\"@context\":\"https:\/\/schema.org\",\"@graph\":[{\"@type\":\"WebPage\",\"@id\":\"https:\/\/orthopara.store\/index.php\/produit\/cuillere-biberon-en-silicone-poco-baby-4m\/\",\"url\":\"https:\/\/orthopara.store\/index.php\/produit\/cuillere-biberon-en-silicone-poco-baby-4m\/\",\"name\":\"Cuill\u00e8re biberon en silicone - Poco Baby - 4m+ - OrthoPara\",\"isPartOf\":{\"@id\":\"https:\/\/orthopara.store\/#website\"},\"primaryImageOfPage\":{\"@id\":\"https:\/\/orthopara.store\/index.php\/produit\/cuillere-biberon-en-silicone-poco-baby-4m\/#primaryimage\"},\"image\":{\"@id\":\"https:\/\/orthopara.store\/index.php\/produit\/cuillere-biberon-en-silicone-poco-baby-4m\/#primaryimage\"},\"thumbnailUrl\":\"https:\/\/orthopara.store\/wp-content\/uploads\/2024\/06\/cuillere-biberon-en-silicone-poco-baby-4m.jpg\",\"datePublished\":\"2024-06-28T13:53:40+00:00\",\"dateModified\":\"2024-06-28T13:53:44+00:00\",\"breadcrumb\":{\"@id\":\"https:\/\/orthopara.store\/index.php\/produit\/cuillere-biberon-en-silicone-poco-baby-4m\/#breadcrumb\"},\"inLanguage\":\"fr-FR\",\"potentialAction\":[{\"@type\":\"ReadAction\",\"target\":[\"https:\/\/orthopara.store\/index.php\/produit\/cuillere-biberon-en-silicone-poco-baby-4m\/\"]}]},{\"@type\":\"ImageObject\",\"inLanguage\":\"fr-FR\",\"@id\":\"https:\/\/orthopara.store\/index.php\/produit\/cuillere-biberon-en-silicone-poco-baby-4m\/#primaryimage\",\"url\":\"https:\/\/orthopara.store\/wp-content\/uploads\/2024\/06\/cuillere-biberon-en-silicone-poco-baby-4m.jpg\",\"contentUrl\":\"https:\/\/orthopara.store\/wp-content\/uploads\/2024\/06\/cuillere-biberon-en-silicone-poco-baby-4m.jpg\",\"width\":800,\"height\":800},{\"@type\":\"BreadcrumbList\",\"@id\":\"https:\/\/orthopara.store\/index.php\/produit\/cuillere-biberon-en-silicone-poco-baby-4m\/#breadcrumb\",\"itemListElement\":[{\"@type\":\"ListItem\",\"position\":1,\"name\":\"Accueil\",\"item\":\"https:\/\/orthopara.store\/\"},{\"@type\":\"ListItem\",\"position\":2,\"name\":\"Shop\",\"item\":\"https:\/\/orthopara.store\/?page_id=622\"},{\"@type\":\"ListItem\",\"position\":3,\"name\":\"Cuill\u00e8re biberon en silicone &#8211; Poco Baby &#8211; 4m+\"}]},{\"@type\":\"WebSite\",\"@id\":\"https:\/\/orthopara.store\/#website\",\"url\":\"https:\/\/orthopara.store\/\",\"name\":\"OrthoPara\",\"description\":\"Parapharmacie\",\"publisher\":{\"@id\":\"https:\/\/orthopara.store\/#organization\"},\"potentialAction\":[{\"@type\":\"SearchAction\",\"target\":{\"@type\":\"EntryPoint\",\"urlTemplate\":\"https:\/\/orthopara.store\/?s={search_term_string}\"},\"query-input\":\"required name=search_term_string\"}],\"inLanguage\":\"fr-FR\"},{\"@type\":\"Organization\",\"@id\":\"https:\/\/orthopara.store\/#organization\",\"name\":\"OrthoPara\",\"url\":\"https:\/\/orthopara.store\/\",\"logo\":{\"@type\":\"ImageObject\",\"inLanguage\":\"fr-FR\",\"@id\":\"https:\/\/orthopara.store\/#\/schema\/logo\/image\/\",\"url\":\"https:\/\/orthopara.store\/wp-content\/uploads\/2024\/06\/cropped-9ABA8BAD-6256-4719-9315-15C66E64E882.png\",\"contentUrl\":\"https:\/\/orthopara.store\/wp-content\/uploads\/2024\/06\/cropped-9ABA8BAD-6256-4719-9315-15C66E64E882.png\",\"width\":240,\"height\":72,\"caption\":\"OrthoPara\"},\"image\":{\"@id\":\"https:\/\/orthopara.store\/#\/schema\/logo\/image\/\"},\"sameAs\":[\"https:\/\/www.facebook.com\/profile.php?id=61561194315651\",\"https:\/\/www.instagram.com\/orthopara_tunisie\/\"]}]}<\/script>\n<!-- \/ Yoast SEO plugin. -->","yoast_head_json":{"title":"Cuill\u00e8re biberon en silicone - Poco Baby - 4m+ - OrthoPara","robots":{"index":"index","follow":"follow","max-snippet":"max-snippet:-1","max-image-preview":"max-image-preview:large","max-video-preview":"max-video-preview:-1"},"canonical":"https:\/\/orthopara.store\/index.php\/produit\/cuillere-biberon-en-silicone-poco-baby-4m\/","og_locale":"fr_FR","og_type":"article","og_title":"Cuill\u00e8re biberon en silicone - Poco Baby - 4m+ - OrthoPara","og_description":"Poco Baby Cuill\u00e8re-Biberon 100% silicone Poco baby propose une cuill\u00e8re fabriqu\u00e9e en silicone m\u00e9dical extra souple pour faciliter \u00e0 votre b\u00e9b\u00e9 le passage du biberon t\u00e9tine \u00e0 l\u2019usage de la cuill\u00e8re. Elle est: Sans go\u00fbt Sans odeur Sans BPA Con\u00e7ue selon les normes europ\u00e9ennes.","og_url":"https:\/\/orthopara.store\/index.php\/produit\/cuillere-biberon-en-silicone-poco-baby-4m\/","og_site_name":"OrthoPara","article_publisher":"https:\/\/www.facebook.com\/profile.php?id=61561194315651","article_modified_time":"2024-06-28T13:53:44+00:00","og_image":[{"width":800,"height":800,"url":"https:\/\/orthopara.store\/wp-content\/uploads\/2024\/06\/cuillere-biberon-en-silicone-poco-baby-4m.jpg","type":"image\/jpeg"}],"twitter_card":"summary_large_image","twitter_misc":{"Dur\u00e9e de lecture estim\u00e9e":"1 minute"},"schema":{"@context":"https:\/\/schema.org","@graph":[{"@type":"WebPage","@id":"https:\/\/orthopara.store\/index.php\/produit\/cuillere-biberon-en-silicone-poco-baby-4m\/","url":"https:\/\/orthopara.store\/index.php\/produit\/cuillere-biberon-en-silicone-poco-baby-4m\/","name":"Cuill\u00e8re biberon en silicone - Poco Baby - 4m+ - OrthoPara","isPartOf":{"@id":"https:\/\/orthopara.store\/#website"},"primaryImageOfPage":{"@id":"https:\/\/orthopara.store\/index.php\/produit\/cuillere-biberon-en-silicone-poco-baby-4m\/#primaryimage"},"image":{"@id":"https:\/\/orthopara.store\/index.php\/produit\/cuillere-biberon-en-silicone-poco-baby-4m\/#primaryimage"},"thumbnailUrl":"https:\/\/orthopara.store\/wp-content\/uploads\/2024\/06\/cuillere-biberon-en-silicone-poco-baby-4m.jpg","datePublished":"2024-06-28T13:53:40+00:00","dateModified":"2024-06-28T13:53:44+00:00","breadcrumb":{"@id":"https:\/\/orthopara.store\/index.php\/produit\/cuillere-biberon-en-silicone-poco-baby-4m\/#breadcrumb"},"inLanguage":"fr-FR","potentialAction":[{"@type":"ReadAction","target":["https:\/\/orthopara.store\/index.php\/produit\/cuillere-biberon-en-silicone-poco-baby-4m\/"]}]},{"@type":"ImageObject","inLanguage":"fr-FR","@id":"https:\/\/orthopara.store\/index.php\/produit\/cuillere-biberon-en-silicone-poco-baby-4m\/#primaryimage","url":"https:\/\/orthopara.store\/wp-content\/uploads\/2024\/06\/cuillere-biberon-en-silicone-poco-baby-4m.jpg","contentUrl":"https:\/\/orthopara.store\/wp-content\/uploads\/2024\/06\/cuillere-biberon-en-silicone-poco-baby-4m.jpg","width":800,"height":800},{"@type":"BreadcrumbList","@id":"https:\/\/orthopara.store\/index.php\/produit\/cuillere-biberon-en-silicone-poco-baby-4m\/#breadcrumb","itemListElement":[{"@type":"ListItem","position":1,"name":"Accueil","item":"https:\/\/orthopara.store\/"},{"@type":"ListItem","position":2,"name":"Shop","item":"https:\/\/orthopara.store\/?page_id=622"},{"@type":"ListItem","position":3,"name":"Cuill\u00e8re biberon en silicone &#8211; Poco Baby &#8211; 4m+"}]},{"@type":"WebSite","@id":"https:\/\/orthopara.store\/#website","url":"https:\/\/orthopara.store\/","name":"OrthoPara","description":"Parapharmacie","publisher":{"@id":"https:\/\/orthopara.store\/#organization"},"potentialAction":[{"@type":"SearchAction","target":{"@type":"EntryPoint","urlTemplate":"https:\/\/orthopara.store\/?s={search_term_string}"},"query-input":"required name=search_term_string"}],"inLanguage":"fr-FR"},{"@type":"Organization","@id":"https:\/\/orthopara.store\/#organization","name":"OrthoPara","url":"https:\/\/orthopara.store\/","logo":{"@type":"ImageObject","inLanguage":"fr-FR","@id":"https:\/\/orthopara.store\/#\/schema\/logo\/image\/","url":"https:\/\/orthopara.store\/wp-content\/uploads\/2024\/06\/cropped-9ABA8BAD-6256-4719-9315-15C66E64E882.png","contentUrl":"https:\/\/orthopara.store\/wp-content\/uploads\/2024\/06\/cropped-9ABA8BAD-6256-4719-9315-15C66E64E882.png","width":240,"height":72,"caption":"OrthoPara"},"image":{"@id":"https:\/\/orthopara.store\/#\/schema\/logo\/image\/"},"sameAs":["https:\/\/www.facebook.com\/profile.php?id=61561194315651","https:\/\/www.instagram.com\/orthopara_tunisie\/"]}]}},"jetpack_sharing_enabled":true,"brands":[{"id":169,"name":"POCO BABY","slug":"poco-baby"}],"_links":{"self":[{"href":"https:\/\/orthopara.store\/index.php?rest_route=\/wp\/v2\/product\/1485","targetHints":{"allow":["GET"]}}],"collection":[{"href":"https:\/\/orthopara.store\/index.php?rest_route=\/wp\/v2\/product"}],"about":[{"href":"https:\/\/orthopara.store\/index.php?rest_route=\/wp\/v2\/types\/product"}],"replies":[{"embeddable":true,"href":"https:\/\/orthopara.store\/index.php?rest_route=%2Fwp%2Fv2%2Fcomments&post=1485"}],"wp:featuredmedia":[{"embeddable":true,"href":"https:\/\/orthopara.store\/index.php?rest_route=\/wp\/v2\/media\/1506"}],"wp:attachment":[{"href":"https:\/\/orthopara.store\/index.php?rest_route=%2Fwp%2Fv2%2Fmedia&parent=1485"}],"wp:term":[{"taxonomy":"pwb-brand","embeddable":true,"href":"https:\/\/orthopara.store\/index.php?rest_route=%2Fwp%2Fv2%2Fpwb-brand&post=1485"},{"taxonomy":"product_cat","embeddable":true,"href":"https:\/\/orthopara.store\/index.php?rest_route=%2Fwp%2Fv2%2Fproduct_cat&post=1485"},{"taxonomy":"product_tag","embeddable":true,"href":"https:\/\/orthopara.store\/index.php?rest_route=%2Fwp%2Fv2%2Fproduct_tag&post=1485"}],"curies":[{"name":"wp","href":"https:\/\/api.w.org\/{rel}","templated":true}]}}