{"id":1535,"date":"2024-06-28T15:53:57","date_gmt":"2024-06-28T13:53:57","guid":{"rendered":"https:\/\/orthopara.store\/?post_type=product&#038;p=1535"},"modified":"2024-11-07T09:53:37","modified_gmt":"2024-11-07T08:53:37","slug":"chicco-liquide-vetement-tender-touch-jaune-750ml","status":"publish","type":"product","link":"https:\/\/orthopara.store\/?product=chicco-liquide-vetement-tender-touch-jaune-750ml","title":{"rendered":"Chicco &#8211; Liquide v\u00eatement tender touch &#8211; jaune &#8211; 750ml"},"content":{"rendered":"<p>Un parfum d\u00e9licat id\u00e9al pour les v\u00eatements de votre b\u00e9b\u00e9 avec l&rsquo;assouplissant Chicco. Sa formule test\u00e9e dermatologiquement et hypoallerg\u00e9nique convient aux peaux les plus sensibles.<br \/>\nGr\u00e2ce \u00e0 sa technologie sp\u00e9ciale \u00ab \u00e9limination des odeurs \u00bb, il assure une fra\u00eecheur maximale, en prenant soin d\u00e9licatement des fibres et des couleurs sans les ab\u00eemer.<br \/>\nL&rsquo;adoucissant Chicco rafra\u00eechit et adoucit tous les v\u00eatements de b\u00e9b\u00e9 sans irriter la peau sensible. De plus, il \u00e9limine les odeurs laissant les v\u00eatements propres et d\u00e9licatement parfum\u00e9s. Il est hypoallerg\u00e9nique, ne contient pas de colorants et est test\u00e9 dermatologiquement sur les peaux sensibles.<br \/>\nAide \u00e0 \u00e9liminer efficacement les taches et les odeurs, laisse toujours les v\u00eatements propres, frais et parfum\u00e9s.<br \/>\nIl s&rsquo;agit d&rsquo;une formule sp\u00e9ciale sp\u00e9cialement con\u00e7ue sans colorants ni teintures pour les v\u00eatements de votre tout-petit afin de garder ses v\u00eatements en s\u00e9curit\u00e9 et de garantir que les b\u00e9b\u00e9s ne ressentent aucune g\u00eane<br \/>\n\u00a0\u00c9tant donn\u00e9 que les v\u00eatements de b\u00e9b\u00e9 sont vraiment d\u00e9licats et doux, chez Chicco nous veillons \u00e0 ce que l&rsquo;adoucissant soit exempt de m\u00e9taux lourds tels que le Nickel, le Chrome et le Cobalt, adapt\u00e9s aux peaux sensibles.<\/p>\n","protected":false},"excerpt":{"rendered":"<p>Adoucissant Chicco qui apporte fra\u00eecheur et douceur \u00e0 tous les v\u00eatements de b\u00e9b\u00e9 sans irriter la peau sensible.<br \/>\nHypoallerg\u00e9nique, aucun colorant et test\u00e9 dermatologiquement sur la peau sensible. Formule concentr\u00e9e.<br \/>\nAvec technologie Odour off qui \u00e9limine les odeurs en laissant les v\u00eatements propres et d\u00e9licatement parfum\u00e9s.<br \/>\nDisponible en trois parfums d\u00e9licats : talcum, fleurs d\u00e9licates et tender touch.<br \/>\nBo\u00eete de 750 ml, utile pour 30 lavages.<\/p>\n","protected":false},"featured_media":1556,"comment_status":"open","ping_status":"closed","template":"","meta":[],"pwb-brand":[173],"product_cat":[179],"product_tag":[],"class_list":{"0":"post-1535","1":"product","2":"type-product","3":"status-publish","4":"has-post-thumbnail","6":"pwb-brand-chicco","7":"product_cat-vaisselles-de-bebe","8":"post","9":"ws-product--style-1","11":"first","12":"instock","13":"shipping-taxable","14":"purchasable","15":"product-type-simple"},"yoast_head":"<!-- This site is optimized with the Yoast SEO plugin v23.0 - https:\/\/yoast.com\/wordpress\/plugins\/seo\/ -->\n<title>Chicco - Liquide v\u00eatement tender touch - jaune - 750ml - OrthoPara<\/title>\n<meta name=\"robots\" content=\"index, follow, max-snippet:-1, max-image-preview:large, max-video-preview:-1\" \/>\n<link rel=\"canonical\" href=\"https:\/\/orthopara.store\/index.php\/produit\/chicco-liquide-vetement-tender-touch-jaune-750ml\/\" \/>\n<meta property=\"og:locale\" content=\"fr_FR\" \/>\n<meta property=\"og:type\" content=\"article\" \/>\n<meta property=\"og:title\" content=\"Chicco - Liquide v\u00eatement tender touch - jaune - 750ml - OrthoPara\" \/>\n<meta property=\"og:description\" content=\"Adoucissant Chicco qui apporte fra\u00eecheur et douceur \u00e0 tous les v\u00eatements de b\u00e9b\u00e9 sans irriter la peau sensible. Hypoallerg\u00e9nique, aucun colorant et test\u00e9 dermatologiquement sur la peau sensible. Formule concentr\u00e9e. Avec technologie Odour off qui \u00e9limine les odeurs en laissant les v\u00eatements propres et d\u00e9licatement parfum\u00e9s. Disponible en trois parfums d\u00e9licats : talcum, fleurs d\u00e9licates et tender touch. Bo\u00eete de 750 ml, utile pour 30 lavages.\" \/>\n<meta property=\"og:url\" content=\"https:\/\/orthopara.store\/index.php\/produit\/chicco-liquide-vetement-tender-touch-jaune-750ml\/\" \/>\n<meta property=\"og:site_name\" content=\"OrthoPara\" \/>\n<meta property=\"article:publisher\" content=\"https:\/\/www.facebook.com\/profile.php?id=61561194315651\" \/>\n<meta property=\"article:modified_time\" content=\"2024-11-07T08:53:37+00:00\" \/>\n<meta property=\"og:image\" content=\"https:\/\/orthopara.store\/wp-content\/uploads\/2024\/06\/chicco-liquide-vetement-tender-touch-jaune.jpg\" \/>\n\t<meta property=\"og:image:width\" content=\"800\" \/>\n\t<meta property=\"og:image:height\" content=\"800\" \/>\n\t<meta property=\"og:image:type\" content=\"image\/jpeg\" \/>\n<meta name=\"twitter:card\" content=\"summary_large_image\" \/>\n<meta name=\"twitter:label1\" content=\"Dur\u00e9e de lecture estim\u00e9e\" \/>\n\t<meta name=\"twitter:data1\" content=\"1 minute\" \/>\n<script type=\"application\/ld+json\" class=\"yoast-schema-graph\">{\"@context\":\"https:\/\/schema.org\",\"@graph\":[{\"@type\":\"WebPage\",\"@id\":\"https:\/\/orthopara.store\/index.php\/produit\/chicco-liquide-vetement-tender-touch-jaune-750ml\/\",\"url\":\"https:\/\/orthopara.store\/index.php\/produit\/chicco-liquide-vetement-tender-touch-jaune-750ml\/\",\"name\":\"Chicco - Liquide v\u00eatement tender touch - jaune - 750ml - OrthoPara\",\"isPartOf\":{\"@id\":\"https:\/\/orthopara.store\/#website\"},\"primaryImageOfPage\":{\"@id\":\"https:\/\/orthopara.store\/index.php\/produit\/chicco-liquide-vetement-tender-touch-jaune-750ml\/#primaryimage\"},\"image\":{\"@id\":\"https:\/\/orthopara.store\/index.php\/produit\/chicco-liquide-vetement-tender-touch-jaune-750ml\/#primaryimage\"},\"thumbnailUrl\":\"https:\/\/orthopara.store\/wp-content\/uploads\/2024\/06\/chicco-liquide-vetement-tender-touch-jaune.jpg\",\"datePublished\":\"2024-06-28T13:53:57+00:00\",\"dateModified\":\"2024-11-07T08:53:37+00:00\",\"breadcrumb\":{\"@id\":\"https:\/\/orthopara.store\/index.php\/produit\/chicco-liquide-vetement-tender-touch-jaune-750ml\/#breadcrumb\"},\"inLanguage\":\"fr-FR\",\"potentialAction\":[{\"@type\":\"ReadAction\",\"target\":[\"https:\/\/orthopara.store\/index.php\/produit\/chicco-liquide-vetement-tender-touch-jaune-750ml\/\"]}]},{\"@type\":\"ImageObject\",\"inLanguage\":\"fr-FR\",\"@id\":\"https:\/\/orthopara.store\/index.php\/produit\/chicco-liquide-vetement-tender-touch-jaune-750ml\/#primaryimage\",\"url\":\"https:\/\/orthopara.store\/wp-content\/uploads\/2024\/06\/chicco-liquide-vetement-tender-touch-jaune.jpg\",\"contentUrl\":\"https:\/\/orthopara.store\/wp-content\/uploads\/2024\/06\/chicco-liquide-vetement-tender-touch-jaune.jpg\",\"width\":800,\"height\":800},{\"@type\":\"BreadcrumbList\",\"@id\":\"https:\/\/orthopara.store\/index.php\/produit\/chicco-liquide-vetement-tender-touch-jaune-750ml\/#breadcrumb\",\"itemListElement\":[{\"@type\":\"ListItem\",\"position\":1,\"name\":\"Accueil\",\"item\":\"https:\/\/orthopara.store\/\"},{\"@type\":\"ListItem\",\"position\":2,\"name\":\"Shop\",\"item\":\"https:\/\/orthopara.store\/?page_id=622\"},{\"@type\":\"ListItem\",\"position\":3,\"name\":\"Chicco &#8211; Liquide v\u00eatement tender touch &#8211; jaune &#8211; 750ml\"}]},{\"@type\":\"WebSite\",\"@id\":\"https:\/\/orthopara.store\/#website\",\"url\":\"https:\/\/orthopara.store\/\",\"name\":\"OrthoPara\",\"description\":\"Parapharmacie\",\"publisher\":{\"@id\":\"https:\/\/orthopara.store\/#organization\"},\"potentialAction\":[{\"@type\":\"SearchAction\",\"target\":{\"@type\":\"EntryPoint\",\"urlTemplate\":\"https:\/\/orthopara.store\/?s={search_term_string}\"},\"query-input\":\"required name=search_term_string\"}],\"inLanguage\":\"fr-FR\"},{\"@type\":\"Organization\",\"@id\":\"https:\/\/orthopara.store\/#organization\",\"name\":\"OrthoPara\",\"url\":\"https:\/\/orthopara.store\/\",\"logo\":{\"@type\":\"ImageObject\",\"inLanguage\":\"fr-FR\",\"@id\":\"https:\/\/orthopara.store\/#\/schema\/logo\/image\/\",\"url\":\"https:\/\/orthopara.store\/wp-content\/uploads\/2024\/06\/cropped-9ABA8BAD-6256-4719-9315-15C66E64E882.png\",\"contentUrl\":\"https:\/\/orthopara.store\/wp-content\/uploads\/2024\/06\/cropped-9ABA8BAD-6256-4719-9315-15C66E64E882.png\",\"width\":240,\"height\":72,\"caption\":\"OrthoPara\"},\"image\":{\"@id\":\"https:\/\/orthopara.store\/#\/schema\/logo\/image\/\"},\"sameAs\":[\"https:\/\/www.facebook.com\/profile.php?id=61561194315651\",\"https:\/\/www.instagram.com\/orthopara_tunisie\/\"]}]}<\/script>\n<!-- \/ Yoast SEO plugin. -->","yoast_head_json":{"title":"Chicco - Liquide v\u00eatement tender touch - jaune - 750ml - OrthoPara","robots":{"index":"index","follow":"follow","max-snippet":"max-snippet:-1","max-image-preview":"max-image-preview:large","max-video-preview":"max-video-preview:-1"},"canonical":"https:\/\/orthopara.store\/index.php\/produit\/chicco-liquide-vetement-tender-touch-jaune-750ml\/","og_locale":"fr_FR","og_type":"article","og_title":"Chicco - Liquide v\u00eatement tender touch - jaune - 750ml - OrthoPara","og_description":"Adoucissant Chicco qui apporte fra\u00eecheur et douceur \u00e0 tous les v\u00eatements de b\u00e9b\u00e9 sans irriter la peau sensible. Hypoallerg\u00e9nique, aucun colorant et test\u00e9 dermatologiquement sur la peau sensible. Formule concentr\u00e9e. Avec technologie Odour off qui \u00e9limine les odeurs en laissant les v\u00eatements propres et d\u00e9licatement parfum\u00e9s. Disponible en trois parfums d\u00e9licats : talcum, fleurs d\u00e9licates et tender touch. Bo\u00eete de 750 ml, utile pour 30 lavages.","og_url":"https:\/\/orthopara.store\/index.php\/produit\/chicco-liquide-vetement-tender-touch-jaune-750ml\/","og_site_name":"OrthoPara","article_publisher":"https:\/\/www.facebook.com\/profile.php?id=61561194315651","article_modified_time":"2024-11-07T08:53:37+00:00","og_image":[{"width":800,"height":800,"url":"https:\/\/orthopara.store\/wp-content\/uploads\/2024\/06\/chicco-liquide-vetement-tender-touch-jaune.jpg","type":"image\/jpeg"}],"twitter_card":"summary_large_image","twitter_misc":{"Dur\u00e9e de lecture estim\u00e9e":"1 minute"},"schema":{"@context":"https:\/\/schema.org","@graph":[{"@type":"WebPage","@id":"https:\/\/orthopara.store\/index.php\/produit\/chicco-liquide-vetement-tender-touch-jaune-750ml\/","url":"https:\/\/orthopara.store\/index.php\/produit\/chicco-liquide-vetement-tender-touch-jaune-750ml\/","name":"Chicco - Liquide v\u00eatement tender touch - jaune - 750ml - OrthoPara","isPartOf":{"@id":"https:\/\/orthopara.store\/#website"},"primaryImageOfPage":{"@id":"https:\/\/orthopara.store\/index.php\/produit\/chicco-liquide-vetement-tender-touch-jaune-750ml\/#primaryimage"},"image":{"@id":"https:\/\/orthopara.store\/index.php\/produit\/chicco-liquide-vetement-tender-touch-jaune-750ml\/#primaryimage"},"thumbnailUrl":"https:\/\/orthopara.store\/wp-content\/uploads\/2024\/06\/chicco-liquide-vetement-tender-touch-jaune.jpg","datePublished":"2024-06-28T13:53:57+00:00","dateModified":"2024-11-07T08:53:37+00:00","breadcrumb":{"@id":"https:\/\/orthopara.store\/index.php\/produit\/chicco-liquide-vetement-tender-touch-jaune-750ml\/#breadcrumb"},"inLanguage":"fr-FR","potentialAction":[{"@type":"ReadAction","target":["https:\/\/orthopara.store\/index.php\/produit\/chicco-liquide-vetement-tender-touch-jaune-750ml\/"]}]},{"@type":"ImageObject","inLanguage":"fr-FR","@id":"https:\/\/orthopara.store\/index.php\/produit\/chicco-liquide-vetement-tender-touch-jaune-750ml\/#primaryimage","url":"https:\/\/orthopara.store\/wp-content\/uploads\/2024\/06\/chicco-liquide-vetement-tender-touch-jaune.jpg","contentUrl":"https:\/\/orthopara.store\/wp-content\/uploads\/2024\/06\/chicco-liquide-vetement-tender-touch-jaune.jpg","width":800,"height":800},{"@type":"BreadcrumbList","@id":"https:\/\/orthopara.store\/index.php\/produit\/chicco-liquide-vetement-tender-touch-jaune-750ml\/#breadcrumb","itemListElement":[{"@type":"ListItem","position":1,"name":"Accueil","item":"https:\/\/orthopara.store\/"},{"@type":"ListItem","position":2,"name":"Shop","item":"https:\/\/orthopara.store\/?page_id=622"},{"@type":"ListItem","position":3,"name":"Chicco &#8211; Liquide v\u00eatement tender touch &#8211; jaune &#8211; 750ml"}]},{"@type":"WebSite","@id":"https:\/\/orthopara.store\/#website","url":"https:\/\/orthopara.store\/","name":"OrthoPara","description":"Parapharmacie","publisher":{"@id":"https:\/\/orthopara.store\/#organization"},"potentialAction":[{"@type":"SearchAction","target":{"@type":"EntryPoint","urlTemplate":"https:\/\/orthopara.store\/?s={search_term_string}"},"query-input":"required name=search_term_string"}],"inLanguage":"fr-FR"},{"@type":"Organization","@id":"https:\/\/orthopara.store\/#organization","name":"OrthoPara","url":"https:\/\/orthopara.store\/","logo":{"@type":"ImageObject","inLanguage":"fr-FR","@id":"https:\/\/orthopara.store\/#\/schema\/logo\/image\/","url":"https:\/\/orthopara.store\/wp-content\/uploads\/2024\/06\/cropped-9ABA8BAD-6256-4719-9315-15C66E64E882.png","contentUrl":"https:\/\/orthopara.store\/wp-content\/uploads\/2024\/06\/cropped-9ABA8BAD-6256-4719-9315-15C66E64E882.png","width":240,"height":72,"caption":"OrthoPara"},"image":{"@id":"https:\/\/orthopara.store\/#\/schema\/logo\/image\/"},"sameAs":["https:\/\/www.facebook.com\/profile.php?id=61561194315651","https:\/\/www.instagram.com\/orthopara_tunisie\/"]}]}},"jetpack_sharing_enabled":true,"brands":[{"id":173,"name":"Chicco","slug":"chicco"}],"_links":{"self":[{"href":"https:\/\/orthopara.store\/index.php?rest_route=\/wp\/v2\/product\/1535","targetHints":{"allow":["GET"]}}],"collection":[{"href":"https:\/\/orthopara.store\/index.php?rest_route=\/wp\/v2\/product"}],"about":[{"href":"https:\/\/orthopara.store\/index.php?rest_route=\/wp\/v2\/types\/product"}],"replies":[{"embeddable":true,"href":"https:\/\/orthopara.store\/index.php?rest_route=%2Fwp%2Fv2%2Fcomments&post=1535"}],"wp:featuredmedia":[{"embeddable":true,"href":"https:\/\/orthopara.store\/index.php?rest_route=\/wp\/v2\/media\/1556"}],"wp:attachment":[{"href":"https:\/\/orthopara.store\/index.php?rest_route=%2Fwp%2Fv2%2Fmedia&parent=1535"}],"wp:term":[{"taxonomy":"pwb-brand","embeddable":true,"href":"https:\/\/orthopara.store\/index.php?rest_route=%2Fwp%2Fv2%2Fpwb-brand&post=1535"},{"taxonomy":"product_cat","embeddable":true,"href":"https:\/\/orthopara.store\/index.php?rest_route=%2Fwp%2Fv2%2Fproduct_cat&post=1535"},{"taxonomy":"product_tag","embeddable":true,"href":"https:\/\/orthopara.store\/index.php?rest_route=%2Fwp%2Fv2%2Fproduct_tag&post=1535"}],"curies":[{"name":"wp","href":"https:\/\/api.w.org\/{rel}","templated":true}]}}