{"id":1537,"date":"2024-06-28T15:53:57","date_gmt":"2024-06-28T13:53:57","guid":{"rendered":"https:\/\/orthopara.store\/?post_type=product&#038;p=1537"},"modified":"2024-11-07T09:48:57","modified_gmt":"2024-11-07T08:48:57","slug":"canpol-babies-liquide-de-nettoyage-pour-tetines-et-biberons-500ml","status":"publish","type":"product","link":"https:\/\/orthopara.store\/?product=canpol-babies-liquide-de-nettoyage-pour-tetines-et-biberons-500ml","title":{"rendered":"Canpol babies &#8211; Liquide de nettoyage pour t\u00e9tines et biberons &#8211; 500ml"},"content":{"rendered":"<p>Le liquide de lavage pour t\u00e9tines et biberons Canpol babies a \u00e9t\u00e9 cr\u00e9\u00e9 pour les enfants, leur sant\u00e9 et leur s\u00e9curit\u00e9. Le fluide est hypoallerg\u00e9nique, incolore et contient des ingr\u00e9dients naturels. Une petite quantit\u00e9 seulement vous aidera \u00e0 nettoyer efficacement les restes de nourriture du biberon et des autres accessoires d&rsquo;alimentation.<br \/>\nConseils d&rsquo;utilisation :<br \/>\nUtiliser 2 cuill\u00e8res \u00e0 caf\u00e9 de liquide pour 5 litres d&rsquo;eau. Plongez la vaisselle dans l&rsquo;eau additionn\u00e9e de la dose de liquide recommand\u00e9e. Rincer les accessoires lav\u00e9s sous l&rsquo;eau courante et les \u00e9bouillanter avec de l&rsquo;eau bouillante.<br \/>\nLavage des bouteilles : versez 6 \u00e0 10 gouttes de liquide dans une bouteille, ajoutez de l&rsquo;eau ti\u00e8de et nettoyez soigneusement la bouteille avec un goupillon. Rincer sous l&rsquo;eau courante.<br \/>\nIngr\u00e9dients :<br \/>\n<5 % de tensioactifs anioniques, <5 % de tensioactifs non ioniques, <5 % de tensioactifs amphot\u00e8res, enzymes.\nContenance :\n500ml\n<\/p>\n","protected":false},"excerpt":{"rendered":"<p>Le liquide convient \u00e9galement au nettoyage des jouets ou des pi\u00e8ces des tire-lait.<br \/>\nHypoallerg\u00e9nique<br \/>\npH neutre pour la peau<br \/>\nSans parab\u00e8ne ni colorants<br \/>\nElimination efficace des r\u00e9sidus de lait et de bouillie<br \/>\nTest\u00e9 dermatologiquement\u00a0<\/p>\n","protected":false},"featured_media":1558,"comment_status":"open","ping_status":"closed","template":"","meta":[],"pwb-brand":[174],"product_cat":[179],"product_tag":[],"class_list":{"0":"post-1537","1":"product","2":"type-product","3":"status-publish","4":"has-post-thumbnail","6":"pwb-brand-canpol-babies","7":"product_cat-vaisselles-de-bebe","8":"post","9":"ws-product--style-1","11":"first","12":"instock","13":"shipping-taxable","14":"purchasable","15":"product-type-simple"},"yoast_head":"<!-- This site is optimized with the Yoast SEO plugin v23.0 - https:\/\/yoast.com\/wordpress\/plugins\/seo\/ -->\n<title>Canpol babies - Liquide de nettoyage pour t\u00e9tines et biberons - 500ml - OrthoPara<\/title>\n<meta name=\"robots\" content=\"index, follow, max-snippet:-1, max-image-preview:large, max-video-preview:-1\" \/>\n<link rel=\"canonical\" href=\"https:\/\/orthopara.store\/index.php\/produit\/canpol-babies-liquide-de-nettoyage-pour-tetines-et-biberons-500ml\/\" \/>\n<meta property=\"og:locale\" content=\"fr_FR\" \/>\n<meta property=\"og:type\" content=\"article\" \/>\n<meta property=\"og:title\" content=\"Canpol babies - Liquide de nettoyage pour t\u00e9tines et biberons - 500ml - OrthoPara\" \/>\n<meta property=\"og:description\" content=\"Le liquide convient \u00e9galement au nettoyage des jouets ou des pi\u00e8ces des tire-lait. Hypoallerg\u00e9nique pH neutre pour la peau Sans parab\u00e8ne ni colorants Elimination efficace des r\u00e9sidus de lait et de bouillie Test\u00e9 dermatologiquement\u00a0\" \/>\n<meta property=\"og:url\" content=\"https:\/\/orthopara.store\/index.php\/produit\/canpol-babies-liquide-de-nettoyage-pour-tetines-et-biberons-500ml\/\" \/>\n<meta property=\"og:site_name\" content=\"OrthoPara\" \/>\n<meta property=\"article:publisher\" content=\"https:\/\/www.facebook.com\/profile.php?id=61561194315651\" \/>\n<meta property=\"article:modified_time\" content=\"2024-11-07T08:48:57+00:00\" \/>\n<meta property=\"og:image\" content=\"https:\/\/orthopara.store\/wp-content\/uploads\/2024\/06\/canpol-babies-liquide-de-nettoyage-pour-tetines-et-biberons-500ml.jpg\" \/>\n\t<meta property=\"og:image:width\" content=\"800\" \/>\n\t<meta property=\"og:image:height\" content=\"800\" \/>\n\t<meta property=\"og:image:type\" content=\"image\/jpeg\" \/>\n<meta name=\"twitter:card\" content=\"summary_large_image\" \/>\n<meta name=\"twitter:label1\" content=\"Dur\u00e9e de lecture estim\u00e9e\" \/>\n\t<meta name=\"twitter:data1\" content=\"1 minute\" \/>\n<script type=\"application\/ld+json\" class=\"yoast-schema-graph\">{\"@context\":\"https:\/\/schema.org\",\"@graph\":[{\"@type\":\"WebPage\",\"@id\":\"https:\/\/orthopara.store\/index.php\/produit\/canpol-babies-liquide-de-nettoyage-pour-tetines-et-biberons-500ml\/\",\"url\":\"https:\/\/orthopara.store\/index.php\/produit\/canpol-babies-liquide-de-nettoyage-pour-tetines-et-biberons-500ml\/\",\"name\":\"Canpol babies - Liquide de nettoyage pour t\u00e9tines et biberons - 500ml - OrthoPara\",\"isPartOf\":{\"@id\":\"https:\/\/orthopara.store\/#website\"},\"primaryImageOfPage\":{\"@id\":\"https:\/\/orthopara.store\/index.php\/produit\/canpol-babies-liquide-de-nettoyage-pour-tetines-et-biberons-500ml\/#primaryimage\"},\"image\":{\"@id\":\"https:\/\/orthopara.store\/index.php\/produit\/canpol-babies-liquide-de-nettoyage-pour-tetines-et-biberons-500ml\/#primaryimage\"},\"thumbnailUrl\":\"https:\/\/orthopara.store\/wp-content\/uploads\/2024\/06\/canpol-babies-liquide-de-nettoyage-pour-tetines-et-biberons-500ml.jpg\",\"datePublished\":\"2024-06-28T13:53:57+00:00\",\"dateModified\":\"2024-11-07T08:48:57+00:00\",\"breadcrumb\":{\"@id\":\"https:\/\/orthopara.store\/index.php\/produit\/canpol-babies-liquide-de-nettoyage-pour-tetines-et-biberons-500ml\/#breadcrumb\"},\"inLanguage\":\"fr-FR\",\"potentialAction\":[{\"@type\":\"ReadAction\",\"target\":[\"https:\/\/orthopara.store\/index.php\/produit\/canpol-babies-liquide-de-nettoyage-pour-tetines-et-biberons-500ml\/\"]}]},{\"@type\":\"ImageObject\",\"inLanguage\":\"fr-FR\",\"@id\":\"https:\/\/orthopara.store\/index.php\/produit\/canpol-babies-liquide-de-nettoyage-pour-tetines-et-biberons-500ml\/#primaryimage\",\"url\":\"https:\/\/orthopara.store\/wp-content\/uploads\/2024\/06\/canpol-babies-liquide-de-nettoyage-pour-tetines-et-biberons-500ml.jpg\",\"contentUrl\":\"https:\/\/orthopara.store\/wp-content\/uploads\/2024\/06\/canpol-babies-liquide-de-nettoyage-pour-tetines-et-biberons-500ml.jpg\",\"width\":800,\"height\":800},{\"@type\":\"BreadcrumbList\",\"@id\":\"https:\/\/orthopara.store\/index.php\/produit\/canpol-babies-liquide-de-nettoyage-pour-tetines-et-biberons-500ml\/#breadcrumb\",\"itemListElement\":[{\"@type\":\"ListItem\",\"position\":1,\"name\":\"Accueil\",\"item\":\"https:\/\/orthopara.store\/\"},{\"@type\":\"ListItem\",\"position\":2,\"name\":\"Shop\",\"item\":\"https:\/\/orthopara.store\/?page_id=622\"},{\"@type\":\"ListItem\",\"position\":3,\"name\":\"Canpol babies &#8211; Liquide de nettoyage pour t\u00e9tines et biberons &#8211; 500ml\"}]},{\"@type\":\"WebSite\",\"@id\":\"https:\/\/orthopara.store\/#website\",\"url\":\"https:\/\/orthopara.store\/\",\"name\":\"OrthoPara\",\"description\":\"Parapharmacie\",\"publisher\":{\"@id\":\"https:\/\/orthopara.store\/#organization\"},\"potentialAction\":[{\"@type\":\"SearchAction\",\"target\":{\"@type\":\"EntryPoint\",\"urlTemplate\":\"https:\/\/orthopara.store\/?s={search_term_string}\"},\"query-input\":\"required name=search_term_string\"}],\"inLanguage\":\"fr-FR\"},{\"@type\":\"Organization\",\"@id\":\"https:\/\/orthopara.store\/#organization\",\"name\":\"OrthoPara\",\"url\":\"https:\/\/orthopara.store\/\",\"logo\":{\"@type\":\"ImageObject\",\"inLanguage\":\"fr-FR\",\"@id\":\"https:\/\/orthopara.store\/#\/schema\/logo\/image\/\",\"url\":\"https:\/\/orthopara.store\/wp-content\/uploads\/2024\/06\/cropped-9ABA8BAD-6256-4719-9315-15C66E64E882.png\",\"contentUrl\":\"https:\/\/orthopara.store\/wp-content\/uploads\/2024\/06\/cropped-9ABA8BAD-6256-4719-9315-15C66E64E882.png\",\"width\":240,\"height\":72,\"caption\":\"OrthoPara\"},\"image\":{\"@id\":\"https:\/\/orthopara.store\/#\/schema\/logo\/image\/\"},\"sameAs\":[\"https:\/\/www.facebook.com\/profile.php?id=61561194315651\",\"https:\/\/www.instagram.com\/orthopara_tunisie\/\"]}]}<\/script>\n<!-- \/ Yoast SEO plugin. -->","yoast_head_json":{"title":"Canpol babies - Liquide de nettoyage pour t\u00e9tines et biberons - 500ml - OrthoPara","robots":{"index":"index","follow":"follow","max-snippet":"max-snippet:-1","max-image-preview":"max-image-preview:large","max-video-preview":"max-video-preview:-1"},"canonical":"https:\/\/orthopara.store\/index.php\/produit\/canpol-babies-liquide-de-nettoyage-pour-tetines-et-biberons-500ml\/","og_locale":"fr_FR","og_type":"article","og_title":"Canpol babies - Liquide de nettoyage pour t\u00e9tines et biberons - 500ml - OrthoPara","og_description":"Le liquide convient \u00e9galement au nettoyage des jouets ou des pi\u00e8ces des tire-lait. Hypoallerg\u00e9nique pH neutre pour la peau Sans parab\u00e8ne ni colorants Elimination efficace des r\u00e9sidus de lait et de bouillie Test\u00e9 dermatologiquement\u00a0","og_url":"https:\/\/orthopara.store\/index.php\/produit\/canpol-babies-liquide-de-nettoyage-pour-tetines-et-biberons-500ml\/","og_site_name":"OrthoPara","article_publisher":"https:\/\/www.facebook.com\/profile.php?id=61561194315651","article_modified_time":"2024-11-07T08:48:57+00:00","og_image":[{"width":800,"height":800,"url":"https:\/\/orthopara.store\/wp-content\/uploads\/2024\/06\/canpol-babies-liquide-de-nettoyage-pour-tetines-et-biberons-500ml.jpg","type":"image\/jpeg"}],"twitter_card":"summary_large_image","twitter_misc":{"Dur\u00e9e de lecture estim\u00e9e":"1 minute"},"schema":{"@context":"https:\/\/schema.org","@graph":[{"@type":"WebPage","@id":"https:\/\/orthopara.store\/index.php\/produit\/canpol-babies-liquide-de-nettoyage-pour-tetines-et-biberons-500ml\/","url":"https:\/\/orthopara.store\/index.php\/produit\/canpol-babies-liquide-de-nettoyage-pour-tetines-et-biberons-500ml\/","name":"Canpol babies - Liquide de nettoyage pour t\u00e9tines et biberons - 500ml - OrthoPara","isPartOf":{"@id":"https:\/\/orthopara.store\/#website"},"primaryImageOfPage":{"@id":"https:\/\/orthopara.store\/index.php\/produit\/canpol-babies-liquide-de-nettoyage-pour-tetines-et-biberons-500ml\/#primaryimage"},"image":{"@id":"https:\/\/orthopara.store\/index.php\/produit\/canpol-babies-liquide-de-nettoyage-pour-tetines-et-biberons-500ml\/#primaryimage"},"thumbnailUrl":"https:\/\/orthopara.store\/wp-content\/uploads\/2024\/06\/canpol-babies-liquide-de-nettoyage-pour-tetines-et-biberons-500ml.jpg","datePublished":"2024-06-28T13:53:57+00:00","dateModified":"2024-11-07T08:48:57+00:00","breadcrumb":{"@id":"https:\/\/orthopara.store\/index.php\/produit\/canpol-babies-liquide-de-nettoyage-pour-tetines-et-biberons-500ml\/#breadcrumb"},"inLanguage":"fr-FR","potentialAction":[{"@type":"ReadAction","target":["https:\/\/orthopara.store\/index.php\/produit\/canpol-babies-liquide-de-nettoyage-pour-tetines-et-biberons-500ml\/"]}]},{"@type":"ImageObject","inLanguage":"fr-FR","@id":"https:\/\/orthopara.store\/index.php\/produit\/canpol-babies-liquide-de-nettoyage-pour-tetines-et-biberons-500ml\/#primaryimage","url":"https:\/\/orthopara.store\/wp-content\/uploads\/2024\/06\/canpol-babies-liquide-de-nettoyage-pour-tetines-et-biberons-500ml.jpg","contentUrl":"https:\/\/orthopara.store\/wp-content\/uploads\/2024\/06\/canpol-babies-liquide-de-nettoyage-pour-tetines-et-biberons-500ml.jpg","width":800,"height":800},{"@type":"BreadcrumbList","@id":"https:\/\/orthopara.store\/index.php\/produit\/canpol-babies-liquide-de-nettoyage-pour-tetines-et-biberons-500ml\/#breadcrumb","itemListElement":[{"@type":"ListItem","position":1,"name":"Accueil","item":"https:\/\/orthopara.store\/"},{"@type":"ListItem","position":2,"name":"Shop","item":"https:\/\/orthopara.store\/?page_id=622"},{"@type":"ListItem","position":3,"name":"Canpol babies &#8211; Liquide de nettoyage pour t\u00e9tines et biberons &#8211; 500ml"}]},{"@type":"WebSite","@id":"https:\/\/orthopara.store\/#website","url":"https:\/\/orthopara.store\/","name":"OrthoPara","description":"Parapharmacie","publisher":{"@id":"https:\/\/orthopara.store\/#organization"},"potentialAction":[{"@type":"SearchAction","target":{"@type":"EntryPoint","urlTemplate":"https:\/\/orthopara.store\/?s={search_term_string}"},"query-input":"required name=search_term_string"}],"inLanguage":"fr-FR"},{"@type":"Organization","@id":"https:\/\/orthopara.store\/#organization","name":"OrthoPara","url":"https:\/\/orthopara.store\/","logo":{"@type":"ImageObject","inLanguage":"fr-FR","@id":"https:\/\/orthopara.store\/#\/schema\/logo\/image\/","url":"https:\/\/orthopara.store\/wp-content\/uploads\/2024\/06\/cropped-9ABA8BAD-6256-4719-9315-15C66E64E882.png","contentUrl":"https:\/\/orthopara.store\/wp-content\/uploads\/2024\/06\/cropped-9ABA8BAD-6256-4719-9315-15C66E64E882.png","width":240,"height":72,"caption":"OrthoPara"},"image":{"@id":"https:\/\/orthopara.store\/#\/schema\/logo\/image\/"},"sameAs":["https:\/\/www.facebook.com\/profile.php?id=61561194315651","https:\/\/www.instagram.com\/orthopara_tunisie\/"]}]}},"jetpack_sharing_enabled":true,"brands":[{"id":174,"name":"Canpol babies","slug":"canpol-babies"}],"_links":{"self":[{"href":"https:\/\/orthopara.store\/index.php?rest_route=\/wp\/v2\/product\/1537","targetHints":{"allow":["GET"]}}],"collection":[{"href":"https:\/\/orthopara.store\/index.php?rest_route=\/wp\/v2\/product"}],"about":[{"href":"https:\/\/orthopara.store\/index.php?rest_route=\/wp\/v2\/types\/product"}],"replies":[{"embeddable":true,"href":"https:\/\/orthopara.store\/index.php?rest_route=%2Fwp%2Fv2%2Fcomments&post=1537"}],"wp:featuredmedia":[{"embeddable":true,"href":"https:\/\/orthopara.store\/index.php?rest_route=\/wp\/v2\/media\/1558"}],"wp:attachment":[{"href":"https:\/\/orthopara.store\/index.php?rest_route=%2Fwp%2Fv2%2Fmedia&parent=1537"}],"wp:term":[{"taxonomy":"pwb-brand","embeddable":true,"href":"https:\/\/orthopara.store\/index.php?rest_route=%2Fwp%2Fv2%2Fpwb-brand&post=1537"},{"taxonomy":"product_cat","embeddable":true,"href":"https:\/\/orthopara.store\/index.php?rest_route=%2Fwp%2Fv2%2Fproduct_cat&post=1537"},{"taxonomy":"product_tag","embeddable":true,"href":"https:\/\/orthopara.store\/index.php?rest_route=%2Fwp%2Fv2%2Fproduct_tag&post=1537"}],"curies":[{"name":"wp","href":"https:\/\/api.w.org\/{rel}","templated":true}]}}