{"id":1540,"date":"2024-06-28T15:53:57","date_gmt":"2024-06-28T13:53:57","guid":{"rendered":"https:\/\/orthopara.store\/?post_type=product&#038;p=1540"},"modified":"2024-06-28T15:54:04","modified_gmt":"2024-06-28T13:54:04","slug":"siege-pour-wc-chicco-18m","status":"publish","type":"product","link":"https:\/\/orthopara.store\/?product=siege-pour-wc-chicco-18m","title":{"rendered":"Si\u00e8ge pour WC &#8211; Chicco &#8211; 18m+"},"content":{"rendered":"<p>Si\u00e8ge pour WC &#8211; Chicco &#8211; 18m+<br \/>\nLe Soft R\u00e9ducteur de Chicco aide votre b\u00e9b\u00e9 \u00e0 apprendre \u00e0 utiliser les toilettes. Le\u00a0si\u00e8ge est fabriqu\u00e9 dans un mat\u00e9riau rembourr\u00e9 doux pour plus de confort. Il est \u00e9quip\u00e9\u00a0de deux poign\u00e9es lat\u00e9rales, il est tr\u00e8s stable et s&rsquo;adapte \u00e0 la plupart\u00a0des toilettes adultes. Il dispose d&rsquo;une protection contre les \u00e9claboussures et est facile et pratique \u00e0 nettoyer.<br \/>\nPropri\u00e8t\u00e9s du produit :\u00a0<br \/>\nLe si\u00e8ge est fait d&rsquo;un mat\u00e9riau doux et rembourr\u00e9 pour plus de confort.<br \/>\nEquip\u00e9 de deux poign\u00e9es lat\u00e9rales pour une plus grande stabilit\u00e9.<br \/>\nEquip\u00e9 d&rsquo;une protection anti-\u00e9claboussures, il est pratique et facile \u00e0 nettoyer.<br \/>\nPr\u00e9cautions d&#8217;emploi :<br \/>\nAvant d&rsquo;asseoir l&rsquo;enfant, vous devez vous assurer que le si\u00e8ge est bien plac\u00e9 sur les toilettes.<br \/>\nNe laissez pas votre enfant sans surveillance.<\/p>\n","protected":false},"excerpt":{"rendered":"<p>Chicco\u00a0<br \/>\nHabituer l&rsquo;enfant \u00e0 utiliser les toilettes!<br \/>\nLe si\u00e8ge Soft Chicco aide l&rsquo;enfant \u00e0 s&rsquo;habituer \u00e0 utiliser les toilettes, franchissant ainsi une nouvelle \u00e9tape dans son d\u00e9veloppement. C&rsquo;est un outil de formation con\u00e7u pour aider les enfants \u00e0 passer de l&rsquo;utilisation des couches \u00e0 l&rsquo;utilisation des toilettes. L&rsquo;entra\u00eeneur de propret\u00e9 comporte g\u00e9n\u00e9ralement un si\u00e8ge doux et confortable, qui peut \u00eatre plac\u00e9 sur un si\u00e8ge de toilette ordinaire, permettant aux enfants de s&rsquo;asseoir confortablement pendant qu&rsquo;ils utilisent la salle de bain.<br \/>\nPoids : 440g<br \/>\nDimensions : 30 \u00d7 7 \u00d7 33 cm<\/p>\n","protected":false},"featured_media":1561,"comment_status":"open","ping_status":"closed","template":"","meta":[],"pwb-brand":[173],"product_cat":[179],"product_tag":[],"class_list":{"0":"post-1540","1":"product","2":"type-product","3":"status-publish","4":"has-post-thumbnail","6":"pwb-brand-chicco","7":"product_cat-vaisselles-de-bebe","8":"post","9":"ws-product--style-1","11":"first","12":"instock","13":"shipping-taxable","14":"purchasable","15":"product-type-simple"},"yoast_head":"<!-- This site is optimized with the Yoast SEO plugin v23.0 - https:\/\/yoast.com\/wordpress\/plugins\/seo\/ -->\n<title>Si\u00e8ge pour WC - Chicco - 18m+ - OrthoPara<\/title>\n<meta name=\"robots\" content=\"index, follow, max-snippet:-1, max-image-preview:large, max-video-preview:-1\" \/>\n<link rel=\"canonical\" href=\"https:\/\/orthopara.store\/index.php\/produit\/siege-pour-wc-chicco-18m\/\" \/>\n<meta property=\"og:locale\" content=\"fr_FR\" \/>\n<meta property=\"og:type\" content=\"article\" \/>\n<meta property=\"og:title\" content=\"Si\u00e8ge pour WC - Chicco - 18m+ - OrthoPara\" \/>\n<meta property=\"og:description\" content=\"Chicco\u00a0 Habituer l&#039;enfant \u00e0 utiliser les toilettes! Le si\u00e8ge Soft Chicco aide l&#039;enfant \u00e0 s&#039;habituer \u00e0 utiliser les toilettes, franchissant ainsi une nouvelle \u00e9tape dans son d\u00e9veloppement. C&#039;est un outil de formation con\u00e7u pour aider les enfants \u00e0 passer de l&#039;utilisation des couches \u00e0 l&#039;utilisation des toilettes. L&#039;entra\u00eeneur de propret\u00e9 comporte g\u00e9n\u00e9ralement un si\u00e8ge doux et confortable, qui peut \u00eatre plac\u00e9 sur un si\u00e8ge de toilette ordinaire, permettant aux enfants de s&#039;asseoir confortablement pendant qu&#039;ils utilisent la salle de bain. Poids : 440g Dimensions : 30 \u00d7 7 \u00d7 33 cm\" \/>\n<meta property=\"og:url\" content=\"https:\/\/orthopara.store\/index.php\/produit\/siege-pour-wc-chicco-18m\/\" \/>\n<meta property=\"og:site_name\" content=\"OrthoPara\" \/>\n<meta property=\"article:publisher\" content=\"https:\/\/www.facebook.com\/profile.php?id=61561194315651\" \/>\n<meta property=\"article:modified_time\" content=\"2024-06-28T13:54:04+00:00\" \/>\n<meta property=\"og:image\" content=\"https:\/\/orthopara.store\/wp-content\/uploads\/2024\/06\/siege-pour-wc-chicco-18m.jpg\" \/>\n\t<meta property=\"og:image:width\" content=\"800\" \/>\n\t<meta property=\"og:image:height\" content=\"800\" \/>\n\t<meta property=\"og:image:type\" content=\"image\/jpeg\" \/>\n<meta name=\"twitter:card\" content=\"summary_large_image\" \/>\n<meta name=\"twitter:label1\" content=\"Dur\u00e9e de lecture estim\u00e9e\" \/>\n\t<meta name=\"twitter:data1\" content=\"1 minute\" \/>\n<script type=\"application\/ld+json\" class=\"yoast-schema-graph\">{\"@context\":\"https:\/\/schema.org\",\"@graph\":[{\"@type\":\"WebPage\",\"@id\":\"https:\/\/orthopara.store\/index.php\/produit\/siege-pour-wc-chicco-18m\/\",\"url\":\"https:\/\/orthopara.store\/index.php\/produit\/siege-pour-wc-chicco-18m\/\",\"name\":\"Si\u00e8ge pour WC - Chicco - 18m+ - OrthoPara\",\"isPartOf\":{\"@id\":\"https:\/\/orthopara.store\/#website\"},\"primaryImageOfPage\":{\"@id\":\"https:\/\/orthopara.store\/index.php\/produit\/siege-pour-wc-chicco-18m\/#primaryimage\"},\"image\":{\"@id\":\"https:\/\/orthopara.store\/index.php\/produit\/siege-pour-wc-chicco-18m\/#primaryimage\"},\"thumbnailUrl\":\"https:\/\/orthopara.store\/wp-content\/uploads\/2024\/06\/siege-pour-wc-chicco-18m.jpg\",\"datePublished\":\"2024-06-28T13:53:57+00:00\",\"dateModified\":\"2024-06-28T13:54:04+00:00\",\"breadcrumb\":{\"@id\":\"https:\/\/orthopara.store\/index.php\/produit\/siege-pour-wc-chicco-18m\/#breadcrumb\"},\"inLanguage\":\"fr-FR\",\"potentialAction\":[{\"@type\":\"ReadAction\",\"target\":[\"https:\/\/orthopara.store\/index.php\/produit\/siege-pour-wc-chicco-18m\/\"]}]},{\"@type\":\"ImageObject\",\"inLanguage\":\"fr-FR\",\"@id\":\"https:\/\/orthopara.store\/index.php\/produit\/siege-pour-wc-chicco-18m\/#primaryimage\",\"url\":\"https:\/\/orthopara.store\/wp-content\/uploads\/2024\/06\/siege-pour-wc-chicco-18m.jpg\",\"contentUrl\":\"https:\/\/orthopara.store\/wp-content\/uploads\/2024\/06\/siege-pour-wc-chicco-18m.jpg\",\"width\":800,\"height\":800},{\"@type\":\"BreadcrumbList\",\"@id\":\"https:\/\/orthopara.store\/index.php\/produit\/siege-pour-wc-chicco-18m\/#breadcrumb\",\"itemListElement\":[{\"@type\":\"ListItem\",\"position\":1,\"name\":\"Accueil\",\"item\":\"https:\/\/orthopara.store\/\"},{\"@type\":\"ListItem\",\"position\":2,\"name\":\"Shop\",\"item\":\"https:\/\/orthopara.store\/?page_id=622\"},{\"@type\":\"ListItem\",\"position\":3,\"name\":\"Si\u00e8ge pour WC &#8211; Chicco &#8211; 18m+\"}]},{\"@type\":\"WebSite\",\"@id\":\"https:\/\/orthopara.store\/#website\",\"url\":\"https:\/\/orthopara.store\/\",\"name\":\"OrthoPara\",\"description\":\"Parapharmacie\",\"publisher\":{\"@id\":\"https:\/\/orthopara.store\/#organization\"},\"potentialAction\":[{\"@type\":\"SearchAction\",\"target\":{\"@type\":\"EntryPoint\",\"urlTemplate\":\"https:\/\/orthopara.store\/?s={search_term_string}\"},\"query-input\":\"required name=search_term_string\"}],\"inLanguage\":\"fr-FR\"},{\"@type\":\"Organization\",\"@id\":\"https:\/\/orthopara.store\/#organization\",\"name\":\"OrthoPara\",\"url\":\"https:\/\/orthopara.store\/\",\"logo\":{\"@type\":\"ImageObject\",\"inLanguage\":\"fr-FR\",\"@id\":\"https:\/\/orthopara.store\/#\/schema\/logo\/image\/\",\"url\":\"https:\/\/orthopara.store\/wp-content\/uploads\/2024\/06\/cropped-9ABA8BAD-6256-4719-9315-15C66E64E882.png\",\"contentUrl\":\"https:\/\/orthopara.store\/wp-content\/uploads\/2024\/06\/cropped-9ABA8BAD-6256-4719-9315-15C66E64E882.png\",\"width\":240,\"height\":72,\"caption\":\"OrthoPara\"},\"image\":{\"@id\":\"https:\/\/orthopara.store\/#\/schema\/logo\/image\/\"},\"sameAs\":[\"https:\/\/www.facebook.com\/profile.php?id=61561194315651\",\"https:\/\/www.instagram.com\/orthopara_tunisie\/\"]}]}<\/script>\n<!-- \/ Yoast SEO plugin. -->","yoast_head_json":{"title":"Si\u00e8ge pour WC - Chicco - 18m+ - OrthoPara","robots":{"index":"index","follow":"follow","max-snippet":"max-snippet:-1","max-image-preview":"max-image-preview:large","max-video-preview":"max-video-preview:-1"},"canonical":"https:\/\/orthopara.store\/index.php\/produit\/siege-pour-wc-chicco-18m\/","og_locale":"fr_FR","og_type":"article","og_title":"Si\u00e8ge pour WC - Chicco - 18m+ - OrthoPara","og_description":"Chicco\u00a0 Habituer l'enfant \u00e0 utiliser les toilettes! Le si\u00e8ge Soft Chicco aide l'enfant \u00e0 s'habituer \u00e0 utiliser les toilettes, franchissant ainsi une nouvelle \u00e9tape dans son d\u00e9veloppement. C'est un outil de formation con\u00e7u pour aider les enfants \u00e0 passer de l'utilisation des couches \u00e0 l'utilisation des toilettes. L'entra\u00eeneur de propret\u00e9 comporte g\u00e9n\u00e9ralement un si\u00e8ge doux et confortable, qui peut \u00eatre plac\u00e9 sur un si\u00e8ge de toilette ordinaire, permettant aux enfants de s'asseoir confortablement pendant qu'ils utilisent la salle de bain. Poids : 440g Dimensions : 30 \u00d7 7 \u00d7 33 cm","og_url":"https:\/\/orthopara.store\/index.php\/produit\/siege-pour-wc-chicco-18m\/","og_site_name":"OrthoPara","article_publisher":"https:\/\/www.facebook.com\/profile.php?id=61561194315651","article_modified_time":"2024-06-28T13:54:04+00:00","og_image":[{"width":800,"height":800,"url":"https:\/\/orthopara.store\/wp-content\/uploads\/2024\/06\/siege-pour-wc-chicco-18m.jpg","type":"image\/jpeg"}],"twitter_card":"summary_large_image","twitter_misc":{"Dur\u00e9e de lecture estim\u00e9e":"1 minute"},"schema":{"@context":"https:\/\/schema.org","@graph":[{"@type":"WebPage","@id":"https:\/\/orthopara.store\/index.php\/produit\/siege-pour-wc-chicco-18m\/","url":"https:\/\/orthopara.store\/index.php\/produit\/siege-pour-wc-chicco-18m\/","name":"Si\u00e8ge pour WC - Chicco - 18m+ - OrthoPara","isPartOf":{"@id":"https:\/\/orthopara.store\/#website"},"primaryImageOfPage":{"@id":"https:\/\/orthopara.store\/index.php\/produit\/siege-pour-wc-chicco-18m\/#primaryimage"},"image":{"@id":"https:\/\/orthopara.store\/index.php\/produit\/siege-pour-wc-chicco-18m\/#primaryimage"},"thumbnailUrl":"https:\/\/orthopara.store\/wp-content\/uploads\/2024\/06\/siege-pour-wc-chicco-18m.jpg","datePublished":"2024-06-28T13:53:57+00:00","dateModified":"2024-06-28T13:54:04+00:00","breadcrumb":{"@id":"https:\/\/orthopara.store\/index.php\/produit\/siege-pour-wc-chicco-18m\/#breadcrumb"},"inLanguage":"fr-FR","potentialAction":[{"@type":"ReadAction","target":["https:\/\/orthopara.store\/index.php\/produit\/siege-pour-wc-chicco-18m\/"]}]},{"@type":"ImageObject","inLanguage":"fr-FR","@id":"https:\/\/orthopara.store\/index.php\/produit\/siege-pour-wc-chicco-18m\/#primaryimage","url":"https:\/\/orthopara.store\/wp-content\/uploads\/2024\/06\/siege-pour-wc-chicco-18m.jpg","contentUrl":"https:\/\/orthopara.store\/wp-content\/uploads\/2024\/06\/siege-pour-wc-chicco-18m.jpg","width":800,"height":800},{"@type":"BreadcrumbList","@id":"https:\/\/orthopara.store\/index.php\/produit\/siege-pour-wc-chicco-18m\/#breadcrumb","itemListElement":[{"@type":"ListItem","position":1,"name":"Accueil","item":"https:\/\/orthopara.store\/"},{"@type":"ListItem","position":2,"name":"Shop","item":"https:\/\/orthopara.store\/?page_id=622"},{"@type":"ListItem","position":3,"name":"Si\u00e8ge pour WC &#8211; Chicco &#8211; 18m+"}]},{"@type":"WebSite","@id":"https:\/\/orthopara.store\/#website","url":"https:\/\/orthopara.store\/","name":"OrthoPara","description":"Parapharmacie","publisher":{"@id":"https:\/\/orthopara.store\/#organization"},"potentialAction":[{"@type":"SearchAction","target":{"@type":"EntryPoint","urlTemplate":"https:\/\/orthopara.store\/?s={search_term_string}"},"query-input":"required name=search_term_string"}],"inLanguage":"fr-FR"},{"@type":"Organization","@id":"https:\/\/orthopara.store\/#organization","name":"OrthoPara","url":"https:\/\/orthopara.store\/","logo":{"@type":"ImageObject","inLanguage":"fr-FR","@id":"https:\/\/orthopara.store\/#\/schema\/logo\/image\/","url":"https:\/\/orthopara.store\/wp-content\/uploads\/2024\/06\/cropped-9ABA8BAD-6256-4719-9315-15C66E64E882.png","contentUrl":"https:\/\/orthopara.store\/wp-content\/uploads\/2024\/06\/cropped-9ABA8BAD-6256-4719-9315-15C66E64E882.png","width":240,"height":72,"caption":"OrthoPara"},"image":{"@id":"https:\/\/orthopara.store\/#\/schema\/logo\/image\/"},"sameAs":["https:\/\/www.facebook.com\/profile.php?id=61561194315651","https:\/\/www.instagram.com\/orthopara_tunisie\/"]}]}},"jetpack_sharing_enabled":true,"brands":[{"id":173,"name":"Chicco","slug":"chicco"}],"_links":{"self":[{"href":"https:\/\/orthopara.store\/index.php?rest_route=\/wp\/v2\/product\/1540","targetHints":{"allow":["GET"]}}],"collection":[{"href":"https:\/\/orthopara.store\/index.php?rest_route=\/wp\/v2\/product"}],"about":[{"href":"https:\/\/orthopara.store\/index.php?rest_route=\/wp\/v2\/types\/product"}],"replies":[{"embeddable":true,"href":"https:\/\/orthopara.store\/index.php?rest_route=%2Fwp%2Fv2%2Fcomments&post=1540"}],"wp:featuredmedia":[{"embeddable":true,"href":"https:\/\/orthopara.store\/index.php?rest_route=\/wp\/v2\/media\/1561"}],"wp:attachment":[{"href":"https:\/\/orthopara.store\/index.php?rest_route=%2Fwp%2Fv2%2Fmedia&parent=1540"}],"wp:term":[{"taxonomy":"pwb-brand","embeddable":true,"href":"https:\/\/orthopara.store\/index.php?rest_route=%2Fwp%2Fv2%2Fpwb-brand&post=1540"},{"taxonomy":"product_cat","embeddable":true,"href":"https:\/\/orthopara.store\/index.php?rest_route=%2Fwp%2Fv2%2Fproduct_cat&post=1540"},{"taxonomy":"product_tag","embeddable":true,"href":"https:\/\/orthopara.store\/index.php?rest_route=%2Fwp%2Fv2%2Fproduct_tag&post=1540"}],"curies":[{"name":"wp","href":"https:\/\/api.w.org\/{rel}","templated":true}]}}