{"id":1588,"date":"2024-06-28T15:54:12","date_gmt":"2024-06-28T13:54:12","guid":{"rendered":"https:\/\/orthopara.store\/?post_type=product&#038;p=1588"},"modified":"2024-06-28T15:54:21","modified_gmt":"2024-06-28T13:54:21","slug":"creme-nourrissante-et-hydratante-biolane-100ml","status":"publish","type":"product","link":"https:\/\/orthopara.store\/?product=creme-nourrissante-et-hydratante-biolane-100ml","title":{"rendered":"Cr\u00e8me nourrissante et hydratante &#8211; Biolane &#8211; 100ml"},"content":{"rendered":"<p>La cr\u00e8me nourrissante et hydratante Biolane hydrate durablement et apporte souplesse et confort \u00e0 la peau de votre b\u00e9b\u00e9.<\/p>\n<p>Une efficacit\u00e9 prouv\u00e9e :<br \/>\n+34% d&rsquo;hydratation 8H apr\u00e8s application (test instrumental d&rsquo;hydratation r\u00e9alis\u00e9 sur 11 volontaires ayant une peau s\u00e8che).<\/p>\n<p>Notre vocation : prot\u00e9ger la peau sensible de votre b\u00e9b\u00e9<br \/>\n&#8211; Une cr\u00e8me visage et corps \u00e0 98% d&rsquo;ingr\u00e9dients d&rsquo;origine naturelle, enrichie en beurre de karit\u00e9 et glyc\u00e9rine, qui aide \u00e0 diminuer les sensations d&rsquo;inconfort de la peau sensible de votre b\u00e9b\u00e9.<br \/>\n&#8211; Une formule test\u00e9e cliniquement sous contr\u00f4le m\u00e9dical pour la plus grande s\u00e9curit\u00e9 des nouveaux-n\u00e9s.<\/p>\n<p>Notre engagement: participer \u00e0 un avenir durable<br \/>\n&#8211; Fabrication fran\u00e7aise sur notre site vend\u00e9en qui favorise l&#8217;emploi local.<br \/>\n&#8211; Emballage comportant au moins 34% de mati\u00e8res recycl\u00e9es.<\/p>\n<p>Conseils d&rsquo;utilisation :<br \/>\nAppliquer 1 \u00e0 2 fois par jour sur une peau parfaitement nettoy\u00e9e et s\u00e8che sur le visage et le corps, en insistant sur les zones dess\u00e9ch\u00e9es.<br \/>\nA conserver \u00e0 temp\u00e9rature comprise entre 15 et 25\u00b0C<\/p>\n<p>Composition :<br \/>\nAqua (Water), Caprylic\/Capric Triglyceride, Coco-Caprylate\/Caprate, Glycerin, Butyrospermum Parkii (Shea) Butter, Propanediol, Cetearyl Alcohol, C10-18 Triglycerides, Glyceryl Stearate Citrate, Inulin, Pentylene Glycol, Parfum (Fragrance), Cetearyl Glucoside, Xanthan Gum, Carbomer, Ethylhexylglycerin, Sodium Gluconate, Tocopherol, Sodium Dehydroacetate, Fructose, Sodium Hydroxide, Helianthus Annuus (Sunflower) Seed Oil.<\/p>\n","protected":false},"excerpt":{"rendered":"<p>Biolane<br \/>\nLa cr\u00e8me nourrissante et hydratante Biolane hydrate durablement et apporte souplesse et confort \u00e0 la peau.<br \/>\nContenance : 100ml<\/p>\n","protected":false},"featured_media":1609,"comment_status":"open","ping_status":"closed","template":"","meta":[],"pwb-brand":[189],"product_cat":[184],"product_tag":[],"class_list":{"0":"post-1588","1":"product","2":"type-product","3":"status-publish","4":"has-post-thumbnail","6":"pwb-brand-biolane","7":"product_cat-hydratation-visage-et-corps","8":"post","9":"ws-product--style-1","11":"first","12":"instock","13":"shipping-taxable","14":"purchasable","15":"product-type-simple"},"yoast_head":"<!-- This site is optimized with the Yoast SEO plugin v23.0 - https:\/\/yoast.com\/wordpress\/plugins\/seo\/ -->\n<title>Cr\u00e8me nourrissante et hydratante - Biolane - 100ml - OrthoPara<\/title>\n<meta name=\"robots\" content=\"index, follow, max-snippet:-1, max-image-preview:large, max-video-preview:-1\" \/>\n<link rel=\"canonical\" href=\"https:\/\/orthopara.store\/index.php\/produit\/creme-nourrissante-et-hydratante-biolane-100ml\/\" \/>\n<meta property=\"og:locale\" content=\"fr_FR\" \/>\n<meta property=\"og:type\" content=\"article\" \/>\n<meta property=\"og:title\" content=\"Cr\u00e8me nourrissante et hydratante - Biolane - 100ml - OrthoPara\" \/>\n<meta property=\"og:description\" content=\"Biolane La cr\u00e8me nourrissante et hydratante Biolane hydrate durablement et apporte souplesse et confort \u00e0 la peau. Contenance : 100ml\" \/>\n<meta property=\"og:url\" content=\"https:\/\/orthopara.store\/index.php\/produit\/creme-nourrissante-et-hydratante-biolane-100ml\/\" \/>\n<meta property=\"og:site_name\" content=\"OrthoPara\" \/>\n<meta property=\"article:publisher\" content=\"https:\/\/www.facebook.com\/profile.php?id=61561194315651\" \/>\n<meta property=\"article:modified_time\" content=\"2024-06-28T13:54:21+00:00\" \/>\n<meta property=\"og:image\" content=\"https:\/\/orthopara.store\/wp-content\/uploads\/2024\/06\/creme-nourrissante-et-hydratante-biolane-100ml.jpg\" \/>\n\t<meta property=\"og:image:width\" content=\"800\" \/>\n\t<meta property=\"og:image:height\" content=\"800\" \/>\n\t<meta property=\"og:image:type\" content=\"image\/jpeg\" \/>\n<meta name=\"twitter:card\" content=\"summary_large_image\" \/>\n<meta name=\"twitter:label1\" content=\"Dur\u00e9e de lecture estim\u00e9e\" \/>\n\t<meta name=\"twitter:data1\" content=\"1 minute\" \/>\n<script type=\"application\/ld+json\" class=\"yoast-schema-graph\">{\"@context\":\"https:\/\/schema.org\",\"@graph\":[{\"@type\":\"WebPage\",\"@id\":\"https:\/\/orthopara.store\/index.php\/produit\/creme-nourrissante-et-hydratante-biolane-100ml\/\",\"url\":\"https:\/\/orthopara.store\/index.php\/produit\/creme-nourrissante-et-hydratante-biolane-100ml\/\",\"name\":\"Cr\u00e8me nourrissante et hydratante - Biolane - 100ml - OrthoPara\",\"isPartOf\":{\"@id\":\"https:\/\/orthopara.store\/#website\"},\"primaryImageOfPage\":{\"@id\":\"https:\/\/orthopara.store\/index.php\/produit\/creme-nourrissante-et-hydratante-biolane-100ml\/#primaryimage\"},\"image\":{\"@id\":\"https:\/\/orthopara.store\/index.php\/produit\/creme-nourrissante-et-hydratante-biolane-100ml\/#primaryimage\"},\"thumbnailUrl\":\"https:\/\/orthopara.store\/wp-content\/uploads\/2024\/06\/creme-nourrissante-et-hydratante-biolane-100ml.jpg\",\"datePublished\":\"2024-06-28T13:54:12+00:00\",\"dateModified\":\"2024-06-28T13:54:21+00:00\",\"breadcrumb\":{\"@id\":\"https:\/\/orthopara.store\/index.php\/produit\/creme-nourrissante-et-hydratante-biolane-100ml\/#breadcrumb\"},\"inLanguage\":\"fr-FR\",\"potentialAction\":[{\"@type\":\"ReadAction\",\"target\":[\"https:\/\/orthopara.store\/index.php\/produit\/creme-nourrissante-et-hydratante-biolane-100ml\/\"]}]},{\"@type\":\"ImageObject\",\"inLanguage\":\"fr-FR\",\"@id\":\"https:\/\/orthopara.store\/index.php\/produit\/creme-nourrissante-et-hydratante-biolane-100ml\/#primaryimage\",\"url\":\"https:\/\/orthopara.store\/wp-content\/uploads\/2024\/06\/creme-nourrissante-et-hydratante-biolane-100ml.jpg\",\"contentUrl\":\"https:\/\/orthopara.store\/wp-content\/uploads\/2024\/06\/creme-nourrissante-et-hydratante-biolane-100ml.jpg\",\"width\":800,\"height\":800},{\"@type\":\"BreadcrumbList\",\"@id\":\"https:\/\/orthopara.store\/index.php\/produit\/creme-nourrissante-et-hydratante-biolane-100ml\/#breadcrumb\",\"itemListElement\":[{\"@type\":\"ListItem\",\"position\":1,\"name\":\"Accueil\",\"item\":\"https:\/\/orthopara.store\/\"},{\"@type\":\"ListItem\",\"position\":2,\"name\":\"Shop\",\"item\":\"https:\/\/orthopara.store\/?page_id=622\"},{\"@type\":\"ListItem\",\"position\":3,\"name\":\"Cr\u00e8me nourrissante et hydratante &#8211; Biolane &#8211; 100ml\"}]},{\"@type\":\"WebSite\",\"@id\":\"https:\/\/orthopara.store\/#website\",\"url\":\"https:\/\/orthopara.store\/\",\"name\":\"OrthoPara\",\"description\":\"Parapharmacie\",\"publisher\":{\"@id\":\"https:\/\/orthopara.store\/#organization\"},\"potentialAction\":[{\"@type\":\"SearchAction\",\"target\":{\"@type\":\"EntryPoint\",\"urlTemplate\":\"https:\/\/orthopara.store\/?s={search_term_string}\"},\"query-input\":\"required name=search_term_string\"}],\"inLanguage\":\"fr-FR\"},{\"@type\":\"Organization\",\"@id\":\"https:\/\/orthopara.store\/#organization\",\"name\":\"OrthoPara\",\"url\":\"https:\/\/orthopara.store\/\",\"logo\":{\"@type\":\"ImageObject\",\"inLanguage\":\"fr-FR\",\"@id\":\"https:\/\/orthopara.store\/#\/schema\/logo\/image\/\",\"url\":\"https:\/\/orthopara.store\/wp-content\/uploads\/2024\/06\/cropped-9ABA8BAD-6256-4719-9315-15C66E64E882.png\",\"contentUrl\":\"https:\/\/orthopara.store\/wp-content\/uploads\/2024\/06\/cropped-9ABA8BAD-6256-4719-9315-15C66E64E882.png\",\"width\":240,\"height\":72,\"caption\":\"OrthoPara\"},\"image\":{\"@id\":\"https:\/\/orthopara.store\/#\/schema\/logo\/image\/\"},\"sameAs\":[\"https:\/\/www.facebook.com\/profile.php?id=61561194315651\",\"https:\/\/www.instagram.com\/orthopara_tunisie\/\"]}]}<\/script>\n<!-- \/ Yoast SEO plugin. -->","yoast_head_json":{"title":"Cr\u00e8me nourrissante et hydratante - Biolane - 100ml - OrthoPara","robots":{"index":"index","follow":"follow","max-snippet":"max-snippet:-1","max-image-preview":"max-image-preview:large","max-video-preview":"max-video-preview:-1"},"canonical":"https:\/\/orthopara.store\/index.php\/produit\/creme-nourrissante-et-hydratante-biolane-100ml\/","og_locale":"fr_FR","og_type":"article","og_title":"Cr\u00e8me nourrissante et hydratante - Biolane - 100ml - OrthoPara","og_description":"Biolane La cr\u00e8me nourrissante et hydratante Biolane hydrate durablement et apporte souplesse et confort \u00e0 la peau. Contenance : 100ml","og_url":"https:\/\/orthopara.store\/index.php\/produit\/creme-nourrissante-et-hydratante-biolane-100ml\/","og_site_name":"OrthoPara","article_publisher":"https:\/\/www.facebook.com\/profile.php?id=61561194315651","article_modified_time":"2024-06-28T13:54:21+00:00","og_image":[{"width":800,"height":800,"url":"https:\/\/orthopara.store\/wp-content\/uploads\/2024\/06\/creme-nourrissante-et-hydratante-biolane-100ml.jpg","type":"image\/jpeg"}],"twitter_card":"summary_large_image","twitter_misc":{"Dur\u00e9e de lecture estim\u00e9e":"1 minute"},"schema":{"@context":"https:\/\/schema.org","@graph":[{"@type":"WebPage","@id":"https:\/\/orthopara.store\/index.php\/produit\/creme-nourrissante-et-hydratante-biolane-100ml\/","url":"https:\/\/orthopara.store\/index.php\/produit\/creme-nourrissante-et-hydratante-biolane-100ml\/","name":"Cr\u00e8me nourrissante et hydratante - Biolane - 100ml - OrthoPara","isPartOf":{"@id":"https:\/\/orthopara.store\/#website"},"primaryImageOfPage":{"@id":"https:\/\/orthopara.store\/index.php\/produit\/creme-nourrissante-et-hydratante-biolane-100ml\/#primaryimage"},"image":{"@id":"https:\/\/orthopara.store\/index.php\/produit\/creme-nourrissante-et-hydratante-biolane-100ml\/#primaryimage"},"thumbnailUrl":"https:\/\/orthopara.store\/wp-content\/uploads\/2024\/06\/creme-nourrissante-et-hydratante-biolane-100ml.jpg","datePublished":"2024-06-28T13:54:12+00:00","dateModified":"2024-06-28T13:54:21+00:00","breadcrumb":{"@id":"https:\/\/orthopara.store\/index.php\/produit\/creme-nourrissante-et-hydratante-biolane-100ml\/#breadcrumb"},"inLanguage":"fr-FR","potentialAction":[{"@type":"ReadAction","target":["https:\/\/orthopara.store\/index.php\/produit\/creme-nourrissante-et-hydratante-biolane-100ml\/"]}]},{"@type":"ImageObject","inLanguage":"fr-FR","@id":"https:\/\/orthopara.store\/index.php\/produit\/creme-nourrissante-et-hydratante-biolane-100ml\/#primaryimage","url":"https:\/\/orthopara.store\/wp-content\/uploads\/2024\/06\/creme-nourrissante-et-hydratante-biolane-100ml.jpg","contentUrl":"https:\/\/orthopara.store\/wp-content\/uploads\/2024\/06\/creme-nourrissante-et-hydratante-biolane-100ml.jpg","width":800,"height":800},{"@type":"BreadcrumbList","@id":"https:\/\/orthopara.store\/index.php\/produit\/creme-nourrissante-et-hydratante-biolane-100ml\/#breadcrumb","itemListElement":[{"@type":"ListItem","position":1,"name":"Accueil","item":"https:\/\/orthopara.store\/"},{"@type":"ListItem","position":2,"name":"Shop","item":"https:\/\/orthopara.store\/?page_id=622"},{"@type":"ListItem","position":3,"name":"Cr\u00e8me nourrissante et hydratante &#8211; Biolane &#8211; 100ml"}]},{"@type":"WebSite","@id":"https:\/\/orthopara.store\/#website","url":"https:\/\/orthopara.store\/","name":"OrthoPara","description":"Parapharmacie","publisher":{"@id":"https:\/\/orthopara.store\/#organization"},"potentialAction":[{"@type":"SearchAction","target":{"@type":"EntryPoint","urlTemplate":"https:\/\/orthopara.store\/?s={search_term_string}"},"query-input":"required name=search_term_string"}],"inLanguage":"fr-FR"},{"@type":"Organization","@id":"https:\/\/orthopara.store\/#organization","name":"OrthoPara","url":"https:\/\/orthopara.store\/","logo":{"@type":"ImageObject","inLanguage":"fr-FR","@id":"https:\/\/orthopara.store\/#\/schema\/logo\/image\/","url":"https:\/\/orthopara.store\/wp-content\/uploads\/2024\/06\/cropped-9ABA8BAD-6256-4719-9315-15C66E64E882.png","contentUrl":"https:\/\/orthopara.store\/wp-content\/uploads\/2024\/06\/cropped-9ABA8BAD-6256-4719-9315-15C66E64E882.png","width":240,"height":72,"caption":"OrthoPara"},"image":{"@id":"https:\/\/orthopara.store\/#\/schema\/logo\/image\/"},"sameAs":["https:\/\/www.facebook.com\/profile.php?id=61561194315651","https:\/\/www.instagram.com\/orthopara_tunisie\/"]}]}},"jetpack_sharing_enabled":true,"brands":[{"id":189,"name":"BIOLANE","slug":"biolane"}],"_links":{"self":[{"href":"https:\/\/orthopara.store\/index.php?rest_route=\/wp\/v2\/product\/1588","targetHints":{"allow":["GET"]}}],"collection":[{"href":"https:\/\/orthopara.store\/index.php?rest_route=\/wp\/v2\/product"}],"about":[{"href":"https:\/\/orthopara.store\/index.php?rest_route=\/wp\/v2\/types\/product"}],"replies":[{"embeddable":true,"href":"https:\/\/orthopara.store\/index.php?rest_route=%2Fwp%2Fv2%2Fcomments&post=1588"}],"wp:featuredmedia":[{"embeddable":true,"href":"https:\/\/orthopara.store\/index.php?rest_route=\/wp\/v2\/media\/1609"}],"wp:attachment":[{"href":"https:\/\/orthopara.store\/index.php?rest_route=%2Fwp%2Fv2%2Fmedia&parent=1588"}],"wp:term":[{"taxonomy":"pwb-brand","embeddable":true,"href":"https:\/\/orthopara.store\/index.php?rest_route=%2Fwp%2Fv2%2Fpwb-brand&post=1588"},{"taxonomy":"product_cat","embeddable":true,"href":"https:\/\/orthopara.store\/index.php?rest_route=%2Fwp%2Fv2%2Fproduct_cat&post=1588"},{"taxonomy":"product_tag","embeddable":true,"href":"https:\/\/orthopara.store\/index.php?rest_route=%2Fwp%2Fv2%2Fproduct_tag&post=1588"}],"curies":[{"name":"wp","href":"https:\/\/api.w.org\/{rel}","templated":true}]}}