{"id":1620,"date":"2024-06-28T15:54:24","date_gmt":"2024-06-28T13:54:24","guid":{"rendered":"https:\/\/orthopara.store\/?post_type=product&#038;p=1620"},"modified":"2024-06-28T15:54:30","modified_gmt":"2024-06-28T13:54:30","slug":"lait-corporel-hydratant-babe-pediatric-500ml","status":"publish","type":"product","link":"https:\/\/orthopara.store\/?product=lait-corporel-hydratant-babe-pediatric-500ml","title":{"rendered":"Lait corporel hydratant &#8211; Bab\u00e9 Pediatric &#8211; 500ml"},"content":{"rendered":"<p>Lait corporel hydratant &#8211; Bab\u00e9 Pediatric &#8211; 500ml<br \/>\n\u00c9mulsion corporelle pour enfants dont la composition a \u00e9t\u00e9 d\u00e9velopp\u00e9e pour la peau sensible des b\u00e9b\u00e9s et des enfants. Gr\u00e2ce \u00e0 sa composition fine \u00e0 absorption rapide, il est id\u00e9al pour le massage du corps pendant les premiers mois de b\u00e9b\u00e9. Nourrit, apaise et adoucit m\u00eame les peaux les plus sensibles.<br \/>\nPropri\u00e9t\u00e9s de produit :\u00a0<br \/>\nType de peau : tous types de peau<br \/>\nConvient au cuir chevelu des b\u00e9b\u00e9s et des enfants.<br \/>\nTexture fluide. Absorption rapide<br \/>\nFini non collant.<br \/>\nConseils d&rsquo;utilisation :<br \/>\nAppliquez une petite quantit\u00e9 de produit sur votre main et \u00e9talez doucement sur le corps du b\u00e9b\u00e9 ou de l&rsquo;enfant jusqu&rsquo;\u00e0 absorption compl\u00e8te. Vous pouvez l&rsquo;utiliser quotidiennement et le r\u00e9appliquer aussi souvent que n\u00e9cessaire.<br \/>\nComposition :<br \/>\nIngr\u00e9dients actifs :<br \/>\nBeurre de Kokum 1% \u2022 Complexe Baby-Care Bab\u00e9 0,5% \u2022 Camomille 0,50% \u2022 Vitamine E 0,25%<br \/>\nBeurred Kokum<br \/>\nAvec une teneur \u00e9lev\u00e9e en acides gras qui prot\u00e8gent et r\u00e9g\u00e9n\u00e8rent la peau s\u00e8che, laissant un toucher doux.<br \/>\nCamomille<br \/>\nAvec des propri\u00e9t\u00e9s anti-inflammatoires et apaisantes sur la peau.<br \/>\nCalendula, Mimosa et Aloe Vera<br \/>\nEnsemble d\u2019ingr\u00e9dients anti-irritants et anti-inflammatoires qui prot\u00e8gent la peau.<br \/>\nListe compl\u00e8te des ingr\u00e9dients :<br \/>\nAqua,Glycerin,Caprylic\/Capric Triglyceride,Cetearyl Ethylhexanoate,Glyceryl Stearate,Peg-100 Stearate,Cetearyl Alcohol,Garcinia Indica Seed Butter,Dimethicone,Calendula Officinalis Flower Extract,Mimosa Tenuiflora Leaf Extract,Aloe Barbadensis Leaf Extract,Chamomilla Recutita Flower Extract,Helianthus Annuus Seed Oil,Tocopheryl Acetate,Tocopherol,Ascorbyl Palmitate,Parfum,Sorbitan Stearate,Acrylates\/C10-30 Alkyl Acrylate Crosspolymer,Ethylhexylglycerin,Polysorbate 20,Bht,Phenoxyethanol,Tetrasodium Glutamate Diacetate,Sodium Hydroxide,Potassium Sorbate,Sodium Benzoate<br \/>\n*Cette liste d&rsquo;ingr\u00e9dients peut changer pour respecter les \u00e9volutions r\u00e9glementaires, par cons\u00e9quent, lisez attentivement la liste imprim\u00e9e sur l&#8217;emballage du produit pour vous assurer de sa composition.<\/p>\n<p>Tous les produits BAB\u00c9 sont uniques et apportent une solution \u00e0 chaque besoin, m\u00eame pour le soin des peaux de b\u00e9b\u00e9 les plus exigeantes :<br \/>\nIls sont hypoallerg\u00e9niques et sans :<br \/>\nalcool, kathon CG, colorants, huiles de paraffine, parab\u00e8nes &#038; phtalates.<br \/>\nTest\u00e9s et approuv\u00e9s par des dermatologues et des p\u00e9diatres.<\/p>\n","protected":false},"excerpt":{"rendered":"<p>Bab\u00e9 Pediatric<br \/>\nLe lait de corps hydratant p\u00e9diatrique est un produit indispensable pour chouchouter la peau des plus petits ! adapt\u00e9 \u00e0 la peau des b\u00e9b\u00e9s et des enfant, le lait hydratant, la peau fragile de b\u00e9b\u00e9 sera douce, prot\u00e9g\u00e9e durablement et la barri\u00e8re cutan\u00e9e sera renforc\u00e9e.<br \/>\nContenance : 500ml<br \/>\nDLC 12 mois apr\u00e8s l&rsquo;ouverture<\/p>\n","protected":false},"featured_media":1644,"comment_status":"open","ping_status":"closed","template":"","meta":[],"pwb-brand":[196],"product_cat":[184],"product_tag":[],"class_list":{"0":"post-1620","1":"product","2":"type-product","3":"status-publish","4":"has-post-thumbnail","6":"pwb-brand-babe","7":"product_cat-hydratation-visage-et-corps","8":"post","9":"ws-product--style-1","11":"first","12":"instock","13":"shipping-taxable","14":"purchasable","15":"product-type-simple"},"yoast_head":"<!-- This site is optimized with the Yoast SEO plugin v23.0 - https:\/\/yoast.com\/wordpress\/plugins\/seo\/ -->\n<title>Lait corporel hydratant - Bab\u00e9 Pediatric - 500ml - OrthoPara<\/title>\n<meta name=\"robots\" content=\"index, follow, max-snippet:-1, max-image-preview:large, max-video-preview:-1\" \/>\n<link rel=\"canonical\" href=\"https:\/\/orthopara.store\/index.php\/produit\/lait-corporel-hydratant-babe-pediatric-500ml\/\" \/>\n<meta property=\"og:locale\" content=\"fr_FR\" \/>\n<meta property=\"og:type\" content=\"article\" \/>\n<meta property=\"og:title\" content=\"Lait corporel hydratant - Bab\u00e9 Pediatric - 500ml - OrthoPara\" \/>\n<meta property=\"og:description\" content=\"Bab\u00e9 Pediatric Le lait de corps hydratant p\u00e9diatrique est un produit indispensable pour chouchouter la peau des plus petits ! adapt\u00e9 \u00e0 la peau des b\u00e9b\u00e9s et des enfant, le lait hydratant, la peau fragile de b\u00e9b\u00e9 sera douce, prot\u00e9g\u00e9e durablement et la barri\u00e8re cutan\u00e9e sera renforc\u00e9e. Contenance : 500ml DLC 12 mois apr\u00e8s l&#039;ouverture\" \/>\n<meta property=\"og:url\" content=\"https:\/\/orthopara.store\/index.php\/produit\/lait-corporel-hydratant-babe-pediatric-500ml\/\" \/>\n<meta property=\"og:site_name\" content=\"OrthoPara\" \/>\n<meta property=\"article:publisher\" content=\"https:\/\/www.facebook.com\/profile.php?id=61561194315651\" \/>\n<meta property=\"article:modified_time\" content=\"2024-06-28T13:54:30+00:00\" \/>\n<meta property=\"og:image\" content=\"https:\/\/orthopara.store\/wp-content\/uploads\/2024\/06\/lait-corporel-hydratant-babe-pediatric-500ml.jpg\" \/>\n\t<meta property=\"og:image:width\" content=\"800\" \/>\n\t<meta property=\"og:image:height\" content=\"800\" \/>\n\t<meta property=\"og:image:type\" content=\"image\/jpeg\" \/>\n<meta name=\"twitter:card\" content=\"summary_large_image\" \/>\n<meta name=\"twitter:label1\" content=\"Dur\u00e9e de lecture estim\u00e9e\" \/>\n\t<meta name=\"twitter:data1\" content=\"2 minutes\" \/>\n<script type=\"application\/ld+json\" class=\"yoast-schema-graph\">{\"@context\":\"https:\/\/schema.org\",\"@graph\":[{\"@type\":\"WebPage\",\"@id\":\"https:\/\/orthopara.store\/index.php\/produit\/lait-corporel-hydratant-babe-pediatric-500ml\/\",\"url\":\"https:\/\/orthopara.store\/index.php\/produit\/lait-corporel-hydratant-babe-pediatric-500ml\/\",\"name\":\"Lait corporel hydratant - Bab\u00e9 Pediatric - 500ml - OrthoPara\",\"isPartOf\":{\"@id\":\"https:\/\/orthopara.store\/#website\"},\"primaryImageOfPage\":{\"@id\":\"https:\/\/orthopara.store\/index.php\/produit\/lait-corporel-hydratant-babe-pediatric-500ml\/#primaryimage\"},\"image\":{\"@id\":\"https:\/\/orthopara.store\/index.php\/produit\/lait-corporel-hydratant-babe-pediatric-500ml\/#primaryimage\"},\"thumbnailUrl\":\"https:\/\/orthopara.store\/wp-content\/uploads\/2024\/06\/lait-corporel-hydratant-babe-pediatric-500ml.jpg\",\"datePublished\":\"2024-06-28T13:54:24+00:00\",\"dateModified\":\"2024-06-28T13:54:30+00:00\",\"breadcrumb\":{\"@id\":\"https:\/\/orthopara.store\/index.php\/produit\/lait-corporel-hydratant-babe-pediatric-500ml\/#breadcrumb\"},\"inLanguage\":\"fr-FR\",\"potentialAction\":[{\"@type\":\"ReadAction\",\"target\":[\"https:\/\/orthopara.store\/index.php\/produit\/lait-corporel-hydratant-babe-pediatric-500ml\/\"]}]},{\"@type\":\"ImageObject\",\"inLanguage\":\"fr-FR\",\"@id\":\"https:\/\/orthopara.store\/index.php\/produit\/lait-corporel-hydratant-babe-pediatric-500ml\/#primaryimage\",\"url\":\"https:\/\/orthopara.store\/wp-content\/uploads\/2024\/06\/lait-corporel-hydratant-babe-pediatric-500ml.jpg\",\"contentUrl\":\"https:\/\/orthopara.store\/wp-content\/uploads\/2024\/06\/lait-corporel-hydratant-babe-pediatric-500ml.jpg\",\"width\":800,\"height\":800},{\"@type\":\"BreadcrumbList\",\"@id\":\"https:\/\/orthopara.store\/index.php\/produit\/lait-corporel-hydratant-babe-pediatric-500ml\/#breadcrumb\",\"itemListElement\":[{\"@type\":\"ListItem\",\"position\":1,\"name\":\"Accueil\",\"item\":\"https:\/\/orthopara.store\/\"},{\"@type\":\"ListItem\",\"position\":2,\"name\":\"Shop\",\"item\":\"https:\/\/orthopara.store\/?page_id=622\"},{\"@type\":\"ListItem\",\"position\":3,\"name\":\"Lait corporel hydratant &#8211; Bab\u00e9 Pediatric &#8211; 500ml\"}]},{\"@type\":\"WebSite\",\"@id\":\"https:\/\/orthopara.store\/#website\",\"url\":\"https:\/\/orthopara.store\/\",\"name\":\"OrthoPara\",\"description\":\"Parapharmacie\",\"publisher\":{\"@id\":\"https:\/\/orthopara.store\/#organization\"},\"potentialAction\":[{\"@type\":\"SearchAction\",\"target\":{\"@type\":\"EntryPoint\",\"urlTemplate\":\"https:\/\/orthopara.store\/?s={search_term_string}\"},\"query-input\":\"required name=search_term_string\"}],\"inLanguage\":\"fr-FR\"},{\"@type\":\"Organization\",\"@id\":\"https:\/\/orthopara.store\/#organization\",\"name\":\"OrthoPara\",\"url\":\"https:\/\/orthopara.store\/\",\"logo\":{\"@type\":\"ImageObject\",\"inLanguage\":\"fr-FR\",\"@id\":\"https:\/\/orthopara.store\/#\/schema\/logo\/image\/\",\"url\":\"https:\/\/orthopara.store\/wp-content\/uploads\/2024\/06\/cropped-9ABA8BAD-6256-4719-9315-15C66E64E882.png\",\"contentUrl\":\"https:\/\/orthopara.store\/wp-content\/uploads\/2024\/06\/cropped-9ABA8BAD-6256-4719-9315-15C66E64E882.png\",\"width\":240,\"height\":72,\"caption\":\"OrthoPara\"},\"image\":{\"@id\":\"https:\/\/orthopara.store\/#\/schema\/logo\/image\/\"},\"sameAs\":[\"https:\/\/www.facebook.com\/profile.php?id=61561194315651\",\"https:\/\/www.instagram.com\/orthopara_tunisie\/\"]}]}<\/script>\n<!-- \/ Yoast SEO plugin. -->","yoast_head_json":{"title":"Lait corporel hydratant - Bab\u00e9 Pediatric - 500ml - OrthoPara","robots":{"index":"index","follow":"follow","max-snippet":"max-snippet:-1","max-image-preview":"max-image-preview:large","max-video-preview":"max-video-preview:-1"},"canonical":"https:\/\/orthopara.store\/index.php\/produit\/lait-corporel-hydratant-babe-pediatric-500ml\/","og_locale":"fr_FR","og_type":"article","og_title":"Lait corporel hydratant - Bab\u00e9 Pediatric - 500ml - OrthoPara","og_description":"Bab\u00e9 Pediatric Le lait de corps hydratant p\u00e9diatrique est un produit indispensable pour chouchouter la peau des plus petits ! adapt\u00e9 \u00e0 la peau des b\u00e9b\u00e9s et des enfant, le lait hydratant, la peau fragile de b\u00e9b\u00e9 sera douce, prot\u00e9g\u00e9e durablement et la barri\u00e8re cutan\u00e9e sera renforc\u00e9e. Contenance : 500ml DLC 12 mois apr\u00e8s l'ouverture","og_url":"https:\/\/orthopara.store\/index.php\/produit\/lait-corporel-hydratant-babe-pediatric-500ml\/","og_site_name":"OrthoPara","article_publisher":"https:\/\/www.facebook.com\/profile.php?id=61561194315651","article_modified_time":"2024-06-28T13:54:30+00:00","og_image":[{"width":800,"height":800,"url":"https:\/\/orthopara.store\/wp-content\/uploads\/2024\/06\/lait-corporel-hydratant-babe-pediatric-500ml.jpg","type":"image\/jpeg"}],"twitter_card":"summary_large_image","twitter_misc":{"Dur\u00e9e de lecture estim\u00e9e":"2 minutes"},"schema":{"@context":"https:\/\/schema.org","@graph":[{"@type":"WebPage","@id":"https:\/\/orthopara.store\/index.php\/produit\/lait-corporel-hydratant-babe-pediatric-500ml\/","url":"https:\/\/orthopara.store\/index.php\/produit\/lait-corporel-hydratant-babe-pediatric-500ml\/","name":"Lait corporel hydratant - Bab\u00e9 Pediatric - 500ml - OrthoPara","isPartOf":{"@id":"https:\/\/orthopara.store\/#website"},"primaryImageOfPage":{"@id":"https:\/\/orthopara.store\/index.php\/produit\/lait-corporel-hydratant-babe-pediatric-500ml\/#primaryimage"},"image":{"@id":"https:\/\/orthopara.store\/index.php\/produit\/lait-corporel-hydratant-babe-pediatric-500ml\/#primaryimage"},"thumbnailUrl":"https:\/\/orthopara.store\/wp-content\/uploads\/2024\/06\/lait-corporel-hydratant-babe-pediatric-500ml.jpg","datePublished":"2024-06-28T13:54:24+00:00","dateModified":"2024-06-28T13:54:30+00:00","breadcrumb":{"@id":"https:\/\/orthopara.store\/index.php\/produit\/lait-corporel-hydratant-babe-pediatric-500ml\/#breadcrumb"},"inLanguage":"fr-FR","potentialAction":[{"@type":"ReadAction","target":["https:\/\/orthopara.store\/index.php\/produit\/lait-corporel-hydratant-babe-pediatric-500ml\/"]}]},{"@type":"ImageObject","inLanguage":"fr-FR","@id":"https:\/\/orthopara.store\/index.php\/produit\/lait-corporel-hydratant-babe-pediatric-500ml\/#primaryimage","url":"https:\/\/orthopara.store\/wp-content\/uploads\/2024\/06\/lait-corporel-hydratant-babe-pediatric-500ml.jpg","contentUrl":"https:\/\/orthopara.store\/wp-content\/uploads\/2024\/06\/lait-corporel-hydratant-babe-pediatric-500ml.jpg","width":800,"height":800},{"@type":"BreadcrumbList","@id":"https:\/\/orthopara.store\/index.php\/produit\/lait-corporel-hydratant-babe-pediatric-500ml\/#breadcrumb","itemListElement":[{"@type":"ListItem","position":1,"name":"Accueil","item":"https:\/\/orthopara.store\/"},{"@type":"ListItem","position":2,"name":"Shop","item":"https:\/\/orthopara.store\/?page_id=622"},{"@type":"ListItem","position":3,"name":"Lait corporel hydratant &#8211; Bab\u00e9 Pediatric &#8211; 500ml"}]},{"@type":"WebSite","@id":"https:\/\/orthopara.store\/#website","url":"https:\/\/orthopara.store\/","name":"OrthoPara","description":"Parapharmacie","publisher":{"@id":"https:\/\/orthopara.store\/#organization"},"potentialAction":[{"@type":"SearchAction","target":{"@type":"EntryPoint","urlTemplate":"https:\/\/orthopara.store\/?s={search_term_string}"},"query-input":"required name=search_term_string"}],"inLanguage":"fr-FR"},{"@type":"Organization","@id":"https:\/\/orthopara.store\/#organization","name":"OrthoPara","url":"https:\/\/orthopara.store\/","logo":{"@type":"ImageObject","inLanguage":"fr-FR","@id":"https:\/\/orthopara.store\/#\/schema\/logo\/image\/","url":"https:\/\/orthopara.store\/wp-content\/uploads\/2024\/06\/cropped-9ABA8BAD-6256-4719-9315-15C66E64E882.png","contentUrl":"https:\/\/orthopara.store\/wp-content\/uploads\/2024\/06\/cropped-9ABA8BAD-6256-4719-9315-15C66E64E882.png","width":240,"height":72,"caption":"OrthoPara"},"image":{"@id":"https:\/\/orthopara.store\/#\/schema\/logo\/image\/"},"sameAs":["https:\/\/www.facebook.com\/profile.php?id=61561194315651","https:\/\/www.instagram.com\/orthopara_tunisie\/"]}]}},"jetpack_sharing_enabled":true,"brands":[{"id":196,"name":"Bab\u00e9","slug":"babe"}],"_links":{"self":[{"href":"https:\/\/orthopara.store\/index.php?rest_route=\/wp\/v2\/product\/1620","targetHints":{"allow":["GET"]}}],"collection":[{"href":"https:\/\/orthopara.store\/index.php?rest_route=\/wp\/v2\/product"}],"about":[{"href":"https:\/\/orthopara.store\/index.php?rest_route=\/wp\/v2\/types\/product"}],"replies":[{"embeddable":true,"href":"https:\/\/orthopara.store\/index.php?rest_route=%2Fwp%2Fv2%2Fcomments&post=1620"}],"wp:featuredmedia":[{"embeddable":true,"href":"https:\/\/orthopara.store\/index.php?rest_route=\/wp\/v2\/media\/1644"}],"wp:attachment":[{"href":"https:\/\/orthopara.store\/index.php?rest_route=%2Fwp%2Fv2%2Fmedia&parent=1620"}],"wp:term":[{"taxonomy":"pwb-brand","embeddable":true,"href":"https:\/\/orthopara.store\/index.php?rest_route=%2Fwp%2Fv2%2Fpwb-brand&post=1620"},{"taxonomy":"product_cat","embeddable":true,"href":"https:\/\/orthopara.store\/index.php?rest_route=%2Fwp%2Fv2%2Fproduct_cat&post=1620"},{"taxonomy":"product_tag","embeddable":true,"href":"https:\/\/orthopara.store\/index.php?rest_route=%2Fwp%2Fv2%2Fproduct_tag&post=1620"}],"curies":[{"name":"wp","href":"https:\/\/api.w.org\/{rel}","templated":true}]}}