{"id":1622,"date":"2024-06-28T15:54:24","date_gmt":"2024-06-28T13:54:24","guid":{"rendered":"https:\/\/orthopara.store\/?post_type=product&#038;p=1622"},"modified":"2024-11-10T16:21:42","modified_gmt":"2024-11-10T15:21:42","slug":"creme-lavante-pour-nourrissons-bebes-uriage-bebe-500ml","status":"publish","type":"product","link":"https:\/\/orthopara.store\/?product=creme-lavante-pour-nourrissons-bebes-uriage-bebe-500ml","title":{"rendered":"Cr\u00e8me lavante pour nourrissons\/ b\u00e9b\u00e9s &#8211; Uriage b\u00e9b\u00e9 &#8211; 500ml"},"content":{"rendered":"<p>Cr\u00e8me Lavante pour nourrissons\/ b\u00e9b\u00e9s &#8211; Uriage &#8211; 500ml<br \/>\nLa Cr\u00e8me Lavante Uriage B\u00e9b\u00e9 est douce, onctueuse, moussante et tr\u00e8s agr\u00e9ablement parfum\u00e9e. Elle nettoie tout en douceur la peau d\u00e9licate des b\u00e9b\u00e9s et des enfants et pr\u00e9serve son film hydrolipidique.<br \/>\n2- Nettoie<br \/>\nSa base lavante sans savon \u00e0 pH physiologique \u00e9limine les impuret\u00e9s en douceur.<br \/>\n1- Nourrit et adoucit<br \/>\nAvec 1\/3 de lait nourrissant, la cr\u00e8me pr\u00e9serve le film hydrolipidique, respecte l\u2019\u00e9quilibre cutan\u00e9 et ne dess\u00e8che pas la peau.<br \/>\nActifs composants :<br \/>\nEau Thermale d\u2019Uriage Extrait de beurre d\u2019Illip\u00e9 Glyc\u00e9rine Base lavante douce<br \/>\nTest\u00e9 sous contr\u00f4le dermatologique &#8211; Sans savon<br \/>\nConseils d&rsquo;utilisation :\u00a0<br \/>\n\u00c0 utiliser au quotidien pour maintenir une peau douce et souple. Appliquer sur peau mouill\u00e9e, bien faire mousser et rincer.<\/p>\n","protected":false},"excerpt":{"rendered":"<p>Uriage B\u00e9b\u00e9\u00a0<br \/>\nCr\u00e8me Lavante pour nourrissons\/ b\u00e9b\u00e9s\u00a0<br \/>\nLa Cr\u00e8me Lavante Uriage B\u00e9b\u00e9\u00a0 est douce, onctueuse, moussante et tr\u00e8s agr\u00e9ablement parfum\u00e9e. Elle nettoie tout en douceur la peau d\u00e9licate des b\u00e9b\u00e9s et des enfants et pr\u00e9serve son film hydrolipidique.<br \/>\nId\u00e9ale pour : visage, corps, cuir chevelu\u00a0<br \/>\nContenance : flacon 500ml\u00a0<\/p>\n","protected":false},"featured_media":1646,"comment_status":"open","ping_status":"closed","template":"","meta":[],"pwb-brand":[195],"product_cat":[184],"product_tag":[],"class_list":{"0":"post-1622","1":"product","2":"type-product","3":"status-publish","4":"has-post-thumbnail","6":"pwb-brand-uriage-bebe","7":"product_cat-hydratation-visage-et-corps","8":"post","9":"ws-product--style-1","11":"first","12":"instock","13":"shipping-taxable","14":"purchasable","15":"product-type-simple"},"yoast_head":"<!-- This site is optimized with the Yoast SEO plugin v23.0 - https:\/\/yoast.com\/wordpress\/plugins\/seo\/ -->\n<title>Cr\u00e8me lavante pour nourrissons\/ b\u00e9b\u00e9s - Uriage b\u00e9b\u00e9 - 500ml - OrthoPara<\/title>\n<meta name=\"robots\" content=\"index, follow, max-snippet:-1, max-image-preview:large, max-video-preview:-1\" \/>\n<link rel=\"canonical\" href=\"https:\/\/orthopara.store\/index.php\/produit\/creme-lavante-pour-nourrissons-bebes-uriage-bebe-500ml\/\" \/>\n<meta property=\"og:locale\" content=\"fr_FR\" \/>\n<meta property=\"og:type\" content=\"article\" \/>\n<meta property=\"og:title\" content=\"Cr\u00e8me lavante pour nourrissons\/ b\u00e9b\u00e9s - Uriage b\u00e9b\u00e9 - 500ml - OrthoPara\" \/>\n<meta property=\"og:description\" content=\"Uriage B\u00e9b\u00e9\u00a0 Cr\u00e8me Lavante pour nourrissons\/ b\u00e9b\u00e9s\u00a0 La Cr\u00e8me Lavante Uriage B\u00e9b\u00e9\u00a0 est douce, onctueuse, moussante et tr\u00e8s agr\u00e9ablement parfum\u00e9e. Elle nettoie tout en douceur la peau d\u00e9licate des b\u00e9b\u00e9s et des enfants et pr\u00e9serve son film hydrolipidique. Id\u00e9ale pour : visage, corps, cuir chevelu\u00a0 Contenance : flacon 500ml\u00a0\" \/>\n<meta property=\"og:url\" content=\"https:\/\/orthopara.store\/index.php\/produit\/creme-lavante-pour-nourrissons-bebes-uriage-bebe-500ml\/\" \/>\n<meta property=\"og:site_name\" content=\"OrthoPara\" \/>\n<meta property=\"article:publisher\" content=\"https:\/\/www.facebook.com\/profile.php?id=61561194315651\" \/>\n<meta property=\"article:modified_time\" content=\"2024-11-10T15:21:42+00:00\" \/>\n<meta property=\"og:image\" content=\"https:\/\/orthopara.store\/wp-content\/uploads\/2024\/06\/creme-lavante-pour-nourrissons-bebes-uriage-bebe-500ml.jpg\" \/>\n\t<meta property=\"og:image:width\" content=\"800\" \/>\n\t<meta property=\"og:image:height\" content=\"800\" \/>\n\t<meta property=\"og:image:type\" content=\"image\/jpeg\" \/>\n<meta name=\"twitter:card\" content=\"summary_large_image\" \/>\n<meta name=\"twitter:label1\" content=\"Dur\u00e9e de lecture estim\u00e9e\" \/>\n\t<meta name=\"twitter:data1\" content=\"1 minute\" \/>\n<script type=\"application\/ld+json\" class=\"yoast-schema-graph\">{\"@context\":\"https:\/\/schema.org\",\"@graph\":[{\"@type\":\"WebPage\",\"@id\":\"https:\/\/orthopara.store\/index.php\/produit\/creme-lavante-pour-nourrissons-bebes-uriage-bebe-500ml\/\",\"url\":\"https:\/\/orthopara.store\/index.php\/produit\/creme-lavante-pour-nourrissons-bebes-uriage-bebe-500ml\/\",\"name\":\"Cr\u00e8me lavante pour nourrissons\/ b\u00e9b\u00e9s - Uriage b\u00e9b\u00e9 - 500ml - OrthoPara\",\"isPartOf\":{\"@id\":\"https:\/\/orthopara.store\/#website\"},\"primaryImageOfPage\":{\"@id\":\"https:\/\/orthopara.store\/index.php\/produit\/creme-lavante-pour-nourrissons-bebes-uriage-bebe-500ml\/#primaryimage\"},\"image\":{\"@id\":\"https:\/\/orthopara.store\/index.php\/produit\/creme-lavante-pour-nourrissons-bebes-uriage-bebe-500ml\/#primaryimage\"},\"thumbnailUrl\":\"https:\/\/orthopara.store\/wp-content\/uploads\/2024\/06\/creme-lavante-pour-nourrissons-bebes-uriage-bebe-500ml.jpg\",\"datePublished\":\"2024-06-28T13:54:24+00:00\",\"dateModified\":\"2024-11-10T15:21:42+00:00\",\"breadcrumb\":{\"@id\":\"https:\/\/orthopara.store\/index.php\/produit\/creme-lavante-pour-nourrissons-bebes-uriage-bebe-500ml\/#breadcrumb\"},\"inLanguage\":\"fr-FR\",\"potentialAction\":[{\"@type\":\"ReadAction\",\"target\":[\"https:\/\/orthopara.store\/index.php\/produit\/creme-lavante-pour-nourrissons-bebes-uriage-bebe-500ml\/\"]}]},{\"@type\":\"ImageObject\",\"inLanguage\":\"fr-FR\",\"@id\":\"https:\/\/orthopara.store\/index.php\/produit\/creme-lavante-pour-nourrissons-bebes-uriage-bebe-500ml\/#primaryimage\",\"url\":\"https:\/\/orthopara.store\/wp-content\/uploads\/2024\/06\/creme-lavante-pour-nourrissons-bebes-uriage-bebe-500ml.jpg\",\"contentUrl\":\"https:\/\/orthopara.store\/wp-content\/uploads\/2024\/06\/creme-lavante-pour-nourrissons-bebes-uriage-bebe-500ml.jpg\",\"width\":800,\"height\":800},{\"@type\":\"BreadcrumbList\",\"@id\":\"https:\/\/orthopara.store\/index.php\/produit\/creme-lavante-pour-nourrissons-bebes-uriage-bebe-500ml\/#breadcrumb\",\"itemListElement\":[{\"@type\":\"ListItem\",\"position\":1,\"name\":\"Accueil\",\"item\":\"https:\/\/orthopara.store\/\"},{\"@type\":\"ListItem\",\"position\":2,\"name\":\"Shop\",\"item\":\"https:\/\/orthopara.store\/?page_id=622\"},{\"@type\":\"ListItem\",\"position\":3,\"name\":\"Cr\u00e8me lavante pour nourrissons\/ b\u00e9b\u00e9s &#8211; Uriage b\u00e9b\u00e9 &#8211; 500ml\"}]},{\"@type\":\"WebSite\",\"@id\":\"https:\/\/orthopara.store\/#website\",\"url\":\"https:\/\/orthopara.store\/\",\"name\":\"OrthoPara\",\"description\":\"Parapharmacie\",\"publisher\":{\"@id\":\"https:\/\/orthopara.store\/#organization\"},\"potentialAction\":[{\"@type\":\"SearchAction\",\"target\":{\"@type\":\"EntryPoint\",\"urlTemplate\":\"https:\/\/orthopara.store\/?s={search_term_string}\"},\"query-input\":\"required name=search_term_string\"}],\"inLanguage\":\"fr-FR\"},{\"@type\":\"Organization\",\"@id\":\"https:\/\/orthopara.store\/#organization\",\"name\":\"OrthoPara\",\"url\":\"https:\/\/orthopara.store\/\",\"logo\":{\"@type\":\"ImageObject\",\"inLanguage\":\"fr-FR\",\"@id\":\"https:\/\/orthopara.store\/#\/schema\/logo\/image\/\",\"url\":\"https:\/\/orthopara.store\/wp-content\/uploads\/2024\/06\/cropped-9ABA8BAD-6256-4719-9315-15C66E64E882.png\",\"contentUrl\":\"https:\/\/orthopara.store\/wp-content\/uploads\/2024\/06\/cropped-9ABA8BAD-6256-4719-9315-15C66E64E882.png\",\"width\":240,\"height\":72,\"caption\":\"OrthoPara\"},\"image\":{\"@id\":\"https:\/\/orthopara.store\/#\/schema\/logo\/image\/\"},\"sameAs\":[\"https:\/\/www.facebook.com\/profile.php?id=61561194315651\",\"https:\/\/www.instagram.com\/orthopara_tunisie\/\"]}]}<\/script>\n<!-- \/ Yoast SEO plugin. -->","yoast_head_json":{"title":"Cr\u00e8me lavante pour nourrissons\/ b\u00e9b\u00e9s - Uriage b\u00e9b\u00e9 - 500ml - OrthoPara","robots":{"index":"index","follow":"follow","max-snippet":"max-snippet:-1","max-image-preview":"max-image-preview:large","max-video-preview":"max-video-preview:-1"},"canonical":"https:\/\/orthopara.store\/index.php\/produit\/creme-lavante-pour-nourrissons-bebes-uriage-bebe-500ml\/","og_locale":"fr_FR","og_type":"article","og_title":"Cr\u00e8me lavante pour nourrissons\/ b\u00e9b\u00e9s - Uriage b\u00e9b\u00e9 - 500ml - OrthoPara","og_description":"Uriage B\u00e9b\u00e9\u00a0 Cr\u00e8me Lavante pour nourrissons\/ b\u00e9b\u00e9s\u00a0 La Cr\u00e8me Lavante Uriage B\u00e9b\u00e9\u00a0 est douce, onctueuse, moussante et tr\u00e8s agr\u00e9ablement parfum\u00e9e. Elle nettoie tout en douceur la peau d\u00e9licate des b\u00e9b\u00e9s et des enfants et pr\u00e9serve son film hydrolipidique. Id\u00e9ale pour : visage, corps, cuir chevelu\u00a0 Contenance : flacon 500ml\u00a0","og_url":"https:\/\/orthopara.store\/index.php\/produit\/creme-lavante-pour-nourrissons-bebes-uriage-bebe-500ml\/","og_site_name":"OrthoPara","article_publisher":"https:\/\/www.facebook.com\/profile.php?id=61561194315651","article_modified_time":"2024-11-10T15:21:42+00:00","og_image":[{"width":800,"height":800,"url":"https:\/\/orthopara.store\/wp-content\/uploads\/2024\/06\/creme-lavante-pour-nourrissons-bebes-uriage-bebe-500ml.jpg","type":"image\/jpeg"}],"twitter_card":"summary_large_image","twitter_misc":{"Dur\u00e9e de lecture estim\u00e9e":"1 minute"},"schema":{"@context":"https:\/\/schema.org","@graph":[{"@type":"WebPage","@id":"https:\/\/orthopara.store\/index.php\/produit\/creme-lavante-pour-nourrissons-bebes-uriage-bebe-500ml\/","url":"https:\/\/orthopara.store\/index.php\/produit\/creme-lavante-pour-nourrissons-bebes-uriage-bebe-500ml\/","name":"Cr\u00e8me lavante pour nourrissons\/ b\u00e9b\u00e9s - Uriage b\u00e9b\u00e9 - 500ml - OrthoPara","isPartOf":{"@id":"https:\/\/orthopara.store\/#website"},"primaryImageOfPage":{"@id":"https:\/\/orthopara.store\/index.php\/produit\/creme-lavante-pour-nourrissons-bebes-uriage-bebe-500ml\/#primaryimage"},"image":{"@id":"https:\/\/orthopara.store\/index.php\/produit\/creme-lavante-pour-nourrissons-bebes-uriage-bebe-500ml\/#primaryimage"},"thumbnailUrl":"https:\/\/orthopara.store\/wp-content\/uploads\/2024\/06\/creme-lavante-pour-nourrissons-bebes-uriage-bebe-500ml.jpg","datePublished":"2024-06-28T13:54:24+00:00","dateModified":"2024-11-10T15:21:42+00:00","breadcrumb":{"@id":"https:\/\/orthopara.store\/index.php\/produit\/creme-lavante-pour-nourrissons-bebes-uriage-bebe-500ml\/#breadcrumb"},"inLanguage":"fr-FR","potentialAction":[{"@type":"ReadAction","target":["https:\/\/orthopara.store\/index.php\/produit\/creme-lavante-pour-nourrissons-bebes-uriage-bebe-500ml\/"]}]},{"@type":"ImageObject","inLanguage":"fr-FR","@id":"https:\/\/orthopara.store\/index.php\/produit\/creme-lavante-pour-nourrissons-bebes-uriage-bebe-500ml\/#primaryimage","url":"https:\/\/orthopara.store\/wp-content\/uploads\/2024\/06\/creme-lavante-pour-nourrissons-bebes-uriage-bebe-500ml.jpg","contentUrl":"https:\/\/orthopara.store\/wp-content\/uploads\/2024\/06\/creme-lavante-pour-nourrissons-bebes-uriage-bebe-500ml.jpg","width":800,"height":800},{"@type":"BreadcrumbList","@id":"https:\/\/orthopara.store\/index.php\/produit\/creme-lavante-pour-nourrissons-bebes-uriage-bebe-500ml\/#breadcrumb","itemListElement":[{"@type":"ListItem","position":1,"name":"Accueil","item":"https:\/\/orthopara.store\/"},{"@type":"ListItem","position":2,"name":"Shop","item":"https:\/\/orthopara.store\/?page_id=622"},{"@type":"ListItem","position":3,"name":"Cr\u00e8me lavante pour nourrissons\/ b\u00e9b\u00e9s &#8211; Uriage b\u00e9b\u00e9 &#8211; 500ml"}]},{"@type":"WebSite","@id":"https:\/\/orthopara.store\/#website","url":"https:\/\/orthopara.store\/","name":"OrthoPara","description":"Parapharmacie","publisher":{"@id":"https:\/\/orthopara.store\/#organization"},"potentialAction":[{"@type":"SearchAction","target":{"@type":"EntryPoint","urlTemplate":"https:\/\/orthopara.store\/?s={search_term_string}"},"query-input":"required name=search_term_string"}],"inLanguage":"fr-FR"},{"@type":"Organization","@id":"https:\/\/orthopara.store\/#organization","name":"OrthoPara","url":"https:\/\/orthopara.store\/","logo":{"@type":"ImageObject","inLanguage":"fr-FR","@id":"https:\/\/orthopara.store\/#\/schema\/logo\/image\/","url":"https:\/\/orthopara.store\/wp-content\/uploads\/2024\/06\/cropped-9ABA8BAD-6256-4719-9315-15C66E64E882.png","contentUrl":"https:\/\/orthopara.store\/wp-content\/uploads\/2024\/06\/cropped-9ABA8BAD-6256-4719-9315-15C66E64E882.png","width":240,"height":72,"caption":"OrthoPara"},"image":{"@id":"https:\/\/orthopara.store\/#\/schema\/logo\/image\/"},"sameAs":["https:\/\/www.facebook.com\/profile.php?id=61561194315651","https:\/\/www.instagram.com\/orthopara_tunisie\/"]}]}},"jetpack_sharing_enabled":true,"brands":[{"id":195,"name":"Uriage B\u00e9b\u00e9","slug":"uriage-bebe"}],"_links":{"self":[{"href":"https:\/\/orthopara.store\/index.php?rest_route=\/wp\/v2\/product\/1622","targetHints":{"allow":["GET"]}}],"collection":[{"href":"https:\/\/orthopara.store\/index.php?rest_route=\/wp\/v2\/product"}],"about":[{"href":"https:\/\/orthopara.store\/index.php?rest_route=\/wp\/v2\/types\/product"}],"replies":[{"embeddable":true,"href":"https:\/\/orthopara.store\/index.php?rest_route=%2Fwp%2Fv2%2Fcomments&post=1622"}],"wp:featuredmedia":[{"embeddable":true,"href":"https:\/\/orthopara.store\/index.php?rest_route=\/wp\/v2\/media\/1646"}],"wp:attachment":[{"href":"https:\/\/orthopara.store\/index.php?rest_route=%2Fwp%2Fv2%2Fmedia&parent=1622"}],"wp:term":[{"taxonomy":"pwb-brand","embeddable":true,"href":"https:\/\/orthopara.store\/index.php?rest_route=%2Fwp%2Fv2%2Fpwb-brand&post=1622"},{"taxonomy":"product_cat","embeddable":true,"href":"https:\/\/orthopara.store\/index.php?rest_route=%2Fwp%2Fv2%2Fproduct_cat&post=1622"},{"taxonomy":"product_tag","embeddable":true,"href":"https:\/\/orthopara.store\/index.php?rest_route=%2Fwp%2Fv2%2Fproduct_tag&post=1622"}],"curies":[{"name":"wp","href":"https:\/\/api.w.org\/{rel}","templated":true}]}}