{"id":1671,"date":"2024-06-28T15:54:39","date_gmt":"2024-06-28T13:54:39","guid":{"rendered":"https:\/\/orthopara.store\/?post_type=product&#038;p=1671"},"modified":"2024-11-10T16:07:03","modified_gmt":"2024-11-10T15:07:03","slug":"coussinet-dallaitement-wee-baby-60-pieces","status":"publish","type":"product","link":"https:\/\/orthopara.store\/?product=coussinet-dallaitement-wee-baby-60-pieces","title":{"rendered":"Coussinet d&rsquo;allaitement &#8211; Wee Baby &#8211; 60 pi\u00e8ces"},"content":{"rendered":"<p>Coussinet d&rsquo;allaitement &#8211; Wee Baby &#8211; 60 pi\u00e8ces<br \/>\nWee Baby coussin d\u2019allaitement, aide \u00e0 garder la peau s\u00e8che en absorbant l\u2019exc\u00e8s de lait restant sur les mamelons apr\u00e8s l\u2019allaitement, pr\u00e9vient les irritations cutan\u00e9es gr\u00e2ce \u00e0 sa texture soyeuse perm\u00e9able \u00e0 l\u2019air. Tout ce que vous avez \u00e0 faire est d\u2019allaiter votre b\u00e9b\u00e9 de mani\u00e8re saine.<br \/>\npropri\u00e9t\u00e9s :\u00a0<br \/>\nEmball\u00e9 en paquets de 2.<br \/>\nIl peut \u00eatre stock\u00e9 de mani\u00e8re st\u00e9rile gr\u00e2ce \u00e0 son emballage hygi\u00e9nique.<br \/>\nTest\u00e9 dermatologiquement.<br \/>\nSa structure perm\u00e9able \u00e0 l\u2019air pr\u00e9vient les irritations cutan\u00e9es.<br \/>\nGr\u00e2ce aux particules de gel, il absorbe le lait qui coule et procure une sensation de s\u00e9cheresse \u00e0 long terme.<br \/>\nGr\u00e2ce au ruban adh\u00e9sif \u00e0 l\u2019arri\u00e8re du coussin de poitrine, il est fix\u00e9 au linge et il est emp\u00each\u00e9 de glisser.<\/p>\n","protected":false},"excerpt":{"rendered":"<p>Wee Baby<br \/>\nCoussinet d&rsquo;allaitement<br \/>\nWee Baby coussin d\u2019allaitement, aide \u00e0 garder la peau s\u00e8che en absorbant l\u2019exc\u00e8s de lait restant sur les mamelons apr\u00e8s l\u2019allaitement, pr\u00e9vient les irritations cutan\u00e9es gr\u00e2ce \u00e0 sa texture soyeuse perm\u00e9able \u00e0 l\u2019air. Tout ce que vous avez \u00e0 faire est d\u2019allaiter votre b\u00e9b\u00e9 de mani\u00e8re saine.<br \/>\nContenance : 60 pi\u00e8ces\u00a0<\/p>\n","protected":false},"featured_media":1687,"comment_status":"open","ping_status":"closed","template":"","meta":[],"pwb-brand":[168],"product_cat":[201],"product_tag":[],"class_list":{"0":"post-1671","1":"product","2":"type-product","3":"status-publish","4":"has-post-thumbnail","6":"pwb-brand-wee-baby","7":"product_cat-allaitement","8":"post","9":"ws-product--style-1","11":"first","12":"instock","13":"shipping-taxable","14":"purchasable","15":"product-type-simple"},"yoast_head":"<!-- This site is optimized with the Yoast SEO plugin v23.0 - https:\/\/yoast.com\/wordpress\/plugins\/seo\/ -->\n<title>Coussinet d&#039;allaitement - Wee Baby - 60 pi\u00e8ces - OrthoPara<\/title>\n<meta name=\"robots\" content=\"index, follow, max-snippet:-1, max-image-preview:large, max-video-preview:-1\" \/>\n<link rel=\"canonical\" href=\"https:\/\/orthopara.store\/index.php\/produit\/coussinet-dallaitement-wee-baby-60-pieces\/\" \/>\n<meta property=\"og:locale\" content=\"fr_FR\" \/>\n<meta property=\"og:type\" content=\"article\" \/>\n<meta property=\"og:title\" content=\"Coussinet d&#039;allaitement - Wee Baby - 60 pi\u00e8ces - OrthoPara\" \/>\n<meta property=\"og:description\" content=\"Wee Baby Coussinet d&#039;allaitement Wee Baby coussin d\u2019allaitement, aide \u00e0 garder la peau s\u00e8che en absorbant l\u2019exc\u00e8s de lait restant sur les mamelons apr\u00e8s l\u2019allaitement, pr\u00e9vient les irritations cutan\u00e9es gr\u00e2ce \u00e0 sa texture soyeuse perm\u00e9able \u00e0 l\u2019air. Tout ce que vous avez \u00e0 faire est d\u2019allaiter votre b\u00e9b\u00e9 de mani\u00e8re saine. Contenance : 60 pi\u00e8ces\u00a0\" \/>\n<meta property=\"og:url\" content=\"https:\/\/orthopara.store\/index.php\/produit\/coussinet-dallaitement-wee-baby-60-pieces\/\" \/>\n<meta property=\"og:site_name\" content=\"OrthoPara\" \/>\n<meta property=\"article:publisher\" content=\"https:\/\/www.facebook.com\/profile.php?id=61561194315651\" \/>\n<meta property=\"article:modified_time\" content=\"2024-11-10T15:07:03+00:00\" \/>\n<meta property=\"og:image\" content=\"https:\/\/orthopara.store\/wp-content\/uploads\/2024\/06\/coussinet-d-allaitement-wee-baby-60-pieces-.jpg\" \/>\n\t<meta property=\"og:image:width\" content=\"800\" \/>\n\t<meta property=\"og:image:height\" content=\"800\" \/>\n\t<meta property=\"og:image:type\" content=\"image\/jpeg\" \/>\n<meta name=\"twitter:card\" content=\"summary_large_image\" \/>\n<meta name=\"twitter:label1\" content=\"Dur\u00e9e de lecture estim\u00e9e\" \/>\n\t<meta name=\"twitter:data1\" content=\"1 minute\" \/>\n<script type=\"application\/ld+json\" class=\"yoast-schema-graph\">{\"@context\":\"https:\/\/schema.org\",\"@graph\":[{\"@type\":\"WebPage\",\"@id\":\"https:\/\/orthopara.store\/index.php\/produit\/coussinet-dallaitement-wee-baby-60-pieces\/\",\"url\":\"https:\/\/orthopara.store\/index.php\/produit\/coussinet-dallaitement-wee-baby-60-pieces\/\",\"name\":\"Coussinet d'allaitement - Wee Baby - 60 pi\u00e8ces - OrthoPara\",\"isPartOf\":{\"@id\":\"https:\/\/orthopara.store\/#website\"},\"primaryImageOfPage\":{\"@id\":\"https:\/\/orthopara.store\/index.php\/produit\/coussinet-dallaitement-wee-baby-60-pieces\/#primaryimage\"},\"image\":{\"@id\":\"https:\/\/orthopara.store\/index.php\/produit\/coussinet-dallaitement-wee-baby-60-pieces\/#primaryimage\"},\"thumbnailUrl\":\"https:\/\/orthopara.store\/wp-content\/uploads\/2024\/06\/coussinet-d-allaitement-wee-baby-60-pieces-.jpg\",\"datePublished\":\"2024-06-28T13:54:39+00:00\",\"dateModified\":\"2024-11-10T15:07:03+00:00\",\"breadcrumb\":{\"@id\":\"https:\/\/orthopara.store\/index.php\/produit\/coussinet-dallaitement-wee-baby-60-pieces\/#breadcrumb\"},\"inLanguage\":\"fr-FR\",\"potentialAction\":[{\"@type\":\"ReadAction\",\"target\":[\"https:\/\/orthopara.store\/index.php\/produit\/coussinet-dallaitement-wee-baby-60-pieces\/\"]}]},{\"@type\":\"ImageObject\",\"inLanguage\":\"fr-FR\",\"@id\":\"https:\/\/orthopara.store\/index.php\/produit\/coussinet-dallaitement-wee-baby-60-pieces\/#primaryimage\",\"url\":\"https:\/\/orthopara.store\/wp-content\/uploads\/2024\/06\/coussinet-d-allaitement-wee-baby-60-pieces-.jpg\",\"contentUrl\":\"https:\/\/orthopara.store\/wp-content\/uploads\/2024\/06\/coussinet-d-allaitement-wee-baby-60-pieces-.jpg\",\"width\":800,\"height\":800},{\"@type\":\"BreadcrumbList\",\"@id\":\"https:\/\/orthopara.store\/index.php\/produit\/coussinet-dallaitement-wee-baby-60-pieces\/#breadcrumb\",\"itemListElement\":[{\"@type\":\"ListItem\",\"position\":1,\"name\":\"Accueil\",\"item\":\"https:\/\/orthopara.store\/\"},{\"@type\":\"ListItem\",\"position\":2,\"name\":\"Shop\",\"item\":\"https:\/\/orthopara.store\/?page_id=622\"},{\"@type\":\"ListItem\",\"position\":3,\"name\":\"Coussinet d&rsquo;allaitement &#8211; Wee Baby &#8211; 60 pi\u00e8ces\"}]},{\"@type\":\"WebSite\",\"@id\":\"https:\/\/orthopara.store\/#website\",\"url\":\"https:\/\/orthopara.store\/\",\"name\":\"OrthoPara\",\"description\":\"Parapharmacie\",\"publisher\":{\"@id\":\"https:\/\/orthopara.store\/#organization\"},\"potentialAction\":[{\"@type\":\"SearchAction\",\"target\":{\"@type\":\"EntryPoint\",\"urlTemplate\":\"https:\/\/orthopara.store\/?s={search_term_string}\"},\"query-input\":\"required name=search_term_string\"}],\"inLanguage\":\"fr-FR\"},{\"@type\":\"Organization\",\"@id\":\"https:\/\/orthopara.store\/#organization\",\"name\":\"OrthoPara\",\"url\":\"https:\/\/orthopara.store\/\",\"logo\":{\"@type\":\"ImageObject\",\"inLanguage\":\"fr-FR\",\"@id\":\"https:\/\/orthopara.store\/#\/schema\/logo\/image\/\",\"url\":\"https:\/\/orthopara.store\/wp-content\/uploads\/2024\/06\/cropped-9ABA8BAD-6256-4719-9315-15C66E64E882.png\",\"contentUrl\":\"https:\/\/orthopara.store\/wp-content\/uploads\/2024\/06\/cropped-9ABA8BAD-6256-4719-9315-15C66E64E882.png\",\"width\":240,\"height\":72,\"caption\":\"OrthoPara\"},\"image\":{\"@id\":\"https:\/\/orthopara.store\/#\/schema\/logo\/image\/\"},\"sameAs\":[\"https:\/\/www.facebook.com\/profile.php?id=61561194315651\",\"https:\/\/www.instagram.com\/orthopara_tunisie\/\"]}]}<\/script>\n<!-- \/ Yoast SEO plugin. -->","yoast_head_json":{"title":"Coussinet d'allaitement - Wee Baby - 60 pi\u00e8ces - OrthoPara","robots":{"index":"index","follow":"follow","max-snippet":"max-snippet:-1","max-image-preview":"max-image-preview:large","max-video-preview":"max-video-preview:-1"},"canonical":"https:\/\/orthopara.store\/index.php\/produit\/coussinet-dallaitement-wee-baby-60-pieces\/","og_locale":"fr_FR","og_type":"article","og_title":"Coussinet d'allaitement - Wee Baby - 60 pi\u00e8ces - OrthoPara","og_description":"Wee Baby Coussinet d'allaitement Wee Baby coussin d\u2019allaitement, aide \u00e0 garder la peau s\u00e8che en absorbant l\u2019exc\u00e8s de lait restant sur les mamelons apr\u00e8s l\u2019allaitement, pr\u00e9vient les irritations cutan\u00e9es gr\u00e2ce \u00e0 sa texture soyeuse perm\u00e9able \u00e0 l\u2019air. Tout ce que vous avez \u00e0 faire est d\u2019allaiter votre b\u00e9b\u00e9 de mani\u00e8re saine. Contenance : 60 pi\u00e8ces\u00a0","og_url":"https:\/\/orthopara.store\/index.php\/produit\/coussinet-dallaitement-wee-baby-60-pieces\/","og_site_name":"OrthoPara","article_publisher":"https:\/\/www.facebook.com\/profile.php?id=61561194315651","article_modified_time":"2024-11-10T15:07:03+00:00","og_image":[{"width":800,"height":800,"url":"https:\/\/orthopara.store\/wp-content\/uploads\/2024\/06\/coussinet-d-allaitement-wee-baby-60-pieces-.jpg","type":"image\/jpeg"}],"twitter_card":"summary_large_image","twitter_misc":{"Dur\u00e9e de lecture estim\u00e9e":"1 minute"},"schema":{"@context":"https:\/\/schema.org","@graph":[{"@type":"WebPage","@id":"https:\/\/orthopara.store\/index.php\/produit\/coussinet-dallaitement-wee-baby-60-pieces\/","url":"https:\/\/orthopara.store\/index.php\/produit\/coussinet-dallaitement-wee-baby-60-pieces\/","name":"Coussinet d'allaitement - Wee Baby - 60 pi\u00e8ces - OrthoPara","isPartOf":{"@id":"https:\/\/orthopara.store\/#website"},"primaryImageOfPage":{"@id":"https:\/\/orthopara.store\/index.php\/produit\/coussinet-dallaitement-wee-baby-60-pieces\/#primaryimage"},"image":{"@id":"https:\/\/orthopara.store\/index.php\/produit\/coussinet-dallaitement-wee-baby-60-pieces\/#primaryimage"},"thumbnailUrl":"https:\/\/orthopara.store\/wp-content\/uploads\/2024\/06\/coussinet-d-allaitement-wee-baby-60-pieces-.jpg","datePublished":"2024-06-28T13:54:39+00:00","dateModified":"2024-11-10T15:07:03+00:00","breadcrumb":{"@id":"https:\/\/orthopara.store\/index.php\/produit\/coussinet-dallaitement-wee-baby-60-pieces\/#breadcrumb"},"inLanguage":"fr-FR","potentialAction":[{"@type":"ReadAction","target":["https:\/\/orthopara.store\/index.php\/produit\/coussinet-dallaitement-wee-baby-60-pieces\/"]}]},{"@type":"ImageObject","inLanguage":"fr-FR","@id":"https:\/\/orthopara.store\/index.php\/produit\/coussinet-dallaitement-wee-baby-60-pieces\/#primaryimage","url":"https:\/\/orthopara.store\/wp-content\/uploads\/2024\/06\/coussinet-d-allaitement-wee-baby-60-pieces-.jpg","contentUrl":"https:\/\/orthopara.store\/wp-content\/uploads\/2024\/06\/coussinet-d-allaitement-wee-baby-60-pieces-.jpg","width":800,"height":800},{"@type":"BreadcrumbList","@id":"https:\/\/orthopara.store\/index.php\/produit\/coussinet-dallaitement-wee-baby-60-pieces\/#breadcrumb","itemListElement":[{"@type":"ListItem","position":1,"name":"Accueil","item":"https:\/\/orthopara.store\/"},{"@type":"ListItem","position":2,"name":"Shop","item":"https:\/\/orthopara.store\/?page_id=622"},{"@type":"ListItem","position":3,"name":"Coussinet d&rsquo;allaitement &#8211; Wee Baby &#8211; 60 pi\u00e8ces"}]},{"@type":"WebSite","@id":"https:\/\/orthopara.store\/#website","url":"https:\/\/orthopara.store\/","name":"OrthoPara","description":"Parapharmacie","publisher":{"@id":"https:\/\/orthopara.store\/#organization"},"potentialAction":[{"@type":"SearchAction","target":{"@type":"EntryPoint","urlTemplate":"https:\/\/orthopara.store\/?s={search_term_string}"},"query-input":"required name=search_term_string"}],"inLanguage":"fr-FR"},{"@type":"Organization","@id":"https:\/\/orthopara.store\/#organization","name":"OrthoPara","url":"https:\/\/orthopara.store\/","logo":{"@type":"ImageObject","inLanguage":"fr-FR","@id":"https:\/\/orthopara.store\/#\/schema\/logo\/image\/","url":"https:\/\/orthopara.store\/wp-content\/uploads\/2024\/06\/cropped-9ABA8BAD-6256-4719-9315-15C66E64E882.png","contentUrl":"https:\/\/orthopara.store\/wp-content\/uploads\/2024\/06\/cropped-9ABA8BAD-6256-4719-9315-15C66E64E882.png","width":240,"height":72,"caption":"OrthoPara"},"image":{"@id":"https:\/\/orthopara.store\/#\/schema\/logo\/image\/"},"sameAs":["https:\/\/www.facebook.com\/profile.php?id=61561194315651","https:\/\/www.instagram.com\/orthopara_tunisie\/"]}]}},"jetpack_sharing_enabled":true,"brands":[{"id":168,"name":"Wee Baby","slug":"wee-baby"}],"_links":{"self":[{"href":"https:\/\/orthopara.store\/index.php?rest_route=\/wp\/v2\/product\/1671","targetHints":{"allow":["GET"]}}],"collection":[{"href":"https:\/\/orthopara.store\/index.php?rest_route=\/wp\/v2\/product"}],"about":[{"href":"https:\/\/orthopara.store\/index.php?rest_route=\/wp\/v2\/types\/product"}],"replies":[{"embeddable":true,"href":"https:\/\/orthopara.store\/index.php?rest_route=%2Fwp%2Fv2%2Fcomments&post=1671"}],"wp:featuredmedia":[{"embeddable":true,"href":"https:\/\/orthopara.store\/index.php?rest_route=\/wp\/v2\/media\/1687"}],"wp:attachment":[{"href":"https:\/\/orthopara.store\/index.php?rest_route=%2Fwp%2Fv2%2Fmedia&parent=1671"}],"wp:term":[{"taxonomy":"pwb-brand","embeddable":true,"href":"https:\/\/orthopara.store\/index.php?rest_route=%2Fwp%2Fv2%2Fpwb-brand&post=1671"},{"taxonomy":"product_cat","embeddable":true,"href":"https:\/\/orthopara.store\/index.php?rest_route=%2Fwp%2Fv2%2Fproduct_cat&post=1671"},{"taxonomy":"product_tag","embeddable":true,"href":"https:\/\/orthopara.store\/index.php?rest_route=%2Fwp%2Fv2%2Fproduct_tag&post=1671"}],"curies":[{"name":"wp","href":"https:\/\/api.w.org\/{rel}","templated":true}]}}