{"id":1693,"date":"2024-06-28T15:54:47","date_gmt":"2024-06-28T13:54:47","guid":{"rendered":"https:\/\/orthopara.store\/?post_type=product&#038;p=1693"},"modified":"2024-11-07T09:48:47","modified_gmt":"2024-11-07T08:48:47","slug":"canpol-babies-creme-de-lanoline-pour-mamelons-7g","status":"publish","type":"product","link":"https:\/\/orthopara.store\/?product=canpol-babies-creme-de-lanoline-pour-mamelons-7g","title":{"rendered":"Canpol babies &#8211; Cr\u00e8me de lanoline pour mamelons &#8211; 7g"},"content":{"rendered":"<p>Au cours des premiers jours et semaines d\u2019allaitement, de nombreuses femmes ressentent des douleurs aux mamelons. La cr\u00e8me \u00e0 la lanoline Canpol babies apporte un soulagement rapide de la douleur et favorise la r\u00e9g\u00e9n\u00e9ration de la peau des mamelons irrit\u00e9s. La lanoline est une substance profond\u00e9ment hydratante naturellement pr\u00e9sente dans la toison du mouton. Sa composition est similaire \u00e0 celle de la couche lipidique de la peau, ce qui la rend id\u00e9ale pour soigner les mamelons irrit\u00e9s. Ce produit est recommand\u00e9 \u00e0 toutes les m\u00e8res allaitantes pr\u00e9sentant une irritation des mamelons. Il est pratique \u00e0 utiliser, car il n&rsquo;est pas n\u00e9cessaire de rincer les t\u00e9tines avant la prochaine t\u00e9t\u00e9e. La cr\u00e8me est facilement absorb\u00e9e et forme une barri\u00e8re protectrice sur la peau. Il a un parfum d\u00e9licat et une couleur jaune clair. Ce produit est fortement recommand\u00e9 aux mamans qui ressentent des douleurs pendant l&rsquo;allaitement et qui souhaitent retrouver le plaisir d&rsquo;allaiter.<\/p>\n<p>Action :<br \/>\nApaise, hydrate et r\u00e9g\u00e9n\u00e8re efficacement la peau. Adoucit l&rsquo;\u00e9piderme tendu, att\u00e9nuant la sensation d&rsquo;inconfort accompagnant l&rsquo;allaitement.<\/p>\n<p>Mode d&#8217;emploi :<br \/>\nAppliquer la cr\u00e8me apr\u00e8s la t\u00e9t\u00e9e en l&rsquo;\u00e9talant sur la zone irrit\u00e9e sans besoin ou \u00e0 titre prophylactique. Il y a de la peau du mamelon, ou alors rincez la cr\u00e8me avant la prochaine t\u00e9t\u00e9e. Pour de meilleurs r\u00e9sultats, nous vous recommandons de commencer \u00e0 utiliser la cr\u00e8me quelques semaines avant l&rsquo;accouchement.<\/p>\n<p>Ingr\u00e9dients :<br \/>\n100% lanoline pure<\/p>\n<p>Contenance :<br \/>\nTube de 7g<\/p>\n","protected":false},"excerpt":{"rendered":"<p>Favorise la r\u00e9g\u00e9n\u00e9ration de la peau des mamelons irrit\u00e9s<br \/>\nApporte un soulagement pendant l&rsquo;allaitement<br \/>\nLanoline pure, sans additifs<br \/>\nNaturel et hypoallerg\u00e9nique<br \/>\nPas besoin de se laver avant d&rsquo;allaiter \u2013 sans danger pour la m\u00e8re et le b\u00e9b\u00e9<br \/>\nContenance parfaite pour la layette d&rsquo;h\u00f4pital en d\u00e9but d&rsquo;allaitement<br \/>\nDLC : 2 ans apr\u00e8s la date de fabrication<\/p>\n","protected":false},"featured_media":1719,"comment_status":"open","ping_status":"closed","template":"","meta":[],"pwb-brand":[174],"product_cat":[201],"product_tag":[],"class_list":{"0":"post-1693","1":"product","2":"type-product","3":"status-publish","4":"has-post-thumbnail","6":"pwb-brand-canpol-babies","7":"product_cat-allaitement","8":"post","9":"ws-product--style-1","11":"first","12":"instock","13":"shipping-taxable","14":"purchasable","15":"product-type-simple"},"yoast_head":"<!-- This site is optimized with the Yoast SEO plugin v23.0 - https:\/\/yoast.com\/wordpress\/plugins\/seo\/ -->\n<title>Canpol babies - Cr\u00e8me de lanoline pour mamelons - 7g - OrthoPara<\/title>\n<meta name=\"robots\" content=\"index, follow, max-snippet:-1, max-image-preview:large, max-video-preview:-1\" \/>\n<link rel=\"canonical\" href=\"https:\/\/orthopara.store\/index.php\/produit\/canpol-babies-creme-de-lanoline-pour-mamelons-7g\/\" \/>\n<meta property=\"og:locale\" content=\"fr_FR\" \/>\n<meta property=\"og:type\" content=\"article\" \/>\n<meta property=\"og:title\" content=\"Canpol babies - Cr\u00e8me de lanoline pour mamelons - 7g - OrthoPara\" \/>\n<meta property=\"og:description\" content=\"Favorise la r\u00e9g\u00e9n\u00e9ration de la peau des mamelons irrit\u00e9s Apporte un soulagement pendant l&#039;allaitement Lanoline pure, sans additifs Naturel et hypoallerg\u00e9nique Pas besoin de se laver avant d&#039;allaiter \u2013 sans danger pour la m\u00e8re et le b\u00e9b\u00e9 Contenance parfaite pour la layette d&#039;h\u00f4pital en d\u00e9but d&#039;allaitement DLC : 2 ans apr\u00e8s la date de fabrication\" \/>\n<meta property=\"og:url\" content=\"https:\/\/orthopara.store\/index.php\/produit\/canpol-babies-creme-de-lanoline-pour-mamelons-7g\/\" \/>\n<meta property=\"og:site_name\" content=\"OrthoPara\" \/>\n<meta property=\"article:publisher\" content=\"https:\/\/www.facebook.com\/profile.php?id=61561194315651\" \/>\n<meta property=\"article:modified_time\" content=\"2024-11-07T08:48:47+00:00\" \/>\n<meta property=\"og:image\" content=\"https:\/\/orthopara.store\/wp-content\/uploads\/2024\/06\/canpol-babies-creme-de-lanoline-pour-mamelons-7g.jpg\" \/>\n\t<meta property=\"og:image:width\" content=\"800\" \/>\n\t<meta property=\"og:image:height\" content=\"800\" \/>\n\t<meta property=\"og:image:type\" content=\"image\/jpeg\" \/>\n<meta name=\"twitter:card\" content=\"summary_large_image\" \/>\n<meta name=\"twitter:label1\" content=\"Dur\u00e9e de lecture estim\u00e9e\" \/>\n\t<meta name=\"twitter:data1\" content=\"1 minute\" \/>\n<script type=\"application\/ld+json\" class=\"yoast-schema-graph\">{\"@context\":\"https:\/\/schema.org\",\"@graph\":[{\"@type\":\"WebPage\",\"@id\":\"https:\/\/orthopara.store\/index.php\/produit\/canpol-babies-creme-de-lanoline-pour-mamelons-7g\/\",\"url\":\"https:\/\/orthopara.store\/index.php\/produit\/canpol-babies-creme-de-lanoline-pour-mamelons-7g\/\",\"name\":\"Canpol babies - Cr\u00e8me de lanoline pour mamelons - 7g - OrthoPara\",\"isPartOf\":{\"@id\":\"https:\/\/orthopara.store\/#website\"},\"primaryImageOfPage\":{\"@id\":\"https:\/\/orthopara.store\/index.php\/produit\/canpol-babies-creme-de-lanoline-pour-mamelons-7g\/#primaryimage\"},\"image\":{\"@id\":\"https:\/\/orthopara.store\/index.php\/produit\/canpol-babies-creme-de-lanoline-pour-mamelons-7g\/#primaryimage\"},\"thumbnailUrl\":\"https:\/\/orthopara.store\/wp-content\/uploads\/2024\/06\/canpol-babies-creme-de-lanoline-pour-mamelons-7g.jpg\",\"datePublished\":\"2024-06-28T13:54:47+00:00\",\"dateModified\":\"2024-11-07T08:48:47+00:00\",\"breadcrumb\":{\"@id\":\"https:\/\/orthopara.store\/index.php\/produit\/canpol-babies-creme-de-lanoline-pour-mamelons-7g\/#breadcrumb\"},\"inLanguage\":\"fr-FR\",\"potentialAction\":[{\"@type\":\"ReadAction\",\"target\":[\"https:\/\/orthopara.store\/index.php\/produit\/canpol-babies-creme-de-lanoline-pour-mamelons-7g\/\"]}]},{\"@type\":\"ImageObject\",\"inLanguage\":\"fr-FR\",\"@id\":\"https:\/\/orthopara.store\/index.php\/produit\/canpol-babies-creme-de-lanoline-pour-mamelons-7g\/#primaryimage\",\"url\":\"https:\/\/orthopara.store\/wp-content\/uploads\/2024\/06\/canpol-babies-creme-de-lanoline-pour-mamelons-7g.jpg\",\"contentUrl\":\"https:\/\/orthopara.store\/wp-content\/uploads\/2024\/06\/canpol-babies-creme-de-lanoline-pour-mamelons-7g.jpg\",\"width\":800,\"height\":800},{\"@type\":\"BreadcrumbList\",\"@id\":\"https:\/\/orthopara.store\/index.php\/produit\/canpol-babies-creme-de-lanoline-pour-mamelons-7g\/#breadcrumb\",\"itemListElement\":[{\"@type\":\"ListItem\",\"position\":1,\"name\":\"Accueil\",\"item\":\"https:\/\/orthopara.store\/\"},{\"@type\":\"ListItem\",\"position\":2,\"name\":\"Shop\",\"item\":\"https:\/\/orthopara.store\/?page_id=622\"},{\"@type\":\"ListItem\",\"position\":3,\"name\":\"Canpol babies &#8211; Cr\u00e8me de lanoline pour mamelons &#8211; 7g\"}]},{\"@type\":\"WebSite\",\"@id\":\"https:\/\/orthopara.store\/#website\",\"url\":\"https:\/\/orthopara.store\/\",\"name\":\"OrthoPara\",\"description\":\"Parapharmacie\",\"publisher\":{\"@id\":\"https:\/\/orthopara.store\/#organization\"},\"potentialAction\":[{\"@type\":\"SearchAction\",\"target\":{\"@type\":\"EntryPoint\",\"urlTemplate\":\"https:\/\/orthopara.store\/?s={search_term_string}\"},\"query-input\":\"required name=search_term_string\"}],\"inLanguage\":\"fr-FR\"},{\"@type\":\"Organization\",\"@id\":\"https:\/\/orthopara.store\/#organization\",\"name\":\"OrthoPara\",\"url\":\"https:\/\/orthopara.store\/\",\"logo\":{\"@type\":\"ImageObject\",\"inLanguage\":\"fr-FR\",\"@id\":\"https:\/\/orthopara.store\/#\/schema\/logo\/image\/\",\"url\":\"https:\/\/orthopara.store\/wp-content\/uploads\/2024\/06\/cropped-9ABA8BAD-6256-4719-9315-15C66E64E882.png\",\"contentUrl\":\"https:\/\/orthopara.store\/wp-content\/uploads\/2024\/06\/cropped-9ABA8BAD-6256-4719-9315-15C66E64E882.png\",\"width\":240,\"height\":72,\"caption\":\"OrthoPara\"},\"image\":{\"@id\":\"https:\/\/orthopara.store\/#\/schema\/logo\/image\/\"},\"sameAs\":[\"https:\/\/www.facebook.com\/profile.php?id=61561194315651\",\"https:\/\/www.instagram.com\/orthopara_tunisie\/\"]}]}<\/script>\n<!-- \/ Yoast SEO plugin. -->","yoast_head_json":{"title":"Canpol babies - Cr\u00e8me de lanoline pour mamelons - 7g - OrthoPara","robots":{"index":"index","follow":"follow","max-snippet":"max-snippet:-1","max-image-preview":"max-image-preview:large","max-video-preview":"max-video-preview:-1"},"canonical":"https:\/\/orthopara.store\/index.php\/produit\/canpol-babies-creme-de-lanoline-pour-mamelons-7g\/","og_locale":"fr_FR","og_type":"article","og_title":"Canpol babies - Cr\u00e8me de lanoline pour mamelons - 7g - OrthoPara","og_description":"Favorise la r\u00e9g\u00e9n\u00e9ration de la peau des mamelons irrit\u00e9s Apporte un soulagement pendant l'allaitement Lanoline pure, sans additifs Naturel et hypoallerg\u00e9nique Pas besoin de se laver avant d'allaiter \u2013 sans danger pour la m\u00e8re et le b\u00e9b\u00e9 Contenance parfaite pour la layette d'h\u00f4pital en d\u00e9but d'allaitement DLC : 2 ans apr\u00e8s la date de fabrication","og_url":"https:\/\/orthopara.store\/index.php\/produit\/canpol-babies-creme-de-lanoline-pour-mamelons-7g\/","og_site_name":"OrthoPara","article_publisher":"https:\/\/www.facebook.com\/profile.php?id=61561194315651","article_modified_time":"2024-11-07T08:48:47+00:00","og_image":[{"width":800,"height":800,"url":"https:\/\/orthopara.store\/wp-content\/uploads\/2024\/06\/canpol-babies-creme-de-lanoline-pour-mamelons-7g.jpg","type":"image\/jpeg"}],"twitter_card":"summary_large_image","twitter_misc":{"Dur\u00e9e de lecture estim\u00e9e":"1 minute"},"schema":{"@context":"https:\/\/schema.org","@graph":[{"@type":"WebPage","@id":"https:\/\/orthopara.store\/index.php\/produit\/canpol-babies-creme-de-lanoline-pour-mamelons-7g\/","url":"https:\/\/orthopara.store\/index.php\/produit\/canpol-babies-creme-de-lanoline-pour-mamelons-7g\/","name":"Canpol babies - Cr\u00e8me de lanoline pour mamelons - 7g - OrthoPara","isPartOf":{"@id":"https:\/\/orthopara.store\/#website"},"primaryImageOfPage":{"@id":"https:\/\/orthopara.store\/index.php\/produit\/canpol-babies-creme-de-lanoline-pour-mamelons-7g\/#primaryimage"},"image":{"@id":"https:\/\/orthopara.store\/index.php\/produit\/canpol-babies-creme-de-lanoline-pour-mamelons-7g\/#primaryimage"},"thumbnailUrl":"https:\/\/orthopara.store\/wp-content\/uploads\/2024\/06\/canpol-babies-creme-de-lanoline-pour-mamelons-7g.jpg","datePublished":"2024-06-28T13:54:47+00:00","dateModified":"2024-11-07T08:48:47+00:00","breadcrumb":{"@id":"https:\/\/orthopara.store\/index.php\/produit\/canpol-babies-creme-de-lanoline-pour-mamelons-7g\/#breadcrumb"},"inLanguage":"fr-FR","potentialAction":[{"@type":"ReadAction","target":["https:\/\/orthopara.store\/index.php\/produit\/canpol-babies-creme-de-lanoline-pour-mamelons-7g\/"]}]},{"@type":"ImageObject","inLanguage":"fr-FR","@id":"https:\/\/orthopara.store\/index.php\/produit\/canpol-babies-creme-de-lanoline-pour-mamelons-7g\/#primaryimage","url":"https:\/\/orthopara.store\/wp-content\/uploads\/2024\/06\/canpol-babies-creme-de-lanoline-pour-mamelons-7g.jpg","contentUrl":"https:\/\/orthopara.store\/wp-content\/uploads\/2024\/06\/canpol-babies-creme-de-lanoline-pour-mamelons-7g.jpg","width":800,"height":800},{"@type":"BreadcrumbList","@id":"https:\/\/orthopara.store\/index.php\/produit\/canpol-babies-creme-de-lanoline-pour-mamelons-7g\/#breadcrumb","itemListElement":[{"@type":"ListItem","position":1,"name":"Accueil","item":"https:\/\/orthopara.store\/"},{"@type":"ListItem","position":2,"name":"Shop","item":"https:\/\/orthopara.store\/?page_id=622"},{"@type":"ListItem","position":3,"name":"Canpol babies &#8211; Cr\u00e8me de lanoline pour mamelons &#8211; 7g"}]},{"@type":"WebSite","@id":"https:\/\/orthopara.store\/#website","url":"https:\/\/orthopara.store\/","name":"OrthoPara","description":"Parapharmacie","publisher":{"@id":"https:\/\/orthopara.store\/#organization"},"potentialAction":[{"@type":"SearchAction","target":{"@type":"EntryPoint","urlTemplate":"https:\/\/orthopara.store\/?s={search_term_string}"},"query-input":"required name=search_term_string"}],"inLanguage":"fr-FR"},{"@type":"Organization","@id":"https:\/\/orthopara.store\/#organization","name":"OrthoPara","url":"https:\/\/orthopara.store\/","logo":{"@type":"ImageObject","inLanguage":"fr-FR","@id":"https:\/\/orthopara.store\/#\/schema\/logo\/image\/","url":"https:\/\/orthopara.store\/wp-content\/uploads\/2024\/06\/cropped-9ABA8BAD-6256-4719-9315-15C66E64E882.png","contentUrl":"https:\/\/orthopara.store\/wp-content\/uploads\/2024\/06\/cropped-9ABA8BAD-6256-4719-9315-15C66E64E882.png","width":240,"height":72,"caption":"OrthoPara"},"image":{"@id":"https:\/\/orthopara.store\/#\/schema\/logo\/image\/"},"sameAs":["https:\/\/www.facebook.com\/profile.php?id=61561194315651","https:\/\/www.instagram.com\/orthopara_tunisie\/"]}]}},"jetpack_sharing_enabled":true,"brands":[{"id":174,"name":"Canpol babies","slug":"canpol-babies"}],"_links":{"self":[{"href":"https:\/\/orthopara.store\/index.php?rest_route=\/wp\/v2\/product\/1693","targetHints":{"allow":["GET"]}}],"collection":[{"href":"https:\/\/orthopara.store\/index.php?rest_route=\/wp\/v2\/product"}],"about":[{"href":"https:\/\/orthopara.store\/index.php?rest_route=\/wp\/v2\/types\/product"}],"replies":[{"embeddable":true,"href":"https:\/\/orthopara.store\/index.php?rest_route=%2Fwp%2Fv2%2Fcomments&post=1693"}],"wp:featuredmedia":[{"embeddable":true,"href":"https:\/\/orthopara.store\/index.php?rest_route=\/wp\/v2\/media\/1719"}],"wp:attachment":[{"href":"https:\/\/orthopara.store\/index.php?rest_route=%2Fwp%2Fv2%2Fmedia&parent=1693"}],"wp:term":[{"taxonomy":"pwb-brand","embeddable":true,"href":"https:\/\/orthopara.store\/index.php?rest_route=%2Fwp%2Fv2%2Fpwb-brand&post=1693"},{"taxonomy":"product_cat","embeddable":true,"href":"https:\/\/orthopara.store\/index.php?rest_route=%2Fwp%2Fv2%2Fproduct_cat&post=1693"},{"taxonomy":"product_tag","embeddable":true,"href":"https:\/\/orthopara.store\/index.php?rest_route=%2Fwp%2Fv2%2Fproduct_tag&post=1693"}],"curies":[{"name":"wp","href":"https:\/\/api.w.org\/{rel}","templated":true}]}}