{"id":1705,"date":"2024-06-28T15:54:49","date_gmt":"2024-06-28T13:54:49","guid":{"rendered":"https:\/\/orthopara.store\/?post_type=product&#038;p=1705"},"modified":"2024-11-07T09:26:13","modified_gmt":"2024-11-07T08:26:13","slug":"beurer-tire-lait-electrique-by40","status":"publish","type":"product","link":"https:\/\/orthopara.store\/?product=beurer-tire-lait-electrique-by40","title":{"rendered":"BEURER Tire-lait \u00e9lectrique BY40"},"content":{"rendered":"<p>BEURER Tire-lait \u00e9lectrique<br \/>\nCaract\u00e9ristiques :<br \/>\n* Technologie du vide\u00a0: Tr\u00e8s confortable gr\u00e2ce \u00e0 10\u00a0niveaux de stimulation et 10\u00a0niveaux de pompage<br \/>\n* Fonction m\u00e9moire pour un mode individuel optimal<br \/>\n* \u00c9cran \u00e0 \u00e9clairage tr\u00e8s clair<br \/>\n* Affichage de la dur\u00e9e d&rsquo;utilisation<br \/>\n* Assemblage des pi\u00e8ces ais\u00e9 lors de l&rsquo;utilisation<br \/>\n* Design compact pour une manipulation ais\u00e9e<br \/>\n* Avec biberons et bouchons \u00e0 vis adapt\u00e9s pour biberons<br \/>\n* Coussinet en silicone avec surface douce pour une utilisation agr\u00e9able<\/p>\n<p>Adaptateur pour biberons Avent et NUK<br \/>\nle tire-lait peut \u00e9galement \u00eatre utilis\u00e9 avec ces biberons<br \/>\nPieds en caoutchouc antid\u00e9rapants et anti-abrasion pour une bonne stabilit\u00e9<br \/>\nAccessoires pouvant \u00eatre d\u00e9sinfect\u00e9s<br \/>\nEntr\u00e9e adaptateur secteur\u00a0: 100-240\u00a0V AC ~50-60\u00a0HzSortie adaptateur secteur\/pile\u00a0: DC 6\u00a0V \/ 1\u00a0A<\/p>\n","protected":false},"excerpt":{"rendered":"<p>BEURER Tire-lait \u00e9lectrique<br \/>\nUtilisation possible avec adaptateur secteur ou avec piles<br \/>\n4 x 1.5V alkaline batteries AA included<br \/>\nIndicateur du niveau des piles (dur\u00e9e de la pile au niveau 10\u00a0 60\u00a0minutes)<br \/>\nVolume\u00a0: seulement 45\u00a0dB au plus haut niveau (distance 1,5\u00a0m)<\/p>\n","protected":false},"featured_media":1731,"comment_status":"open","ping_status":"closed","template":"","meta":[],"pwb-brand":[93],"product_cat":[201],"product_tag":[],"class_list":{"0":"post-1705","1":"product","2":"type-product","3":"status-publish","4":"has-post-thumbnail","6":"pwb-brand-beurer","7":"product_cat-allaitement","8":"post","9":"ws-product--style-1","11":"first","12":"instock","13":"shipping-taxable","14":"purchasable","15":"product-type-simple"},"yoast_head":"<!-- This site is optimized with the Yoast SEO plugin v23.0 - https:\/\/yoast.com\/wordpress\/plugins\/seo\/ -->\n<title>BEURER Tire-lait \u00e9lectrique BY40 - OrthoPara<\/title>\n<meta name=\"robots\" content=\"index, follow, max-snippet:-1, max-image-preview:large, max-video-preview:-1\" \/>\n<link rel=\"canonical\" href=\"https:\/\/orthopara.store\/index.php\/produit\/beurer-tire-lait-electrique-by40\/\" \/>\n<meta property=\"og:locale\" content=\"fr_FR\" \/>\n<meta property=\"og:type\" content=\"article\" \/>\n<meta property=\"og:title\" content=\"BEURER Tire-lait \u00e9lectrique BY40 - OrthoPara\" \/>\n<meta property=\"og:description\" content=\"BEURER Tire-lait \u00e9lectrique Utilisation possible avec adaptateur secteur ou avec piles 4 x 1.5V alkaline batteries AA included Indicateur du niveau des piles (dur\u00e9e de la pile au niveau 10\u00a0 60\u00a0minutes) Volume\u00a0: seulement 45\u00a0dB au plus haut niveau (distance 1,5\u00a0m)\" \/>\n<meta property=\"og:url\" content=\"https:\/\/orthopara.store\/index.php\/produit\/beurer-tire-lait-electrique-by40\/\" \/>\n<meta property=\"og:site_name\" content=\"OrthoPara\" \/>\n<meta property=\"article:publisher\" content=\"https:\/\/www.facebook.com\/profile.php?id=61561194315651\" \/>\n<meta property=\"article:modified_time\" content=\"2024-11-07T08:26:13+00:00\" \/>\n<meta property=\"og:image\" content=\"https:\/\/orthopara.store\/wp-content\/uploads\/2024\/06\/tire-lait-electrique-beurer-prix-tunisie.jpg\" \/>\n\t<meta property=\"og:image:width\" content=\"800\" \/>\n\t<meta property=\"og:image:height\" content=\"800\" \/>\n\t<meta property=\"og:image:type\" content=\"image\/jpeg\" \/>\n<meta name=\"twitter:card\" content=\"summary_large_image\" \/>\n<meta name=\"twitter:label1\" content=\"Dur\u00e9e de lecture estim\u00e9e\" \/>\n\t<meta name=\"twitter:data1\" content=\"1 minute\" \/>\n<script type=\"application\/ld+json\" class=\"yoast-schema-graph\">{\"@context\":\"https:\/\/schema.org\",\"@graph\":[{\"@type\":\"WebPage\",\"@id\":\"https:\/\/orthopara.store\/index.php\/produit\/beurer-tire-lait-electrique-by40\/\",\"url\":\"https:\/\/orthopara.store\/index.php\/produit\/beurer-tire-lait-electrique-by40\/\",\"name\":\"BEURER Tire-lait \u00e9lectrique BY40 - OrthoPara\",\"isPartOf\":{\"@id\":\"https:\/\/orthopara.store\/#website\"},\"primaryImageOfPage\":{\"@id\":\"https:\/\/orthopara.store\/index.php\/produit\/beurer-tire-lait-electrique-by40\/#primaryimage\"},\"image\":{\"@id\":\"https:\/\/orthopara.store\/index.php\/produit\/beurer-tire-lait-electrique-by40\/#primaryimage\"},\"thumbnailUrl\":\"https:\/\/orthopara.store\/wp-content\/uploads\/2024\/06\/tire-lait-electrique-beurer-prix-tunisie.jpg\",\"datePublished\":\"2024-06-28T13:54:49+00:00\",\"dateModified\":\"2024-11-07T08:26:13+00:00\",\"breadcrumb\":{\"@id\":\"https:\/\/orthopara.store\/index.php\/produit\/beurer-tire-lait-electrique-by40\/#breadcrumb\"},\"inLanguage\":\"fr-FR\",\"potentialAction\":[{\"@type\":\"ReadAction\",\"target\":[\"https:\/\/orthopara.store\/index.php\/produit\/beurer-tire-lait-electrique-by40\/\"]}]},{\"@type\":\"ImageObject\",\"inLanguage\":\"fr-FR\",\"@id\":\"https:\/\/orthopara.store\/index.php\/produit\/beurer-tire-lait-electrique-by40\/#primaryimage\",\"url\":\"https:\/\/orthopara.store\/wp-content\/uploads\/2024\/06\/tire-lait-electrique-beurer-prix-tunisie.jpg\",\"contentUrl\":\"https:\/\/orthopara.store\/wp-content\/uploads\/2024\/06\/tire-lait-electrique-beurer-prix-tunisie.jpg\",\"width\":800,\"height\":800},{\"@type\":\"BreadcrumbList\",\"@id\":\"https:\/\/orthopara.store\/index.php\/produit\/beurer-tire-lait-electrique-by40\/#breadcrumb\",\"itemListElement\":[{\"@type\":\"ListItem\",\"position\":1,\"name\":\"Accueil\",\"item\":\"https:\/\/orthopara.store\/\"},{\"@type\":\"ListItem\",\"position\":2,\"name\":\"Shop\",\"item\":\"https:\/\/orthopara.store\/?page_id=622\"},{\"@type\":\"ListItem\",\"position\":3,\"name\":\"BEURER Tire-lait \u00e9lectrique BY40\"}]},{\"@type\":\"WebSite\",\"@id\":\"https:\/\/orthopara.store\/#website\",\"url\":\"https:\/\/orthopara.store\/\",\"name\":\"OrthoPara\",\"description\":\"Parapharmacie\",\"publisher\":{\"@id\":\"https:\/\/orthopara.store\/#organization\"},\"potentialAction\":[{\"@type\":\"SearchAction\",\"target\":{\"@type\":\"EntryPoint\",\"urlTemplate\":\"https:\/\/orthopara.store\/?s={search_term_string}\"},\"query-input\":\"required name=search_term_string\"}],\"inLanguage\":\"fr-FR\"},{\"@type\":\"Organization\",\"@id\":\"https:\/\/orthopara.store\/#organization\",\"name\":\"OrthoPara\",\"url\":\"https:\/\/orthopara.store\/\",\"logo\":{\"@type\":\"ImageObject\",\"inLanguage\":\"fr-FR\",\"@id\":\"https:\/\/orthopara.store\/#\/schema\/logo\/image\/\",\"url\":\"https:\/\/orthopara.store\/wp-content\/uploads\/2024\/06\/cropped-9ABA8BAD-6256-4719-9315-15C66E64E882.png\",\"contentUrl\":\"https:\/\/orthopara.store\/wp-content\/uploads\/2024\/06\/cropped-9ABA8BAD-6256-4719-9315-15C66E64E882.png\",\"width\":240,\"height\":72,\"caption\":\"OrthoPara\"},\"image\":{\"@id\":\"https:\/\/orthopara.store\/#\/schema\/logo\/image\/\"},\"sameAs\":[\"https:\/\/www.facebook.com\/profile.php?id=61561194315651\",\"https:\/\/www.instagram.com\/orthopara_tunisie\/\"]}]}<\/script>\n<!-- \/ Yoast SEO plugin. -->","yoast_head_json":{"title":"BEURER Tire-lait \u00e9lectrique BY40 - OrthoPara","robots":{"index":"index","follow":"follow","max-snippet":"max-snippet:-1","max-image-preview":"max-image-preview:large","max-video-preview":"max-video-preview:-1"},"canonical":"https:\/\/orthopara.store\/index.php\/produit\/beurer-tire-lait-electrique-by40\/","og_locale":"fr_FR","og_type":"article","og_title":"BEURER Tire-lait \u00e9lectrique BY40 - OrthoPara","og_description":"BEURER Tire-lait \u00e9lectrique Utilisation possible avec adaptateur secteur ou avec piles 4 x 1.5V alkaline batteries AA included Indicateur du niveau des piles (dur\u00e9e de la pile au niveau 10\u00a0 60\u00a0minutes) Volume\u00a0: seulement 45\u00a0dB au plus haut niveau (distance 1,5\u00a0m)","og_url":"https:\/\/orthopara.store\/index.php\/produit\/beurer-tire-lait-electrique-by40\/","og_site_name":"OrthoPara","article_publisher":"https:\/\/www.facebook.com\/profile.php?id=61561194315651","article_modified_time":"2024-11-07T08:26:13+00:00","og_image":[{"width":800,"height":800,"url":"https:\/\/orthopara.store\/wp-content\/uploads\/2024\/06\/tire-lait-electrique-beurer-prix-tunisie.jpg","type":"image\/jpeg"}],"twitter_card":"summary_large_image","twitter_misc":{"Dur\u00e9e de lecture estim\u00e9e":"1 minute"},"schema":{"@context":"https:\/\/schema.org","@graph":[{"@type":"WebPage","@id":"https:\/\/orthopara.store\/index.php\/produit\/beurer-tire-lait-electrique-by40\/","url":"https:\/\/orthopara.store\/index.php\/produit\/beurer-tire-lait-electrique-by40\/","name":"BEURER Tire-lait \u00e9lectrique BY40 - OrthoPara","isPartOf":{"@id":"https:\/\/orthopara.store\/#website"},"primaryImageOfPage":{"@id":"https:\/\/orthopara.store\/index.php\/produit\/beurer-tire-lait-electrique-by40\/#primaryimage"},"image":{"@id":"https:\/\/orthopara.store\/index.php\/produit\/beurer-tire-lait-electrique-by40\/#primaryimage"},"thumbnailUrl":"https:\/\/orthopara.store\/wp-content\/uploads\/2024\/06\/tire-lait-electrique-beurer-prix-tunisie.jpg","datePublished":"2024-06-28T13:54:49+00:00","dateModified":"2024-11-07T08:26:13+00:00","breadcrumb":{"@id":"https:\/\/orthopara.store\/index.php\/produit\/beurer-tire-lait-electrique-by40\/#breadcrumb"},"inLanguage":"fr-FR","potentialAction":[{"@type":"ReadAction","target":["https:\/\/orthopara.store\/index.php\/produit\/beurer-tire-lait-electrique-by40\/"]}]},{"@type":"ImageObject","inLanguage":"fr-FR","@id":"https:\/\/orthopara.store\/index.php\/produit\/beurer-tire-lait-electrique-by40\/#primaryimage","url":"https:\/\/orthopara.store\/wp-content\/uploads\/2024\/06\/tire-lait-electrique-beurer-prix-tunisie.jpg","contentUrl":"https:\/\/orthopara.store\/wp-content\/uploads\/2024\/06\/tire-lait-electrique-beurer-prix-tunisie.jpg","width":800,"height":800},{"@type":"BreadcrumbList","@id":"https:\/\/orthopara.store\/index.php\/produit\/beurer-tire-lait-electrique-by40\/#breadcrumb","itemListElement":[{"@type":"ListItem","position":1,"name":"Accueil","item":"https:\/\/orthopara.store\/"},{"@type":"ListItem","position":2,"name":"Shop","item":"https:\/\/orthopara.store\/?page_id=622"},{"@type":"ListItem","position":3,"name":"BEURER Tire-lait \u00e9lectrique BY40"}]},{"@type":"WebSite","@id":"https:\/\/orthopara.store\/#website","url":"https:\/\/orthopara.store\/","name":"OrthoPara","description":"Parapharmacie","publisher":{"@id":"https:\/\/orthopara.store\/#organization"},"potentialAction":[{"@type":"SearchAction","target":{"@type":"EntryPoint","urlTemplate":"https:\/\/orthopara.store\/?s={search_term_string}"},"query-input":"required name=search_term_string"}],"inLanguage":"fr-FR"},{"@type":"Organization","@id":"https:\/\/orthopara.store\/#organization","name":"OrthoPara","url":"https:\/\/orthopara.store\/","logo":{"@type":"ImageObject","inLanguage":"fr-FR","@id":"https:\/\/orthopara.store\/#\/schema\/logo\/image\/","url":"https:\/\/orthopara.store\/wp-content\/uploads\/2024\/06\/cropped-9ABA8BAD-6256-4719-9315-15C66E64E882.png","contentUrl":"https:\/\/orthopara.store\/wp-content\/uploads\/2024\/06\/cropped-9ABA8BAD-6256-4719-9315-15C66E64E882.png","width":240,"height":72,"caption":"OrthoPara"},"image":{"@id":"https:\/\/orthopara.store\/#\/schema\/logo\/image\/"},"sameAs":["https:\/\/www.facebook.com\/profile.php?id=61561194315651","https:\/\/www.instagram.com\/orthopara_tunisie\/"]}]}},"jetpack_sharing_enabled":true,"brands":[{"id":93,"name":"Beurer","slug":"beurer"}],"_links":{"self":[{"href":"https:\/\/orthopara.store\/index.php?rest_route=\/wp\/v2\/product\/1705","targetHints":{"allow":["GET"]}}],"collection":[{"href":"https:\/\/orthopara.store\/index.php?rest_route=\/wp\/v2\/product"}],"about":[{"href":"https:\/\/orthopara.store\/index.php?rest_route=\/wp\/v2\/types\/product"}],"replies":[{"embeddable":true,"href":"https:\/\/orthopara.store\/index.php?rest_route=%2Fwp%2Fv2%2Fcomments&post=1705"}],"wp:featuredmedia":[{"embeddable":true,"href":"https:\/\/orthopara.store\/index.php?rest_route=\/wp\/v2\/media\/1731"}],"wp:attachment":[{"href":"https:\/\/orthopara.store\/index.php?rest_route=%2Fwp%2Fv2%2Fmedia&parent=1705"}],"wp:term":[{"taxonomy":"pwb-brand","embeddable":true,"href":"https:\/\/orthopara.store\/index.php?rest_route=%2Fwp%2Fv2%2Fpwb-brand&post=1705"},{"taxonomy":"product_cat","embeddable":true,"href":"https:\/\/orthopara.store\/index.php?rest_route=%2Fwp%2Fv2%2Fproduct_cat&post=1705"},{"taxonomy":"product_tag","embeddable":true,"href":"https:\/\/orthopara.store\/index.php?rest_route=%2Fwp%2Fv2%2Fproduct_tag&post=1705"}],"curies":[{"name":"wp","href":"https:\/\/api.w.org\/{rel}","templated":true}]}}