{"id":1802,"date":"2024-06-28T15:55:21","date_gmt":"2024-06-28T13:55:21","guid":{"rendered":"https:\/\/orthopara.store\/?post_type=product&#038;p=1802"},"modified":"2024-06-28T15:55:28","modified_gmt":"2024-06-28T13:55:28","slug":"dentifrice-blancheur-silca-brillant-white-100ml","status":"publish","type":"product","link":"https:\/\/orthopara.store\/?product=dentifrice-blancheur-silca-brillant-white-100ml","title":{"rendered":"Dentifrice blancheur &#8211; Silca Brillant White &#8211; 100ml"},"content":{"rendered":"<p>Dentifrice blancheur &#8211; Silca Brillant White &#8211; 100ml<br \/>\nLe probl\u00e8me :<br \/>\nEn plus des caries, du tartre dentaire et de la maladie parodontale, la d\u00e9coloration des dents inesth\u00e9tique devient un domaine de probl\u00e8me important pour les professionnels de l&rsquo;hygi\u00e8ne dentaire et buccale.<br \/>\nFr\u00e9quemment en vue d&rsquo;\u00e9liminer les taches certains patients endommagent les dents en se brossant avec des dentifrices ayant une action de nettoyage agressive et grave.<br \/>\nLa cause :\u00a0<br \/>\nle vieillissement de la dent naturelle, la consommation du caf\u00e9, du th\u00e9 ou de vin rouge et le tabagisme r\u00e9gulier peuvent tout entrainer une coloration inesth\u00e9tique des surfaces dentaires.<br \/>\nLa solution :\u00a0<br \/>\nLe dentifrice Silca Brillant White assure une parfaite restauration de la couleur naturelle des dents blanches. Ce dentifrice contient un sp\u00e9cial complexe, ou en combinaison avec les particules de nettoyage doux mais efficace supprime les taches, le tartre et restaure le blanc naturel de la couleur des dents.<br \/>\nLes ingr\u00e9dients actifs de la carbamide et le fluor de sodium avec des quantit\u00e9s optimales assurant une excellante prophylaxie de la carie.<br \/>\nSilca Brillant White utilise le syst\u00e8me 2- Silca pour l&rsquo;enl\u00e8vement en profondeur mais en douceur de la plaque dentaire dangereuse, qui est la principale cause des caries, du tartre et des maladies paradentales.<br \/>\nIl contient des substances d&rsquo;ar\u00f4me soigneusement s\u00e9lectionn\u00e9es pour garantir une haleine fra\u00eeche longtemps et une sensation de bouche propre.<\/p>\n","protected":false},"excerpt":{"rendered":"<p>Silca Brillant White<br \/>\nDentifrice blancheur<br \/>\nAvec un complexe \u00e9quilibr\u00e9 et actif qui soutient la pr\u00e9vention des affections dentaires telles que la carie dentaire, les maladies des gencives et le tartre, pour un sourire blanc \u00e9clatant et parfait.<br \/>\nContenance : 100ml<\/p>\n","protected":false},"featured_media":1831,"comment_status":"open","ping_status":"closed","template":"","meta":[],"pwb-brand":[210],"product_cat":[214],"product_tag":[],"class_list":{"0":"post-1802","1":"product","2":"type-product","3":"status-publish","4":"has-post-thumbnail","6":"pwb-brand-silca","7":"product_cat-dentifrices","8":"post","9":"ws-product--style-1","11":"first","12":"instock","13":"shipping-taxable","14":"purchasable","15":"product-type-simple"},"yoast_head":"<!-- This site is optimized with the Yoast SEO plugin v23.0 - https:\/\/yoast.com\/wordpress\/plugins\/seo\/ -->\n<title>Dentifrice blancheur - Silca Brillant White - 100ml - OrthoPara<\/title>\n<meta name=\"robots\" content=\"index, follow, max-snippet:-1, max-image-preview:large, max-video-preview:-1\" \/>\n<link rel=\"canonical\" href=\"https:\/\/orthopara.store\/index.php\/produit\/dentifrice-blancheur-silca-brillant-white-100ml\/\" \/>\n<meta property=\"og:locale\" content=\"fr_FR\" \/>\n<meta property=\"og:type\" content=\"article\" \/>\n<meta property=\"og:title\" content=\"Dentifrice blancheur - Silca Brillant White - 100ml - OrthoPara\" \/>\n<meta property=\"og:description\" content=\"Silca Brillant White Dentifrice blancheur Avec un complexe \u00e9quilibr\u00e9 et actif qui soutient la pr\u00e9vention des affections dentaires telles que la carie dentaire, les maladies des gencives et le tartre, pour un sourire blanc \u00e9clatant et parfait. Contenance : 100ml\" \/>\n<meta property=\"og:url\" content=\"https:\/\/orthopara.store\/index.php\/produit\/dentifrice-blancheur-silca-brillant-white-100ml\/\" \/>\n<meta property=\"og:site_name\" content=\"OrthoPara\" \/>\n<meta property=\"article:publisher\" content=\"https:\/\/www.facebook.com\/profile.php?id=61561194315651\" \/>\n<meta property=\"article:modified_time\" content=\"2024-06-28T13:55:28+00:00\" \/>\n<meta property=\"og:image\" content=\"https:\/\/orthopara.store\/wp-content\/uploads\/2024\/06\/dentifrice-blancheur-silca-brillant-white-100ml.jpg\" \/>\n\t<meta property=\"og:image:width\" content=\"800\" \/>\n\t<meta property=\"og:image:height\" content=\"800\" \/>\n\t<meta property=\"og:image:type\" content=\"image\/jpeg\" \/>\n<meta name=\"twitter:card\" content=\"summary_large_image\" \/>\n<meta name=\"twitter:label1\" content=\"Dur\u00e9e de lecture estim\u00e9e\" \/>\n\t<meta name=\"twitter:data1\" content=\"1 minute\" \/>\n<script type=\"application\/ld+json\" class=\"yoast-schema-graph\">{\"@context\":\"https:\/\/schema.org\",\"@graph\":[{\"@type\":\"WebPage\",\"@id\":\"https:\/\/orthopara.store\/index.php\/produit\/dentifrice-blancheur-silca-brillant-white-100ml\/\",\"url\":\"https:\/\/orthopara.store\/index.php\/produit\/dentifrice-blancheur-silca-brillant-white-100ml\/\",\"name\":\"Dentifrice blancheur - Silca Brillant White - 100ml - OrthoPara\",\"isPartOf\":{\"@id\":\"https:\/\/orthopara.store\/#website\"},\"primaryImageOfPage\":{\"@id\":\"https:\/\/orthopara.store\/index.php\/produit\/dentifrice-blancheur-silca-brillant-white-100ml\/#primaryimage\"},\"image\":{\"@id\":\"https:\/\/orthopara.store\/index.php\/produit\/dentifrice-blancheur-silca-brillant-white-100ml\/#primaryimage\"},\"thumbnailUrl\":\"https:\/\/orthopara.store\/wp-content\/uploads\/2024\/06\/dentifrice-blancheur-silca-brillant-white-100ml.jpg\",\"datePublished\":\"2024-06-28T13:55:21+00:00\",\"dateModified\":\"2024-06-28T13:55:28+00:00\",\"breadcrumb\":{\"@id\":\"https:\/\/orthopara.store\/index.php\/produit\/dentifrice-blancheur-silca-brillant-white-100ml\/#breadcrumb\"},\"inLanguage\":\"fr-FR\",\"potentialAction\":[{\"@type\":\"ReadAction\",\"target\":[\"https:\/\/orthopara.store\/index.php\/produit\/dentifrice-blancheur-silca-brillant-white-100ml\/\"]}]},{\"@type\":\"ImageObject\",\"inLanguage\":\"fr-FR\",\"@id\":\"https:\/\/orthopara.store\/index.php\/produit\/dentifrice-blancheur-silca-brillant-white-100ml\/#primaryimage\",\"url\":\"https:\/\/orthopara.store\/wp-content\/uploads\/2024\/06\/dentifrice-blancheur-silca-brillant-white-100ml.jpg\",\"contentUrl\":\"https:\/\/orthopara.store\/wp-content\/uploads\/2024\/06\/dentifrice-blancheur-silca-brillant-white-100ml.jpg\",\"width\":800,\"height\":800},{\"@type\":\"BreadcrumbList\",\"@id\":\"https:\/\/orthopara.store\/index.php\/produit\/dentifrice-blancheur-silca-brillant-white-100ml\/#breadcrumb\",\"itemListElement\":[{\"@type\":\"ListItem\",\"position\":1,\"name\":\"Accueil\",\"item\":\"https:\/\/orthopara.store\/\"},{\"@type\":\"ListItem\",\"position\":2,\"name\":\"Shop\",\"item\":\"https:\/\/orthopara.store\/?page_id=622\"},{\"@type\":\"ListItem\",\"position\":3,\"name\":\"Dentifrice blancheur &#8211; Silca Brillant White &#8211; 100ml\"}]},{\"@type\":\"WebSite\",\"@id\":\"https:\/\/orthopara.store\/#website\",\"url\":\"https:\/\/orthopara.store\/\",\"name\":\"OrthoPara\",\"description\":\"Parapharmacie\",\"publisher\":{\"@id\":\"https:\/\/orthopara.store\/#organization\"},\"potentialAction\":[{\"@type\":\"SearchAction\",\"target\":{\"@type\":\"EntryPoint\",\"urlTemplate\":\"https:\/\/orthopara.store\/?s={search_term_string}\"},\"query-input\":\"required name=search_term_string\"}],\"inLanguage\":\"fr-FR\"},{\"@type\":\"Organization\",\"@id\":\"https:\/\/orthopara.store\/#organization\",\"name\":\"OrthoPara\",\"url\":\"https:\/\/orthopara.store\/\",\"logo\":{\"@type\":\"ImageObject\",\"inLanguage\":\"fr-FR\",\"@id\":\"https:\/\/orthopara.store\/#\/schema\/logo\/image\/\",\"url\":\"https:\/\/orthopara.store\/wp-content\/uploads\/2024\/06\/cropped-9ABA8BAD-6256-4719-9315-15C66E64E882.png\",\"contentUrl\":\"https:\/\/orthopara.store\/wp-content\/uploads\/2024\/06\/cropped-9ABA8BAD-6256-4719-9315-15C66E64E882.png\",\"width\":240,\"height\":72,\"caption\":\"OrthoPara\"},\"image\":{\"@id\":\"https:\/\/orthopara.store\/#\/schema\/logo\/image\/\"},\"sameAs\":[\"https:\/\/www.facebook.com\/profile.php?id=61561194315651\",\"https:\/\/www.instagram.com\/orthopara_tunisie\/\"]}]}<\/script>\n<!-- \/ Yoast SEO plugin. -->","yoast_head_json":{"title":"Dentifrice blancheur - Silca Brillant White - 100ml - OrthoPara","robots":{"index":"index","follow":"follow","max-snippet":"max-snippet:-1","max-image-preview":"max-image-preview:large","max-video-preview":"max-video-preview:-1"},"canonical":"https:\/\/orthopara.store\/index.php\/produit\/dentifrice-blancheur-silca-brillant-white-100ml\/","og_locale":"fr_FR","og_type":"article","og_title":"Dentifrice blancheur - Silca Brillant White - 100ml - OrthoPara","og_description":"Silca Brillant White Dentifrice blancheur Avec un complexe \u00e9quilibr\u00e9 et actif qui soutient la pr\u00e9vention des affections dentaires telles que la carie dentaire, les maladies des gencives et le tartre, pour un sourire blanc \u00e9clatant et parfait. Contenance : 100ml","og_url":"https:\/\/orthopara.store\/index.php\/produit\/dentifrice-blancheur-silca-brillant-white-100ml\/","og_site_name":"OrthoPara","article_publisher":"https:\/\/www.facebook.com\/profile.php?id=61561194315651","article_modified_time":"2024-06-28T13:55:28+00:00","og_image":[{"width":800,"height":800,"url":"https:\/\/orthopara.store\/wp-content\/uploads\/2024\/06\/dentifrice-blancheur-silca-brillant-white-100ml.jpg","type":"image\/jpeg"}],"twitter_card":"summary_large_image","twitter_misc":{"Dur\u00e9e de lecture estim\u00e9e":"1 minute"},"schema":{"@context":"https:\/\/schema.org","@graph":[{"@type":"WebPage","@id":"https:\/\/orthopara.store\/index.php\/produit\/dentifrice-blancheur-silca-brillant-white-100ml\/","url":"https:\/\/orthopara.store\/index.php\/produit\/dentifrice-blancheur-silca-brillant-white-100ml\/","name":"Dentifrice blancheur - Silca Brillant White - 100ml - OrthoPara","isPartOf":{"@id":"https:\/\/orthopara.store\/#website"},"primaryImageOfPage":{"@id":"https:\/\/orthopara.store\/index.php\/produit\/dentifrice-blancheur-silca-brillant-white-100ml\/#primaryimage"},"image":{"@id":"https:\/\/orthopara.store\/index.php\/produit\/dentifrice-blancheur-silca-brillant-white-100ml\/#primaryimage"},"thumbnailUrl":"https:\/\/orthopara.store\/wp-content\/uploads\/2024\/06\/dentifrice-blancheur-silca-brillant-white-100ml.jpg","datePublished":"2024-06-28T13:55:21+00:00","dateModified":"2024-06-28T13:55:28+00:00","breadcrumb":{"@id":"https:\/\/orthopara.store\/index.php\/produit\/dentifrice-blancheur-silca-brillant-white-100ml\/#breadcrumb"},"inLanguage":"fr-FR","potentialAction":[{"@type":"ReadAction","target":["https:\/\/orthopara.store\/index.php\/produit\/dentifrice-blancheur-silca-brillant-white-100ml\/"]}]},{"@type":"ImageObject","inLanguage":"fr-FR","@id":"https:\/\/orthopara.store\/index.php\/produit\/dentifrice-blancheur-silca-brillant-white-100ml\/#primaryimage","url":"https:\/\/orthopara.store\/wp-content\/uploads\/2024\/06\/dentifrice-blancheur-silca-brillant-white-100ml.jpg","contentUrl":"https:\/\/orthopara.store\/wp-content\/uploads\/2024\/06\/dentifrice-blancheur-silca-brillant-white-100ml.jpg","width":800,"height":800},{"@type":"BreadcrumbList","@id":"https:\/\/orthopara.store\/index.php\/produit\/dentifrice-blancheur-silca-brillant-white-100ml\/#breadcrumb","itemListElement":[{"@type":"ListItem","position":1,"name":"Accueil","item":"https:\/\/orthopara.store\/"},{"@type":"ListItem","position":2,"name":"Shop","item":"https:\/\/orthopara.store\/?page_id=622"},{"@type":"ListItem","position":3,"name":"Dentifrice blancheur &#8211; Silca Brillant White &#8211; 100ml"}]},{"@type":"WebSite","@id":"https:\/\/orthopara.store\/#website","url":"https:\/\/orthopara.store\/","name":"OrthoPara","description":"Parapharmacie","publisher":{"@id":"https:\/\/orthopara.store\/#organization"},"potentialAction":[{"@type":"SearchAction","target":{"@type":"EntryPoint","urlTemplate":"https:\/\/orthopara.store\/?s={search_term_string}"},"query-input":"required name=search_term_string"}],"inLanguage":"fr-FR"},{"@type":"Organization","@id":"https:\/\/orthopara.store\/#organization","name":"OrthoPara","url":"https:\/\/orthopara.store\/","logo":{"@type":"ImageObject","inLanguage":"fr-FR","@id":"https:\/\/orthopara.store\/#\/schema\/logo\/image\/","url":"https:\/\/orthopara.store\/wp-content\/uploads\/2024\/06\/cropped-9ABA8BAD-6256-4719-9315-15C66E64E882.png","contentUrl":"https:\/\/orthopara.store\/wp-content\/uploads\/2024\/06\/cropped-9ABA8BAD-6256-4719-9315-15C66E64E882.png","width":240,"height":72,"caption":"OrthoPara"},"image":{"@id":"https:\/\/orthopara.store\/#\/schema\/logo\/image\/"},"sameAs":["https:\/\/www.facebook.com\/profile.php?id=61561194315651","https:\/\/www.instagram.com\/orthopara_tunisie\/"]}]}},"jetpack_sharing_enabled":true,"brands":[{"id":210,"name":"Silca","slug":"silca"}],"_links":{"self":[{"href":"https:\/\/orthopara.store\/index.php?rest_route=\/wp\/v2\/product\/1802","targetHints":{"allow":["GET"]}}],"collection":[{"href":"https:\/\/orthopara.store\/index.php?rest_route=\/wp\/v2\/product"}],"about":[{"href":"https:\/\/orthopara.store\/index.php?rest_route=\/wp\/v2\/types\/product"}],"replies":[{"embeddable":true,"href":"https:\/\/orthopara.store\/index.php?rest_route=%2Fwp%2Fv2%2Fcomments&post=1802"}],"wp:featuredmedia":[{"embeddable":true,"href":"https:\/\/orthopara.store\/index.php?rest_route=\/wp\/v2\/media\/1831"}],"wp:attachment":[{"href":"https:\/\/orthopara.store\/index.php?rest_route=%2Fwp%2Fv2%2Fmedia&parent=1802"}],"wp:term":[{"taxonomy":"pwb-brand","embeddable":true,"href":"https:\/\/orthopara.store\/index.php?rest_route=%2Fwp%2Fv2%2Fpwb-brand&post=1802"},{"taxonomy":"product_cat","embeddable":true,"href":"https:\/\/orthopara.store\/index.php?rest_route=%2Fwp%2Fv2%2Fproduct_cat&post=1802"},{"taxonomy":"product_tag","embeddable":true,"href":"https:\/\/orthopara.store\/index.php?rest_route=%2Fwp%2Fv2%2Fproduct_tag&post=1802"}],"curies":[{"name":"wp","href":"https:\/\/api.w.org\/{rel}","templated":true}]}}