{"id":1817,"date":"2024-06-28T15:55:23","date_gmt":"2024-06-28T13:55:23","guid":{"rendered":"https:\/\/orthopara.store\/?post_type=product&#038;p=1817"},"modified":"2024-11-04T17:27:09","modified_gmt":"2024-11-04T16:27:09","slug":"bain-de-bouche-anti-caries-stoderma-fluokal-250ml","status":"publish","type":"product","link":"https:\/\/orthopara.store\/?product=bain-de-bouche-anti-caries-stoderma-fluokal-250ml","title":{"rendered":"Bain de bouche anti-caries &#8211; Stoderma Fluokal &#8211; 250ml"},"content":{"rendered":"<p>Bain de bouche anti-caries &#8211; Stoderma Fluokal &#8211; 250ml<br \/>\nLa gamme de soins buccale fluocal anti-caries riche en fluor et en calcium, renforce l&rsquo;\u00e9mail des dents et pr\u00e9vient la formation des caries.<br \/>\nPropri\u00e9t\u00e9s :<br \/>\nLimite la d\u00e9min\u00e9ralisation de l&rsquo;\u00e9mail dentaire<br \/>\nFavorise la min\u00e9ralisation de l&#8217;email dentaire<br \/>\nInhibe le m\u00e9tabolisme des bact\u00e9ries cariog\u00e8nes<br \/>\nIndications :<br \/>\nL&rsquo;apport local de calcium et de fluor \u00e0 un \u00e2ge pr\u00e9coce est essentiel pour la bonne formation de la dent, car la carence en ces min\u00e9raux dans les p\u00e9riodes critiques du d\u00e9veloppement de la dent est li\u00e9 \u00e0 une plus grande pr\u00e9disposition \u00e0 d\u00e9velopper des caries dentaires Fluokal anti-caries est indiqu\u00e9 :<br \/>\nPour la carence en fluor et ou en calcium n\u00e9cessitant un apport local et quotidien de ces min\u00e9raux<br \/>\nL&rsquo;enfant \u00e0 partir de 6 ans et l&rsquo;adulte a faible risque carieux<br \/>\nL&rsquo;enfant \u00e0 partir de 6 ans et l&rsquo;adulte \u00e0 risque carieux \u00e9lev\u00e9<br \/>\nL&rsquo;hygi\u00e8ne de coup dentaire quotidienne<br \/>\nLa pr\u00e9vention et le contr\u00f4le de la plaque dentaire<br \/>\nMode d&#8217;emploi :<br \/>\nEffectuer un rin\u00e7age quotidien apr\u00e8s le brossage avec votre dentifrice, avec 10ml du produit non dilu\u00e9 pendant 1 minute , ne pas diluer, ne pas rincer pour laisser agir plus longtemps.<br \/>\nIl est recommand\u00e9 de ne pas manger, de ne pas boire ou fumer pendant un moment pour ne pas \u00e9liminer le fluor.<br \/>\n NB: l&rsquo;utilisation r\u00e9guli\u00e8re de bain de bouche au fluor sous supervision pour les enfants et les adolescents est associ\u00e9e \u00e0 une r\u00e9duction importante de la progression des carries dans les dents.<br \/>\nComposition :<br \/>\nfluorure de sodium 1455 ppm, chlorure de calcium 0,1 %, Excipient qsp 100ml<\/p>\n","protected":false},"excerpt":{"rendered":"<p>Fluokal<br \/>\nSolution pour bain de bouche pr\u00eate \u00e0 l&#8217;emploi<br \/>\nAction anti-caries prouv\u00e9e\u00a0<br \/>\nRenforce l&rsquo;\u00e9mail des dents\u00a0<br \/>\nArome menthe<br \/>\nContenance : flacon 250ml<\/p>\n","protected":false},"featured_media":1846,"comment_status":"open","ping_status":"closed","template":"","meta":[],"pwb-brand":[217],"product_cat":[215],"product_tag":[],"class_list":{"0":"post-1817","1":"product","2":"type-product","3":"status-publish","4":"has-post-thumbnail","6":"pwb-brand-stoderma","7":"product_cat-bain-de-bouche-et-solution-gingivale","8":"post","9":"ws-product--style-1","11":"first","12":"instock","13":"shipping-taxable","14":"purchasable","15":"product-type-simple"},"yoast_head":"<!-- This site is optimized with the Yoast SEO plugin v23.0 - https:\/\/yoast.com\/wordpress\/plugins\/seo\/ -->\n<title>Bain de bouche anti-caries - Stoderma Fluokal - 250ml - OrthoPara<\/title>\n<meta name=\"robots\" content=\"index, follow, max-snippet:-1, max-image-preview:large, max-video-preview:-1\" \/>\n<link rel=\"canonical\" href=\"https:\/\/orthopara.store\/index.php\/produit\/bain-de-bouche-anti-caries-stoderma-fluokal-250ml\/\" \/>\n<meta property=\"og:locale\" content=\"fr_FR\" \/>\n<meta property=\"og:type\" content=\"article\" \/>\n<meta property=\"og:title\" content=\"Bain de bouche anti-caries - Stoderma Fluokal - 250ml - OrthoPara\" \/>\n<meta property=\"og:description\" content=\"Fluokal Solution pour bain de bouche pr\u00eate \u00e0 l&#039;emploi Action anti-caries prouv\u00e9e\u00a0 Renforce l&#039;\u00e9mail des dents\u00a0 Arome menthe Contenance : flacon 250ml\" \/>\n<meta property=\"og:url\" content=\"https:\/\/orthopara.store\/index.php\/produit\/bain-de-bouche-anti-caries-stoderma-fluokal-250ml\/\" \/>\n<meta property=\"og:site_name\" content=\"OrthoPara\" \/>\n<meta property=\"article:publisher\" content=\"https:\/\/www.facebook.com\/profile.php?id=61561194315651\" \/>\n<meta property=\"article:modified_time\" content=\"2024-11-04T16:27:09+00:00\" \/>\n<meta property=\"og:image\" content=\"https:\/\/orthopara.store\/wp-content\/uploads\/2024\/06\/bain-de-bouche-anti-caries-stoderma-fluokal-250ml.jpg\" \/>\n\t<meta property=\"og:image:width\" content=\"800\" \/>\n\t<meta property=\"og:image:height\" content=\"800\" \/>\n\t<meta property=\"og:image:type\" content=\"image\/jpeg\" \/>\n<meta name=\"twitter:card\" content=\"summary_large_image\" \/>\n<meta name=\"twitter:label1\" content=\"Dur\u00e9e de lecture estim\u00e9e\" \/>\n\t<meta name=\"twitter:data1\" content=\"1 minute\" \/>\n<script type=\"application\/ld+json\" class=\"yoast-schema-graph\">{\"@context\":\"https:\/\/schema.org\",\"@graph\":[{\"@type\":\"WebPage\",\"@id\":\"https:\/\/orthopara.store\/index.php\/produit\/bain-de-bouche-anti-caries-stoderma-fluokal-250ml\/\",\"url\":\"https:\/\/orthopara.store\/index.php\/produit\/bain-de-bouche-anti-caries-stoderma-fluokal-250ml\/\",\"name\":\"Bain de bouche anti-caries - Stoderma Fluokal - 250ml - OrthoPara\",\"isPartOf\":{\"@id\":\"https:\/\/orthopara.store\/#website\"},\"primaryImageOfPage\":{\"@id\":\"https:\/\/orthopara.store\/index.php\/produit\/bain-de-bouche-anti-caries-stoderma-fluokal-250ml\/#primaryimage\"},\"image\":{\"@id\":\"https:\/\/orthopara.store\/index.php\/produit\/bain-de-bouche-anti-caries-stoderma-fluokal-250ml\/#primaryimage\"},\"thumbnailUrl\":\"https:\/\/orthopara.store\/wp-content\/uploads\/2024\/06\/bain-de-bouche-anti-caries-stoderma-fluokal-250ml.jpg\",\"datePublished\":\"2024-06-28T13:55:23+00:00\",\"dateModified\":\"2024-11-04T16:27:09+00:00\",\"breadcrumb\":{\"@id\":\"https:\/\/orthopara.store\/index.php\/produit\/bain-de-bouche-anti-caries-stoderma-fluokal-250ml\/#breadcrumb\"},\"inLanguage\":\"fr-FR\",\"potentialAction\":[{\"@type\":\"ReadAction\",\"target\":[\"https:\/\/orthopara.store\/index.php\/produit\/bain-de-bouche-anti-caries-stoderma-fluokal-250ml\/\"]}]},{\"@type\":\"ImageObject\",\"inLanguage\":\"fr-FR\",\"@id\":\"https:\/\/orthopara.store\/index.php\/produit\/bain-de-bouche-anti-caries-stoderma-fluokal-250ml\/#primaryimage\",\"url\":\"https:\/\/orthopara.store\/wp-content\/uploads\/2024\/06\/bain-de-bouche-anti-caries-stoderma-fluokal-250ml.jpg\",\"contentUrl\":\"https:\/\/orthopara.store\/wp-content\/uploads\/2024\/06\/bain-de-bouche-anti-caries-stoderma-fluokal-250ml.jpg\",\"width\":800,\"height\":800},{\"@type\":\"BreadcrumbList\",\"@id\":\"https:\/\/orthopara.store\/index.php\/produit\/bain-de-bouche-anti-caries-stoderma-fluokal-250ml\/#breadcrumb\",\"itemListElement\":[{\"@type\":\"ListItem\",\"position\":1,\"name\":\"Accueil\",\"item\":\"https:\/\/orthopara.store\/\"},{\"@type\":\"ListItem\",\"position\":2,\"name\":\"Shop\",\"item\":\"https:\/\/orthopara.store\/?page_id=622\"},{\"@type\":\"ListItem\",\"position\":3,\"name\":\"Bain de bouche anti-caries &#8211; Stoderma Fluokal &#8211; 250ml\"}]},{\"@type\":\"WebSite\",\"@id\":\"https:\/\/orthopara.store\/#website\",\"url\":\"https:\/\/orthopara.store\/\",\"name\":\"OrthoPara\",\"description\":\"Parapharmacie\",\"publisher\":{\"@id\":\"https:\/\/orthopara.store\/#organization\"},\"potentialAction\":[{\"@type\":\"SearchAction\",\"target\":{\"@type\":\"EntryPoint\",\"urlTemplate\":\"https:\/\/orthopara.store\/?s={search_term_string}\"},\"query-input\":\"required name=search_term_string\"}],\"inLanguage\":\"fr-FR\"},{\"@type\":\"Organization\",\"@id\":\"https:\/\/orthopara.store\/#organization\",\"name\":\"OrthoPara\",\"url\":\"https:\/\/orthopara.store\/\",\"logo\":{\"@type\":\"ImageObject\",\"inLanguage\":\"fr-FR\",\"@id\":\"https:\/\/orthopara.store\/#\/schema\/logo\/image\/\",\"url\":\"https:\/\/orthopara.store\/wp-content\/uploads\/2024\/06\/cropped-9ABA8BAD-6256-4719-9315-15C66E64E882.png\",\"contentUrl\":\"https:\/\/orthopara.store\/wp-content\/uploads\/2024\/06\/cropped-9ABA8BAD-6256-4719-9315-15C66E64E882.png\",\"width\":240,\"height\":72,\"caption\":\"OrthoPara\"},\"image\":{\"@id\":\"https:\/\/orthopara.store\/#\/schema\/logo\/image\/\"},\"sameAs\":[\"https:\/\/www.facebook.com\/profile.php?id=61561194315651\",\"https:\/\/www.instagram.com\/orthopara_tunisie\/\"]}]}<\/script>\n<!-- \/ Yoast SEO plugin. -->","yoast_head_json":{"title":"Bain de bouche anti-caries - Stoderma Fluokal - 250ml - OrthoPara","robots":{"index":"index","follow":"follow","max-snippet":"max-snippet:-1","max-image-preview":"max-image-preview:large","max-video-preview":"max-video-preview:-1"},"canonical":"https:\/\/orthopara.store\/index.php\/produit\/bain-de-bouche-anti-caries-stoderma-fluokal-250ml\/","og_locale":"fr_FR","og_type":"article","og_title":"Bain de bouche anti-caries - Stoderma Fluokal - 250ml - OrthoPara","og_description":"Fluokal Solution pour bain de bouche pr\u00eate \u00e0 l'emploi Action anti-caries prouv\u00e9e\u00a0 Renforce l'\u00e9mail des dents\u00a0 Arome menthe Contenance : flacon 250ml","og_url":"https:\/\/orthopara.store\/index.php\/produit\/bain-de-bouche-anti-caries-stoderma-fluokal-250ml\/","og_site_name":"OrthoPara","article_publisher":"https:\/\/www.facebook.com\/profile.php?id=61561194315651","article_modified_time":"2024-11-04T16:27:09+00:00","og_image":[{"width":800,"height":800,"url":"https:\/\/orthopara.store\/wp-content\/uploads\/2024\/06\/bain-de-bouche-anti-caries-stoderma-fluokal-250ml.jpg","type":"image\/jpeg"}],"twitter_card":"summary_large_image","twitter_misc":{"Dur\u00e9e de lecture estim\u00e9e":"1 minute"},"schema":{"@context":"https:\/\/schema.org","@graph":[{"@type":"WebPage","@id":"https:\/\/orthopara.store\/index.php\/produit\/bain-de-bouche-anti-caries-stoderma-fluokal-250ml\/","url":"https:\/\/orthopara.store\/index.php\/produit\/bain-de-bouche-anti-caries-stoderma-fluokal-250ml\/","name":"Bain de bouche anti-caries - Stoderma Fluokal - 250ml - OrthoPara","isPartOf":{"@id":"https:\/\/orthopara.store\/#website"},"primaryImageOfPage":{"@id":"https:\/\/orthopara.store\/index.php\/produit\/bain-de-bouche-anti-caries-stoderma-fluokal-250ml\/#primaryimage"},"image":{"@id":"https:\/\/orthopara.store\/index.php\/produit\/bain-de-bouche-anti-caries-stoderma-fluokal-250ml\/#primaryimage"},"thumbnailUrl":"https:\/\/orthopara.store\/wp-content\/uploads\/2024\/06\/bain-de-bouche-anti-caries-stoderma-fluokal-250ml.jpg","datePublished":"2024-06-28T13:55:23+00:00","dateModified":"2024-11-04T16:27:09+00:00","breadcrumb":{"@id":"https:\/\/orthopara.store\/index.php\/produit\/bain-de-bouche-anti-caries-stoderma-fluokal-250ml\/#breadcrumb"},"inLanguage":"fr-FR","potentialAction":[{"@type":"ReadAction","target":["https:\/\/orthopara.store\/index.php\/produit\/bain-de-bouche-anti-caries-stoderma-fluokal-250ml\/"]}]},{"@type":"ImageObject","inLanguage":"fr-FR","@id":"https:\/\/orthopara.store\/index.php\/produit\/bain-de-bouche-anti-caries-stoderma-fluokal-250ml\/#primaryimage","url":"https:\/\/orthopara.store\/wp-content\/uploads\/2024\/06\/bain-de-bouche-anti-caries-stoderma-fluokal-250ml.jpg","contentUrl":"https:\/\/orthopara.store\/wp-content\/uploads\/2024\/06\/bain-de-bouche-anti-caries-stoderma-fluokal-250ml.jpg","width":800,"height":800},{"@type":"BreadcrumbList","@id":"https:\/\/orthopara.store\/index.php\/produit\/bain-de-bouche-anti-caries-stoderma-fluokal-250ml\/#breadcrumb","itemListElement":[{"@type":"ListItem","position":1,"name":"Accueil","item":"https:\/\/orthopara.store\/"},{"@type":"ListItem","position":2,"name":"Shop","item":"https:\/\/orthopara.store\/?page_id=622"},{"@type":"ListItem","position":3,"name":"Bain de bouche anti-caries &#8211; Stoderma Fluokal &#8211; 250ml"}]},{"@type":"WebSite","@id":"https:\/\/orthopara.store\/#website","url":"https:\/\/orthopara.store\/","name":"OrthoPara","description":"Parapharmacie","publisher":{"@id":"https:\/\/orthopara.store\/#organization"},"potentialAction":[{"@type":"SearchAction","target":{"@type":"EntryPoint","urlTemplate":"https:\/\/orthopara.store\/?s={search_term_string}"},"query-input":"required name=search_term_string"}],"inLanguage":"fr-FR"},{"@type":"Organization","@id":"https:\/\/orthopara.store\/#organization","name":"OrthoPara","url":"https:\/\/orthopara.store\/","logo":{"@type":"ImageObject","inLanguage":"fr-FR","@id":"https:\/\/orthopara.store\/#\/schema\/logo\/image\/","url":"https:\/\/orthopara.store\/wp-content\/uploads\/2024\/06\/cropped-9ABA8BAD-6256-4719-9315-15C66E64E882.png","contentUrl":"https:\/\/orthopara.store\/wp-content\/uploads\/2024\/06\/cropped-9ABA8BAD-6256-4719-9315-15C66E64E882.png","width":240,"height":72,"caption":"OrthoPara"},"image":{"@id":"https:\/\/orthopara.store\/#\/schema\/logo\/image\/"},"sameAs":["https:\/\/www.facebook.com\/profile.php?id=61561194315651","https:\/\/www.instagram.com\/orthopara_tunisie\/"]}]}},"jetpack_sharing_enabled":true,"brands":[{"id":217,"name":"STODERMA","slug":"stoderma"}],"_links":{"self":[{"href":"https:\/\/orthopara.store\/index.php?rest_route=\/wp\/v2\/product\/1817","targetHints":{"allow":["GET"]}}],"collection":[{"href":"https:\/\/orthopara.store\/index.php?rest_route=\/wp\/v2\/product"}],"about":[{"href":"https:\/\/orthopara.store\/index.php?rest_route=\/wp\/v2\/types\/product"}],"replies":[{"embeddable":true,"href":"https:\/\/orthopara.store\/index.php?rest_route=%2Fwp%2Fv2%2Fcomments&post=1817"}],"wp:featuredmedia":[{"embeddable":true,"href":"https:\/\/orthopara.store\/index.php?rest_route=\/wp\/v2\/media\/1846"}],"wp:attachment":[{"href":"https:\/\/orthopara.store\/index.php?rest_route=%2Fwp%2Fv2%2Fmedia&parent=1817"}],"wp:term":[{"taxonomy":"pwb-brand","embeddable":true,"href":"https:\/\/orthopara.store\/index.php?rest_route=%2Fwp%2Fv2%2Fpwb-brand&post=1817"},{"taxonomy":"product_cat","embeddable":true,"href":"https:\/\/orthopara.store\/index.php?rest_route=%2Fwp%2Fv2%2Fproduct_cat&post=1817"},{"taxonomy":"product_tag","embeddable":true,"href":"https:\/\/orthopara.store\/index.php?rest_route=%2Fwp%2Fv2%2Fproduct_tag&post=1817"}],"curies":[{"name":"wp","href":"https:\/\/api.w.org\/{rel}","templated":true}]}}