{"id":1858,"date":"2024-06-28T15:55:39","date_gmt":"2024-06-28T13:55:39","guid":{"rendered":"https:\/\/orthopara.store\/?post_type=product&#038;p=1858"},"modified":"2024-11-04T17:26:58","modified_gmt":"2024-11-04T16:26:58","slug":"bain-de-bouche-0-20-gum-pareox-300ml","status":"publish","type":"product","link":"https:\/\/orthopara.store\/?product=bain-de-bouche-0-20-gum-pareox-300ml","title":{"rendered":"Bain de bouche 0.20% &#8211; GUM Pareox &#8211; 300ml"},"content":{"rendered":"<p>Bain de bouche 0.20% &#8211; GUM Pareox &#8211; 300ml<br \/>\nGUM\u00a0PAROEX\u00a0est un bain de bouche\u00a0sp\u00e9cialement formul\u00e9 avec un syst\u00e8me antiseptique double action, pour offrir un contr\u00f4le maximum de la plaque dentaire en vue d&rsquo;une sant\u00e9 gingivale optimale.<br \/>\nConseil d&rsquo;utilisation :<br \/>\nA utiliser de fa\u00e7on non dilu\u00e9e apr\u00e8s le brossage des dents. Se rincer la bouche pendant 30 secondes.<br \/>\nAdulte et enfant de plus de 6 ans : 1 bain de bouche, 1 \u00e0 3 fois par jour.<br \/>\nComposition :<br \/>\nEau, propyl\u00e8ne glycol, glyc\u00e9rine, huile de ricin hydrog\u00e9n\u00e9e PEG-40, ar\u00f4me, ac\u00e9sulfame de potassium (ac\u00e9sulfame K), digluconate de chlorhexidine 0,12 %, chlorure de c\u00e9tylpyridinium, parab\u00e8ne m\u00e9thylique (parahydroxybenzoate de m\u00e9thyle), parab\u00e8ne propylique (parahydroxybenzoate de propyle), CI 14720, limon\u00e8ne.<\/p>\n","protected":false},"excerpt":{"rendered":"<p>GUM Pareox<br \/>\nBain de bouche 0.20%<br \/>\nAide \u00e0 am\u00e9liorer la sant\u00e9 des tissus parodontaux sensibles. Id\u00e9al pour le contr\u00f4le de la plaque avant et apr\u00e8s les actes de chirurgie buccale, d&rsquo;extraction dentaire et de pose d&rsquo;implants.<br \/>\ncontenance : 300 mL<\/p>\n","protected":false},"featured_media":1877,"comment_status":"open","ping_status":"closed","template":"","meta":[],"pwb-brand":[181],"product_cat":[215],"product_tag":[],"class_list":{"0":"post-1858","1":"product","2":"type-product","3":"status-publish","4":"has-post-thumbnail","6":"pwb-brand-gum","7":"product_cat-bain-de-bouche-et-solution-gingivale","8":"post","9":"ws-product--style-1","11":"first","12":"instock","13":"shipping-taxable","14":"purchasable","15":"product-type-simple"},"yoast_head":"<!-- This site is optimized with the Yoast SEO plugin v23.0 - https:\/\/yoast.com\/wordpress\/plugins\/seo\/ -->\n<title>Bain de bouche 0.20% - GUM Pareox - 300ml - OrthoPara<\/title>\n<meta name=\"robots\" content=\"index, follow, max-snippet:-1, max-image-preview:large, max-video-preview:-1\" \/>\n<link rel=\"canonical\" href=\"https:\/\/orthopara.store\/index.php\/produit\/bain-de-bouche-0-20-gum-pareox-300ml\/\" \/>\n<meta property=\"og:locale\" content=\"fr_FR\" \/>\n<meta property=\"og:type\" content=\"article\" \/>\n<meta property=\"og:title\" content=\"Bain de bouche 0.20% - GUM Pareox - 300ml - OrthoPara\" \/>\n<meta property=\"og:description\" content=\"GUM Pareox Bain de bouche 0.20% Aide \u00e0 am\u00e9liorer la sant\u00e9 des tissus parodontaux sensibles. Id\u00e9al pour le contr\u00f4le de la plaque avant et apr\u00e8s les actes de chirurgie buccale, d&#039;extraction dentaire et de pose d&#039;implants. contenance : 300 mL\" \/>\n<meta property=\"og:url\" content=\"https:\/\/orthopara.store\/index.php\/produit\/bain-de-bouche-0-20-gum-pareox-300ml\/\" \/>\n<meta property=\"og:site_name\" content=\"OrthoPara\" \/>\n<meta property=\"article:publisher\" content=\"https:\/\/www.facebook.com\/profile.php?id=61561194315651\" \/>\n<meta property=\"article:modified_time\" content=\"2024-11-04T16:26:58+00:00\" \/>\n<meta property=\"og:image\" content=\"https:\/\/orthopara.store\/wp-content\/uploads\/2024\/06\/bain-de-bouche-020-gum-pareox-300ml.jpg\" \/>\n\t<meta property=\"og:image:width\" content=\"800\" \/>\n\t<meta property=\"og:image:height\" content=\"800\" \/>\n\t<meta property=\"og:image:type\" content=\"image\/jpeg\" \/>\n<meta name=\"twitter:card\" content=\"summary_large_image\" \/>\n<meta name=\"twitter:label1\" content=\"Dur\u00e9e de lecture estim\u00e9e\" \/>\n\t<meta name=\"twitter:data1\" content=\"1 minute\" \/>\n<script type=\"application\/ld+json\" class=\"yoast-schema-graph\">{\"@context\":\"https:\/\/schema.org\",\"@graph\":[{\"@type\":\"WebPage\",\"@id\":\"https:\/\/orthopara.store\/index.php\/produit\/bain-de-bouche-0-20-gum-pareox-300ml\/\",\"url\":\"https:\/\/orthopara.store\/index.php\/produit\/bain-de-bouche-0-20-gum-pareox-300ml\/\",\"name\":\"Bain de bouche 0.20% - GUM Pareox - 300ml - OrthoPara\",\"isPartOf\":{\"@id\":\"https:\/\/orthopara.store\/#website\"},\"primaryImageOfPage\":{\"@id\":\"https:\/\/orthopara.store\/index.php\/produit\/bain-de-bouche-0-20-gum-pareox-300ml\/#primaryimage\"},\"image\":{\"@id\":\"https:\/\/orthopara.store\/index.php\/produit\/bain-de-bouche-0-20-gum-pareox-300ml\/#primaryimage\"},\"thumbnailUrl\":\"https:\/\/orthopara.store\/wp-content\/uploads\/2024\/06\/bain-de-bouche-020-gum-pareox-300ml.jpg\",\"datePublished\":\"2024-06-28T13:55:39+00:00\",\"dateModified\":\"2024-11-04T16:26:58+00:00\",\"breadcrumb\":{\"@id\":\"https:\/\/orthopara.store\/index.php\/produit\/bain-de-bouche-0-20-gum-pareox-300ml\/#breadcrumb\"},\"inLanguage\":\"fr-FR\",\"potentialAction\":[{\"@type\":\"ReadAction\",\"target\":[\"https:\/\/orthopara.store\/index.php\/produit\/bain-de-bouche-0-20-gum-pareox-300ml\/\"]}]},{\"@type\":\"ImageObject\",\"inLanguage\":\"fr-FR\",\"@id\":\"https:\/\/orthopara.store\/index.php\/produit\/bain-de-bouche-0-20-gum-pareox-300ml\/#primaryimage\",\"url\":\"https:\/\/orthopara.store\/wp-content\/uploads\/2024\/06\/bain-de-bouche-020-gum-pareox-300ml.jpg\",\"contentUrl\":\"https:\/\/orthopara.store\/wp-content\/uploads\/2024\/06\/bain-de-bouche-020-gum-pareox-300ml.jpg\",\"width\":800,\"height\":800},{\"@type\":\"BreadcrumbList\",\"@id\":\"https:\/\/orthopara.store\/index.php\/produit\/bain-de-bouche-0-20-gum-pareox-300ml\/#breadcrumb\",\"itemListElement\":[{\"@type\":\"ListItem\",\"position\":1,\"name\":\"Accueil\",\"item\":\"https:\/\/orthopara.store\/\"},{\"@type\":\"ListItem\",\"position\":2,\"name\":\"Shop\",\"item\":\"https:\/\/orthopara.store\/?page_id=622\"},{\"@type\":\"ListItem\",\"position\":3,\"name\":\"Bain de bouche 0.20% &#8211; GUM Pareox &#8211; 300ml\"}]},{\"@type\":\"WebSite\",\"@id\":\"https:\/\/orthopara.store\/#website\",\"url\":\"https:\/\/orthopara.store\/\",\"name\":\"OrthoPara\",\"description\":\"Parapharmacie\",\"publisher\":{\"@id\":\"https:\/\/orthopara.store\/#organization\"},\"potentialAction\":[{\"@type\":\"SearchAction\",\"target\":{\"@type\":\"EntryPoint\",\"urlTemplate\":\"https:\/\/orthopara.store\/?s={search_term_string}\"},\"query-input\":\"required name=search_term_string\"}],\"inLanguage\":\"fr-FR\"},{\"@type\":\"Organization\",\"@id\":\"https:\/\/orthopara.store\/#organization\",\"name\":\"OrthoPara\",\"url\":\"https:\/\/orthopara.store\/\",\"logo\":{\"@type\":\"ImageObject\",\"inLanguage\":\"fr-FR\",\"@id\":\"https:\/\/orthopara.store\/#\/schema\/logo\/image\/\",\"url\":\"https:\/\/orthopara.store\/wp-content\/uploads\/2024\/06\/cropped-9ABA8BAD-6256-4719-9315-15C66E64E882.png\",\"contentUrl\":\"https:\/\/orthopara.store\/wp-content\/uploads\/2024\/06\/cropped-9ABA8BAD-6256-4719-9315-15C66E64E882.png\",\"width\":240,\"height\":72,\"caption\":\"OrthoPara\"},\"image\":{\"@id\":\"https:\/\/orthopara.store\/#\/schema\/logo\/image\/\"},\"sameAs\":[\"https:\/\/www.facebook.com\/profile.php?id=61561194315651\",\"https:\/\/www.instagram.com\/orthopara_tunisie\/\"]}]}<\/script>\n<!-- \/ Yoast SEO plugin. -->","yoast_head_json":{"title":"Bain de bouche 0.20% - GUM Pareox - 300ml - OrthoPara","robots":{"index":"index","follow":"follow","max-snippet":"max-snippet:-1","max-image-preview":"max-image-preview:large","max-video-preview":"max-video-preview:-1"},"canonical":"https:\/\/orthopara.store\/index.php\/produit\/bain-de-bouche-0-20-gum-pareox-300ml\/","og_locale":"fr_FR","og_type":"article","og_title":"Bain de bouche 0.20% - GUM Pareox - 300ml - OrthoPara","og_description":"GUM Pareox Bain de bouche 0.20% Aide \u00e0 am\u00e9liorer la sant\u00e9 des tissus parodontaux sensibles. Id\u00e9al pour le contr\u00f4le de la plaque avant et apr\u00e8s les actes de chirurgie buccale, d'extraction dentaire et de pose d'implants. contenance : 300 mL","og_url":"https:\/\/orthopara.store\/index.php\/produit\/bain-de-bouche-0-20-gum-pareox-300ml\/","og_site_name":"OrthoPara","article_publisher":"https:\/\/www.facebook.com\/profile.php?id=61561194315651","article_modified_time":"2024-11-04T16:26:58+00:00","og_image":[{"width":800,"height":800,"url":"https:\/\/orthopara.store\/wp-content\/uploads\/2024\/06\/bain-de-bouche-020-gum-pareox-300ml.jpg","type":"image\/jpeg"}],"twitter_card":"summary_large_image","twitter_misc":{"Dur\u00e9e de lecture estim\u00e9e":"1 minute"},"schema":{"@context":"https:\/\/schema.org","@graph":[{"@type":"WebPage","@id":"https:\/\/orthopara.store\/index.php\/produit\/bain-de-bouche-0-20-gum-pareox-300ml\/","url":"https:\/\/orthopara.store\/index.php\/produit\/bain-de-bouche-0-20-gum-pareox-300ml\/","name":"Bain de bouche 0.20% - GUM Pareox - 300ml - OrthoPara","isPartOf":{"@id":"https:\/\/orthopara.store\/#website"},"primaryImageOfPage":{"@id":"https:\/\/orthopara.store\/index.php\/produit\/bain-de-bouche-0-20-gum-pareox-300ml\/#primaryimage"},"image":{"@id":"https:\/\/orthopara.store\/index.php\/produit\/bain-de-bouche-0-20-gum-pareox-300ml\/#primaryimage"},"thumbnailUrl":"https:\/\/orthopara.store\/wp-content\/uploads\/2024\/06\/bain-de-bouche-020-gum-pareox-300ml.jpg","datePublished":"2024-06-28T13:55:39+00:00","dateModified":"2024-11-04T16:26:58+00:00","breadcrumb":{"@id":"https:\/\/orthopara.store\/index.php\/produit\/bain-de-bouche-0-20-gum-pareox-300ml\/#breadcrumb"},"inLanguage":"fr-FR","potentialAction":[{"@type":"ReadAction","target":["https:\/\/orthopara.store\/index.php\/produit\/bain-de-bouche-0-20-gum-pareox-300ml\/"]}]},{"@type":"ImageObject","inLanguage":"fr-FR","@id":"https:\/\/orthopara.store\/index.php\/produit\/bain-de-bouche-0-20-gum-pareox-300ml\/#primaryimage","url":"https:\/\/orthopara.store\/wp-content\/uploads\/2024\/06\/bain-de-bouche-020-gum-pareox-300ml.jpg","contentUrl":"https:\/\/orthopara.store\/wp-content\/uploads\/2024\/06\/bain-de-bouche-020-gum-pareox-300ml.jpg","width":800,"height":800},{"@type":"BreadcrumbList","@id":"https:\/\/orthopara.store\/index.php\/produit\/bain-de-bouche-0-20-gum-pareox-300ml\/#breadcrumb","itemListElement":[{"@type":"ListItem","position":1,"name":"Accueil","item":"https:\/\/orthopara.store\/"},{"@type":"ListItem","position":2,"name":"Shop","item":"https:\/\/orthopara.store\/?page_id=622"},{"@type":"ListItem","position":3,"name":"Bain de bouche 0.20% &#8211; GUM Pareox &#8211; 300ml"}]},{"@type":"WebSite","@id":"https:\/\/orthopara.store\/#website","url":"https:\/\/orthopara.store\/","name":"OrthoPara","description":"Parapharmacie","publisher":{"@id":"https:\/\/orthopara.store\/#organization"},"potentialAction":[{"@type":"SearchAction","target":{"@type":"EntryPoint","urlTemplate":"https:\/\/orthopara.store\/?s={search_term_string}"},"query-input":"required name=search_term_string"}],"inLanguage":"fr-FR"},{"@type":"Organization","@id":"https:\/\/orthopara.store\/#organization","name":"OrthoPara","url":"https:\/\/orthopara.store\/","logo":{"@type":"ImageObject","inLanguage":"fr-FR","@id":"https:\/\/orthopara.store\/#\/schema\/logo\/image\/","url":"https:\/\/orthopara.store\/wp-content\/uploads\/2024\/06\/cropped-9ABA8BAD-6256-4719-9315-15C66E64E882.png","contentUrl":"https:\/\/orthopara.store\/wp-content\/uploads\/2024\/06\/cropped-9ABA8BAD-6256-4719-9315-15C66E64E882.png","width":240,"height":72,"caption":"OrthoPara"},"image":{"@id":"https:\/\/orthopara.store\/#\/schema\/logo\/image\/"},"sameAs":["https:\/\/www.facebook.com\/profile.php?id=61561194315651","https:\/\/www.instagram.com\/orthopara_tunisie\/"]}]}},"jetpack_sharing_enabled":true,"brands":[{"id":181,"name":"GUM","slug":"gum"}],"_links":{"self":[{"href":"https:\/\/orthopara.store\/index.php?rest_route=\/wp\/v2\/product\/1858","targetHints":{"allow":["GET"]}}],"collection":[{"href":"https:\/\/orthopara.store\/index.php?rest_route=\/wp\/v2\/product"}],"about":[{"href":"https:\/\/orthopara.store\/index.php?rest_route=\/wp\/v2\/types\/product"}],"replies":[{"embeddable":true,"href":"https:\/\/orthopara.store\/index.php?rest_route=%2Fwp%2Fv2%2Fcomments&post=1858"}],"wp:featuredmedia":[{"embeddable":true,"href":"https:\/\/orthopara.store\/index.php?rest_route=\/wp\/v2\/media\/1877"}],"wp:attachment":[{"href":"https:\/\/orthopara.store\/index.php?rest_route=%2Fwp%2Fv2%2Fmedia&parent=1858"}],"wp:term":[{"taxonomy":"pwb-brand","embeddable":true,"href":"https:\/\/orthopara.store\/index.php?rest_route=%2Fwp%2Fv2%2Fpwb-brand&post=1858"},{"taxonomy":"product_cat","embeddable":true,"href":"https:\/\/orthopara.store\/index.php?rest_route=%2Fwp%2Fv2%2Fproduct_cat&post=1858"},{"taxonomy":"product_tag","embeddable":true,"href":"https:\/\/orthopara.store\/index.php?rest_route=%2Fwp%2Fv2%2Fproduct_tag&post=1858"}],"curies":[{"name":"wp","href":"https:\/\/api.w.org\/{rel}","templated":true}]}}