{"id":1889,"date":"2024-06-28T15:55:51","date_gmt":"2024-06-28T13:55:51","guid":{"rendered":"https:\/\/orthopara.store\/?post_type=product&#038;p=1889"},"modified":"2024-06-28T15:55:53","modified_gmt":"2024-06-28T13:55:53","slug":"lotion-protectrice-et-bronzante-spf-30-isdin-hydro-oil-200ml","status":"publish","type":"product","link":"https:\/\/orthopara.store\/?product=lotion-protectrice-et-bronzante-spf-30-isdin-hydro-oil-200ml","title":{"rendered":"Lotion Protectrice et bronzante &#8211; Spf 30 &#8211; Isdin Hydro Oil &#8211; 200ml"},"content":{"rendered":"<p>Lotion Protectrice et bronzante &#8211; Spf 30 &#8211; Isdin Hydro Oil &#8211; 200ml<br \/>\nLotion \u00e0 base d\u2019huile et d\u2019eau\u00a0 biphase \u00e0 double action:\u00a0<br \/>\nProt\u00e8ge : Haute protection UVB et UVA SPF 30\u00a0<br \/>\nBronze : Pro-Melanin Technology qui offre une protection naturelle stimulant le bronzage de la peau jusqu\u2019\u00e0 plus de 43%\u00a0<br \/>\nIl apporte une action hydratante, un s\u00e9chage imm\u00e9diat et un effet rafra\u00eechissant<br \/>\nIl offre un aspect plus flexible, \u00e9lastique \u00e0 la peau\u00a0<br \/>\nR\u00e9sistant \u00e0 l\u2019eau\u00a0<br \/>\nAdapt\u00e9 pour tous types de peau<br \/>\nTest\u00e9 dermatologiquement. Non allergique\u00a0\u00a0<br \/>\nFormule SEA FRIENDLY<br \/>\nConseils d&rsquo;utilisation<br \/>\nM\u00e9langer pendant 5 secondes et s\u2019assurer que les deux phases du produit soient m\u00e9lang\u00e9es correctement avant l\u2019application.\u00a0<br \/>\nAppliquer g\u00e9n\u00e9reusement sur la peau s\u00e8che, une demi heure avant l\u2019exposition solaire et appliquer de nouveau toutes les deux heures. Si vous n\u2019appliquez pas correctement la quantit\u00e9 pr\u00e9vue ou si vous n\u2019agitez\u00a0 pas suffisamment le produit, le facteur de protection se r\u00e9duira. Apr\u00e8s avoir transpir\u00e9, nag\u00e9 ou s&rsquo;\u00eatre s\u00e9ch\u00e9 avec une serviette, r\u00e9p\u00e9tez l&rsquo;application.\u00a0<br \/>\nPr\u00e9cautions\u00a0<br \/>\nNe pas vaporiser sur le visage.<br \/>\nComposition<br \/>\nEau (Water), Dibutyl Adipate, Isohexadecane, Undecane, Octocrylene, Propanediol, Tridecane, Dicaprylyl Carbonate, Butyl Methoxydibenzoylmethane, Ethylhexyl Salicylate, 4-Methylbenzylidene Camphor, Glycerin, Phenylbenzimidazole Sulfonic Acid, Tromethamine, Sodium Chloride, Phenylpropanol, Parfum (Fragrance), Caprylyl Glycol, Dihydroxy Methylchromonyl Palmitate, Tocopheryl Acetate, Disodium EDTA, Tocopherol, Linalool, Alpha-Isomethyl Ionone, CI 19140 (Yellow 5), CI 26100 (Red 17), CI 47000 (Yellow 11)<\/p>\n","protected":false},"excerpt":{"rendered":"<p>Fotoprotector ISDIN Hydro Oil SPF 30<br \/>\nPhotoprotecteur biphase qui prot\u00e8ge et bronze la peau.<\/p>\n<p>Photoprotecteur corporel avec une haute protection SPF 30 UVB, UVA et avec Pro-Melanin Technology, qui stimule jusqu\u2019\u00e0 43% de plus le bronzage de la peau.\u00a0<\/p>\n<p>Contenance : 200ml\u00a0<br \/>\nDLC 12 mois apr\u00e8s l&rsquo;ouverture de ce produit\u00a0<\/p>\n","protected":false},"featured_media":1904,"comment_status":"open","ping_status":"closed","template":"","meta":[],"pwb-brand":[42],"product_cat":[228],"product_tag":[],"class_list":{"0":"post-1889","1":"product","2":"type-product","3":"status-publish","4":"has-post-thumbnail","6":"pwb-brand-isdin","7":"product_cat-protection-de-spf-20-a-49","8":"post","9":"ws-product--style-1","11":"first","12":"instock","13":"shipping-taxable","14":"purchasable","15":"product-type-simple"},"yoast_head":"<!-- This site is optimized with the Yoast SEO plugin v23.0 - https:\/\/yoast.com\/wordpress\/plugins\/seo\/ -->\n<title>Lotion Protectrice et bronzante - Spf 30 - Isdin Hydro Oil - 200ml - OrthoPara<\/title>\n<meta name=\"robots\" content=\"index, follow, max-snippet:-1, max-image-preview:large, max-video-preview:-1\" \/>\n<link rel=\"canonical\" href=\"https:\/\/orthopara.store\/index.php\/produit\/lotion-protectrice-et-bronzante-spf-30-isdin-hydro-oil-200ml\/\" \/>\n<meta property=\"og:locale\" content=\"fr_FR\" \/>\n<meta property=\"og:type\" content=\"article\" \/>\n<meta property=\"og:title\" content=\"Lotion Protectrice et bronzante - Spf 30 - Isdin Hydro Oil - 200ml - OrthoPara\" \/>\n<meta property=\"og:description\" content=\"Fotoprotector ISDIN Hydro Oil SPF 30 Photoprotecteur biphase qui prot\u00e8ge et bronze la peau. Photoprotecteur corporel avec une haute protection SPF 30 UVB, UVA et avec Pro-Melanin Technology, qui stimule jusqu\u2019\u00e0 43% de plus le bronzage de la peau.\u00a0 Contenance : 200ml\u00a0 DLC 12 mois apr\u00e8s l&#039;ouverture de ce produit\u00a0\" \/>\n<meta property=\"og:url\" content=\"https:\/\/orthopara.store\/index.php\/produit\/lotion-protectrice-et-bronzante-spf-30-isdin-hydro-oil-200ml\/\" \/>\n<meta property=\"og:site_name\" content=\"OrthoPara\" \/>\n<meta property=\"article:publisher\" content=\"https:\/\/www.facebook.com\/profile.php?id=61561194315651\" \/>\n<meta property=\"article:modified_time\" content=\"2024-06-28T13:55:53+00:00\" \/>\n<meta property=\"og:image\" content=\"https:\/\/orthopara.store\/wp-content\/uploads\/2024\/06\/hydro-oil-lotion-protectrice-et-bronzante-spf-50-isdin-photoprotector-200ml.jpg\" \/>\n\t<meta property=\"og:image:width\" content=\"800\" \/>\n\t<meta property=\"og:image:height\" content=\"800\" \/>\n\t<meta property=\"og:image:type\" content=\"image\/jpeg\" \/>\n<meta name=\"twitter:card\" content=\"summary_large_image\" \/>\n<meta name=\"twitter:label1\" content=\"Dur\u00e9e de lecture estim\u00e9e\" \/>\n\t<meta name=\"twitter:data1\" content=\"1 minute\" \/>\n<script type=\"application\/ld+json\" class=\"yoast-schema-graph\">{\"@context\":\"https:\/\/schema.org\",\"@graph\":[{\"@type\":\"WebPage\",\"@id\":\"https:\/\/orthopara.store\/index.php\/produit\/lotion-protectrice-et-bronzante-spf-30-isdin-hydro-oil-200ml\/\",\"url\":\"https:\/\/orthopara.store\/index.php\/produit\/lotion-protectrice-et-bronzante-spf-30-isdin-hydro-oil-200ml\/\",\"name\":\"Lotion Protectrice et bronzante - Spf 30 - Isdin Hydro Oil - 200ml - OrthoPara\",\"isPartOf\":{\"@id\":\"https:\/\/orthopara.store\/#website\"},\"primaryImageOfPage\":{\"@id\":\"https:\/\/orthopara.store\/index.php\/produit\/lotion-protectrice-et-bronzante-spf-30-isdin-hydro-oil-200ml\/#primaryimage\"},\"image\":{\"@id\":\"https:\/\/orthopara.store\/index.php\/produit\/lotion-protectrice-et-bronzante-spf-30-isdin-hydro-oil-200ml\/#primaryimage\"},\"thumbnailUrl\":\"https:\/\/orthopara.store\/wp-content\/uploads\/2024\/06\/hydro-oil-lotion-protectrice-et-bronzante-spf-50-isdin-photoprotector-200ml.jpg\",\"datePublished\":\"2024-06-28T13:55:51+00:00\",\"dateModified\":\"2024-06-28T13:55:53+00:00\",\"breadcrumb\":{\"@id\":\"https:\/\/orthopara.store\/index.php\/produit\/lotion-protectrice-et-bronzante-spf-30-isdin-hydro-oil-200ml\/#breadcrumb\"},\"inLanguage\":\"fr-FR\",\"potentialAction\":[{\"@type\":\"ReadAction\",\"target\":[\"https:\/\/orthopara.store\/index.php\/produit\/lotion-protectrice-et-bronzante-spf-30-isdin-hydro-oil-200ml\/\"]}]},{\"@type\":\"ImageObject\",\"inLanguage\":\"fr-FR\",\"@id\":\"https:\/\/orthopara.store\/index.php\/produit\/lotion-protectrice-et-bronzante-spf-30-isdin-hydro-oil-200ml\/#primaryimage\",\"url\":\"https:\/\/orthopara.store\/wp-content\/uploads\/2024\/06\/hydro-oil-lotion-protectrice-et-bronzante-spf-50-isdin-photoprotector-200ml.jpg\",\"contentUrl\":\"https:\/\/orthopara.store\/wp-content\/uploads\/2024\/06\/hydro-oil-lotion-protectrice-et-bronzante-spf-50-isdin-photoprotector-200ml.jpg\",\"width\":800,\"height\":800},{\"@type\":\"BreadcrumbList\",\"@id\":\"https:\/\/orthopara.store\/index.php\/produit\/lotion-protectrice-et-bronzante-spf-30-isdin-hydro-oil-200ml\/#breadcrumb\",\"itemListElement\":[{\"@type\":\"ListItem\",\"position\":1,\"name\":\"Accueil\",\"item\":\"https:\/\/orthopara.store\/\"},{\"@type\":\"ListItem\",\"position\":2,\"name\":\"Shop\",\"item\":\"https:\/\/orthopara.store\/?page_id=622\"},{\"@type\":\"ListItem\",\"position\":3,\"name\":\"Lotion Protectrice et bronzante &#8211; Spf 30 &#8211; Isdin Hydro Oil &#8211; 200ml\"}]},{\"@type\":\"WebSite\",\"@id\":\"https:\/\/orthopara.store\/#website\",\"url\":\"https:\/\/orthopara.store\/\",\"name\":\"OrthoPara\",\"description\":\"Parapharmacie\",\"publisher\":{\"@id\":\"https:\/\/orthopara.store\/#organization\"},\"potentialAction\":[{\"@type\":\"SearchAction\",\"target\":{\"@type\":\"EntryPoint\",\"urlTemplate\":\"https:\/\/orthopara.store\/?s={search_term_string}\"},\"query-input\":\"required name=search_term_string\"}],\"inLanguage\":\"fr-FR\"},{\"@type\":\"Organization\",\"@id\":\"https:\/\/orthopara.store\/#organization\",\"name\":\"OrthoPara\",\"url\":\"https:\/\/orthopara.store\/\",\"logo\":{\"@type\":\"ImageObject\",\"inLanguage\":\"fr-FR\",\"@id\":\"https:\/\/orthopara.store\/#\/schema\/logo\/image\/\",\"url\":\"https:\/\/orthopara.store\/wp-content\/uploads\/2024\/06\/cropped-9ABA8BAD-6256-4719-9315-15C66E64E882.png\",\"contentUrl\":\"https:\/\/orthopara.store\/wp-content\/uploads\/2024\/06\/cropped-9ABA8BAD-6256-4719-9315-15C66E64E882.png\",\"width\":240,\"height\":72,\"caption\":\"OrthoPara\"},\"image\":{\"@id\":\"https:\/\/orthopara.store\/#\/schema\/logo\/image\/\"},\"sameAs\":[\"https:\/\/www.facebook.com\/profile.php?id=61561194315651\",\"https:\/\/www.instagram.com\/orthopara_tunisie\/\"]}]}<\/script>\n<!-- \/ Yoast SEO plugin. -->","yoast_head_json":{"title":"Lotion Protectrice et bronzante - Spf 30 - Isdin Hydro Oil - 200ml - OrthoPara","robots":{"index":"index","follow":"follow","max-snippet":"max-snippet:-1","max-image-preview":"max-image-preview:large","max-video-preview":"max-video-preview:-1"},"canonical":"https:\/\/orthopara.store\/index.php\/produit\/lotion-protectrice-et-bronzante-spf-30-isdin-hydro-oil-200ml\/","og_locale":"fr_FR","og_type":"article","og_title":"Lotion Protectrice et bronzante - Spf 30 - Isdin Hydro Oil - 200ml - OrthoPara","og_description":"Fotoprotector ISDIN Hydro Oil SPF 30 Photoprotecteur biphase qui prot\u00e8ge et bronze la peau. Photoprotecteur corporel avec une haute protection SPF 30 UVB, UVA et avec Pro-Melanin Technology, qui stimule jusqu\u2019\u00e0 43% de plus le bronzage de la peau.\u00a0 Contenance : 200ml\u00a0 DLC 12 mois apr\u00e8s l'ouverture de ce produit\u00a0","og_url":"https:\/\/orthopara.store\/index.php\/produit\/lotion-protectrice-et-bronzante-spf-30-isdin-hydro-oil-200ml\/","og_site_name":"OrthoPara","article_publisher":"https:\/\/www.facebook.com\/profile.php?id=61561194315651","article_modified_time":"2024-06-28T13:55:53+00:00","og_image":[{"width":800,"height":800,"url":"https:\/\/orthopara.store\/wp-content\/uploads\/2024\/06\/hydro-oil-lotion-protectrice-et-bronzante-spf-50-isdin-photoprotector-200ml.jpg","type":"image\/jpeg"}],"twitter_card":"summary_large_image","twitter_misc":{"Dur\u00e9e de lecture estim\u00e9e":"1 minute"},"schema":{"@context":"https:\/\/schema.org","@graph":[{"@type":"WebPage","@id":"https:\/\/orthopara.store\/index.php\/produit\/lotion-protectrice-et-bronzante-spf-30-isdin-hydro-oil-200ml\/","url":"https:\/\/orthopara.store\/index.php\/produit\/lotion-protectrice-et-bronzante-spf-30-isdin-hydro-oil-200ml\/","name":"Lotion Protectrice et bronzante - Spf 30 - Isdin Hydro Oil - 200ml - OrthoPara","isPartOf":{"@id":"https:\/\/orthopara.store\/#website"},"primaryImageOfPage":{"@id":"https:\/\/orthopara.store\/index.php\/produit\/lotion-protectrice-et-bronzante-spf-30-isdin-hydro-oil-200ml\/#primaryimage"},"image":{"@id":"https:\/\/orthopara.store\/index.php\/produit\/lotion-protectrice-et-bronzante-spf-30-isdin-hydro-oil-200ml\/#primaryimage"},"thumbnailUrl":"https:\/\/orthopara.store\/wp-content\/uploads\/2024\/06\/hydro-oil-lotion-protectrice-et-bronzante-spf-50-isdin-photoprotector-200ml.jpg","datePublished":"2024-06-28T13:55:51+00:00","dateModified":"2024-06-28T13:55:53+00:00","breadcrumb":{"@id":"https:\/\/orthopara.store\/index.php\/produit\/lotion-protectrice-et-bronzante-spf-30-isdin-hydro-oil-200ml\/#breadcrumb"},"inLanguage":"fr-FR","potentialAction":[{"@type":"ReadAction","target":["https:\/\/orthopara.store\/index.php\/produit\/lotion-protectrice-et-bronzante-spf-30-isdin-hydro-oil-200ml\/"]}]},{"@type":"ImageObject","inLanguage":"fr-FR","@id":"https:\/\/orthopara.store\/index.php\/produit\/lotion-protectrice-et-bronzante-spf-30-isdin-hydro-oil-200ml\/#primaryimage","url":"https:\/\/orthopara.store\/wp-content\/uploads\/2024\/06\/hydro-oil-lotion-protectrice-et-bronzante-spf-50-isdin-photoprotector-200ml.jpg","contentUrl":"https:\/\/orthopara.store\/wp-content\/uploads\/2024\/06\/hydro-oil-lotion-protectrice-et-bronzante-spf-50-isdin-photoprotector-200ml.jpg","width":800,"height":800},{"@type":"BreadcrumbList","@id":"https:\/\/orthopara.store\/index.php\/produit\/lotion-protectrice-et-bronzante-spf-30-isdin-hydro-oil-200ml\/#breadcrumb","itemListElement":[{"@type":"ListItem","position":1,"name":"Accueil","item":"https:\/\/orthopara.store\/"},{"@type":"ListItem","position":2,"name":"Shop","item":"https:\/\/orthopara.store\/?page_id=622"},{"@type":"ListItem","position":3,"name":"Lotion Protectrice et bronzante &#8211; Spf 30 &#8211; Isdin Hydro Oil &#8211; 200ml"}]},{"@type":"WebSite","@id":"https:\/\/orthopara.store\/#website","url":"https:\/\/orthopara.store\/","name":"OrthoPara","description":"Parapharmacie","publisher":{"@id":"https:\/\/orthopara.store\/#organization"},"potentialAction":[{"@type":"SearchAction","target":{"@type":"EntryPoint","urlTemplate":"https:\/\/orthopara.store\/?s={search_term_string}"},"query-input":"required name=search_term_string"}],"inLanguage":"fr-FR"},{"@type":"Organization","@id":"https:\/\/orthopara.store\/#organization","name":"OrthoPara","url":"https:\/\/orthopara.store\/","logo":{"@type":"ImageObject","inLanguage":"fr-FR","@id":"https:\/\/orthopara.store\/#\/schema\/logo\/image\/","url":"https:\/\/orthopara.store\/wp-content\/uploads\/2024\/06\/cropped-9ABA8BAD-6256-4719-9315-15C66E64E882.png","contentUrl":"https:\/\/orthopara.store\/wp-content\/uploads\/2024\/06\/cropped-9ABA8BAD-6256-4719-9315-15C66E64E882.png","width":240,"height":72,"caption":"OrthoPara"},"image":{"@id":"https:\/\/orthopara.store\/#\/schema\/logo\/image\/"},"sameAs":["https:\/\/www.facebook.com\/profile.php?id=61561194315651","https:\/\/www.instagram.com\/orthopara_tunisie\/"]}]}},"jetpack_sharing_enabled":true,"brands":[{"id":42,"name":"ISDIN","slug":"isdin"}],"_links":{"self":[{"href":"https:\/\/orthopara.store\/index.php?rest_route=\/wp\/v2\/product\/1889","targetHints":{"allow":["GET"]}}],"collection":[{"href":"https:\/\/orthopara.store\/index.php?rest_route=\/wp\/v2\/product"}],"about":[{"href":"https:\/\/orthopara.store\/index.php?rest_route=\/wp\/v2\/types\/product"}],"replies":[{"embeddable":true,"href":"https:\/\/orthopara.store\/index.php?rest_route=%2Fwp%2Fv2%2Fcomments&post=1889"}],"wp:featuredmedia":[{"embeddable":true,"href":"https:\/\/orthopara.store\/index.php?rest_route=\/wp\/v2\/media\/1904"}],"wp:attachment":[{"href":"https:\/\/orthopara.store\/index.php?rest_route=%2Fwp%2Fv2%2Fmedia&parent=1889"}],"wp:term":[{"taxonomy":"pwb-brand","embeddable":true,"href":"https:\/\/orthopara.store\/index.php?rest_route=%2Fwp%2Fv2%2Fpwb-brand&post=1889"},{"taxonomy":"product_cat","embeddable":true,"href":"https:\/\/orthopara.store\/index.php?rest_route=%2Fwp%2Fv2%2Fproduct_cat&post=1889"},{"taxonomy":"product_tag","embeddable":true,"href":"https:\/\/orthopara.store\/index.php?rest_route=%2Fwp%2Fv2%2Fproduct_tag&post=1889"}],"curies":[{"name":"wp","href":"https:\/\/api.w.org\/{rel}","templated":true}]}}