{"id":1892,"date":"2024-06-28T15:55:51","date_gmt":"2024-06-28T13:55:51","guid":{"rendered":"https:\/\/orthopara.store\/?post_type=product&#038;p=1892"},"modified":"2024-11-07T09:52:17","modified_gmt":"2024-11-07T08:52:17","slug":"cc-creme-soin-perfecteur-eclat-spf30-laino-50ml","status":"publish","type":"product","link":"https:\/\/orthopara.store\/?product=cc-creme-soin-perfecteur-eclat-spf30-laino-50ml","title":{"rendered":"CC cr\u00e8me soin perfecteur \u00e9clat spf30 &#8211; Laino &#8211; 50ml"},"content":{"rendered":"<p>CC cr\u00e8me soin perfecteur \u00e9clat spf30 &#8211; Laino &#8211; 50ml<br \/>\nLaino soin perfecteur \u00e9clat cc cr\u00e8me 5en 1 qui s\u2019adapte \u00e0 toutes les carnations avec un indice de protection SPF 30+ de 95% d\u2019ingr\u00e9dients d\u2019origine naturelle.<br \/>\nUne CC cr\u00e8me multifonctions qui :<br \/>\nhydrate la peau profond\u00e9ment<br \/>\nApporte de l\u2019\u00e9clat et refl\u00e8te la lumi\u00e8re gr\u00e2ce \u00e0 l\u2019 extrait de feuille de th\u00e9 blanc<br \/>\nUnifie le teint et lui redonne une bonne mine et le matifie.<br \/>\nProt\u00e8ge la peau des rayons solaires avec son indice de protection 30 SPF<br \/>\nLisse la peau et diminue rides et ridules.<br \/>\nLaino cc cr\u00e8me est Hypoallerg\u00e9nique , Sans Paraben , Sans Ph\u00e9noxy\u00e9thanol.<br \/>\nConseils d\u2019utilisation :<br \/>\nA appliquer sur une peau propre et s\u00e8che comme cr\u00e8me de soin ou comme base de maquillage. R\u00e9appliquer en retouche dans la journ\u00e9e si n\u00e9cessaire.<br \/>\nComposition :<br \/>\nAqua (Water), Behenyl Alcohol, Dicaprylyl Carbonate, Glycerin, Olea Europaea (Olive) Fruit Oil, Hydrogenated Coconut Oil, Titanium Dioxide, Cetearyl Alcohol, Propanediol, Ethylhexylmethocycinnamate (Octinoxate), Coco-Glucoside, Bis-Ethylhexyloxyphenol Methoxyphenyl Triazine, Parfum (Fragrance), Isopropyl Palmitate, Isostearyl Isostearate, Silica, Mica, Capryloyl Glycine, Ethylhexyl Glycerin, Caprylic\/Capric Triglyceride, Xanthan Gum, Tetrasodium Glutamate Diacetate, Undecylenoyl Glycine, Octyldodecanol, Lauroyl Lysine, Talc, Octyldodecyl Myristate, Hydroxyethylcellulose, Sodium Hydroxide, Camellia Sinensis Leaf Extract, Lavandula Stoechas Extract, Tocopherol, Bht, CI 77492 (Iron Oxides), CI 77491 (Iron Oxides), CI 77499 (Iron Oxides).<\/p>\n","protected":false},"excerpt":{"rendered":"<p>Laino<br \/>\nLaino soin perfecteur \u00e9clat cc cr\u00e8me 5en 1 qui s\u2019adapte \u00e0 toutes les carnations avec un indice de protection SPF 30+ de 95% d\u2019ingr\u00e9dients d\u2019origine naturelle.<br \/>\nContenance : 50ml\u00a0<\/p>\n","protected":false},"featured_media":1907,"comment_status":"open","ping_status":"closed","template":"","meta":[],"pwb-brand":[51],"product_cat":[228],"product_tag":[],"class_list":{"0":"post-1892","1":"product","2":"type-product","3":"status-publish","4":"has-post-thumbnail","6":"pwb-brand-laino","7":"product_cat-protection-de-spf-20-a-49","8":"post","9":"ws-product--style-1","11":"first","12":"instock","13":"shipping-taxable","14":"purchasable","15":"product-type-simple"},"yoast_head":"<!-- This site is optimized with the Yoast SEO plugin v23.0 - https:\/\/yoast.com\/wordpress\/plugins\/seo\/ -->\n<title>CC cr\u00e8me soin perfecteur \u00e9clat spf30 - Laino - 50ml - OrthoPara<\/title>\n<meta name=\"robots\" content=\"index, follow, max-snippet:-1, max-image-preview:large, max-video-preview:-1\" \/>\n<link rel=\"canonical\" href=\"https:\/\/orthopara.store\/index.php\/produit\/cc-creme-soin-perfecteur-eclat-spf30-laino-50ml\/\" \/>\n<meta property=\"og:locale\" content=\"fr_FR\" \/>\n<meta property=\"og:type\" content=\"article\" \/>\n<meta property=\"og:title\" content=\"CC cr\u00e8me soin perfecteur \u00e9clat spf30 - Laino - 50ml - OrthoPara\" \/>\n<meta property=\"og:description\" content=\"Laino Laino soin perfecteur \u00e9clat cc cr\u00e8me 5en 1 qui s\u2019adapte \u00e0 toutes les carnations avec un indice de protection SPF 30+ de 95% d\u2019ingr\u00e9dients d\u2019origine naturelle. Contenance : 50ml\u00a0\" \/>\n<meta property=\"og:url\" content=\"https:\/\/orthopara.store\/index.php\/produit\/cc-creme-soin-perfecteur-eclat-spf30-laino-50ml\/\" \/>\n<meta property=\"og:site_name\" content=\"OrthoPara\" \/>\n<meta property=\"article:publisher\" content=\"https:\/\/www.facebook.com\/profile.php?id=61561194315651\" \/>\n<meta property=\"article:modified_time\" content=\"2024-11-07T08:52:17+00:00\" \/>\n<meta property=\"og:image\" content=\"https:\/\/orthopara.store\/wp-content\/uploads\/2024\/06\/laino-cc-cream-soin-perfecteur-eclat-spf30-50ml.jpg\" \/>\n\t<meta property=\"og:image:width\" content=\"800\" \/>\n\t<meta property=\"og:image:height\" content=\"800\" \/>\n\t<meta property=\"og:image:type\" content=\"image\/jpeg\" \/>\n<meta name=\"twitter:card\" content=\"summary_large_image\" \/>\n<meta name=\"twitter:label1\" content=\"Dur\u00e9e de lecture estim\u00e9e\" \/>\n\t<meta name=\"twitter:data1\" content=\"1 minute\" \/>\n<script type=\"application\/ld+json\" class=\"yoast-schema-graph\">{\"@context\":\"https:\/\/schema.org\",\"@graph\":[{\"@type\":\"WebPage\",\"@id\":\"https:\/\/orthopara.store\/index.php\/produit\/cc-creme-soin-perfecteur-eclat-spf30-laino-50ml\/\",\"url\":\"https:\/\/orthopara.store\/index.php\/produit\/cc-creme-soin-perfecteur-eclat-spf30-laino-50ml\/\",\"name\":\"CC cr\u00e8me soin perfecteur \u00e9clat spf30 - Laino - 50ml - OrthoPara\",\"isPartOf\":{\"@id\":\"https:\/\/orthopara.store\/#website\"},\"primaryImageOfPage\":{\"@id\":\"https:\/\/orthopara.store\/index.php\/produit\/cc-creme-soin-perfecteur-eclat-spf30-laino-50ml\/#primaryimage\"},\"image\":{\"@id\":\"https:\/\/orthopara.store\/index.php\/produit\/cc-creme-soin-perfecteur-eclat-spf30-laino-50ml\/#primaryimage\"},\"thumbnailUrl\":\"https:\/\/orthopara.store\/wp-content\/uploads\/2024\/06\/laino-cc-cream-soin-perfecteur-eclat-spf30-50ml.jpg\",\"datePublished\":\"2024-06-28T13:55:51+00:00\",\"dateModified\":\"2024-11-07T08:52:17+00:00\",\"breadcrumb\":{\"@id\":\"https:\/\/orthopara.store\/index.php\/produit\/cc-creme-soin-perfecteur-eclat-spf30-laino-50ml\/#breadcrumb\"},\"inLanguage\":\"fr-FR\",\"potentialAction\":[{\"@type\":\"ReadAction\",\"target\":[\"https:\/\/orthopara.store\/index.php\/produit\/cc-creme-soin-perfecteur-eclat-spf30-laino-50ml\/\"]}]},{\"@type\":\"ImageObject\",\"inLanguage\":\"fr-FR\",\"@id\":\"https:\/\/orthopara.store\/index.php\/produit\/cc-creme-soin-perfecteur-eclat-spf30-laino-50ml\/#primaryimage\",\"url\":\"https:\/\/orthopara.store\/wp-content\/uploads\/2024\/06\/laino-cc-cream-soin-perfecteur-eclat-spf30-50ml.jpg\",\"contentUrl\":\"https:\/\/orthopara.store\/wp-content\/uploads\/2024\/06\/laino-cc-cream-soin-perfecteur-eclat-spf30-50ml.jpg\",\"width\":800,\"height\":800},{\"@type\":\"BreadcrumbList\",\"@id\":\"https:\/\/orthopara.store\/index.php\/produit\/cc-creme-soin-perfecteur-eclat-spf30-laino-50ml\/#breadcrumb\",\"itemListElement\":[{\"@type\":\"ListItem\",\"position\":1,\"name\":\"Accueil\",\"item\":\"https:\/\/orthopara.store\/\"},{\"@type\":\"ListItem\",\"position\":2,\"name\":\"Shop\",\"item\":\"https:\/\/orthopara.store\/?page_id=622\"},{\"@type\":\"ListItem\",\"position\":3,\"name\":\"CC cr\u00e8me soin perfecteur \u00e9clat spf30 &#8211; Laino &#8211; 50ml\"}]},{\"@type\":\"WebSite\",\"@id\":\"https:\/\/orthopara.store\/#website\",\"url\":\"https:\/\/orthopara.store\/\",\"name\":\"OrthoPara\",\"description\":\"Parapharmacie\",\"publisher\":{\"@id\":\"https:\/\/orthopara.store\/#organization\"},\"potentialAction\":[{\"@type\":\"SearchAction\",\"target\":{\"@type\":\"EntryPoint\",\"urlTemplate\":\"https:\/\/orthopara.store\/?s={search_term_string}\"},\"query-input\":\"required name=search_term_string\"}],\"inLanguage\":\"fr-FR\"},{\"@type\":\"Organization\",\"@id\":\"https:\/\/orthopara.store\/#organization\",\"name\":\"OrthoPara\",\"url\":\"https:\/\/orthopara.store\/\",\"logo\":{\"@type\":\"ImageObject\",\"inLanguage\":\"fr-FR\",\"@id\":\"https:\/\/orthopara.store\/#\/schema\/logo\/image\/\",\"url\":\"https:\/\/orthopara.store\/wp-content\/uploads\/2024\/06\/cropped-9ABA8BAD-6256-4719-9315-15C66E64E882.png\",\"contentUrl\":\"https:\/\/orthopara.store\/wp-content\/uploads\/2024\/06\/cropped-9ABA8BAD-6256-4719-9315-15C66E64E882.png\",\"width\":240,\"height\":72,\"caption\":\"OrthoPara\"},\"image\":{\"@id\":\"https:\/\/orthopara.store\/#\/schema\/logo\/image\/\"},\"sameAs\":[\"https:\/\/www.facebook.com\/profile.php?id=61561194315651\",\"https:\/\/www.instagram.com\/orthopara_tunisie\/\"]}]}<\/script>\n<!-- \/ Yoast SEO plugin. -->","yoast_head_json":{"title":"CC cr\u00e8me soin perfecteur \u00e9clat spf30 - Laino - 50ml - OrthoPara","robots":{"index":"index","follow":"follow","max-snippet":"max-snippet:-1","max-image-preview":"max-image-preview:large","max-video-preview":"max-video-preview:-1"},"canonical":"https:\/\/orthopara.store\/index.php\/produit\/cc-creme-soin-perfecteur-eclat-spf30-laino-50ml\/","og_locale":"fr_FR","og_type":"article","og_title":"CC cr\u00e8me soin perfecteur \u00e9clat spf30 - Laino - 50ml - OrthoPara","og_description":"Laino Laino soin perfecteur \u00e9clat cc cr\u00e8me 5en 1 qui s\u2019adapte \u00e0 toutes les carnations avec un indice de protection SPF 30+ de 95% d\u2019ingr\u00e9dients d\u2019origine naturelle. Contenance : 50ml\u00a0","og_url":"https:\/\/orthopara.store\/index.php\/produit\/cc-creme-soin-perfecteur-eclat-spf30-laino-50ml\/","og_site_name":"OrthoPara","article_publisher":"https:\/\/www.facebook.com\/profile.php?id=61561194315651","article_modified_time":"2024-11-07T08:52:17+00:00","og_image":[{"width":800,"height":800,"url":"https:\/\/orthopara.store\/wp-content\/uploads\/2024\/06\/laino-cc-cream-soin-perfecteur-eclat-spf30-50ml.jpg","type":"image\/jpeg"}],"twitter_card":"summary_large_image","twitter_misc":{"Dur\u00e9e de lecture estim\u00e9e":"1 minute"},"schema":{"@context":"https:\/\/schema.org","@graph":[{"@type":"WebPage","@id":"https:\/\/orthopara.store\/index.php\/produit\/cc-creme-soin-perfecteur-eclat-spf30-laino-50ml\/","url":"https:\/\/orthopara.store\/index.php\/produit\/cc-creme-soin-perfecteur-eclat-spf30-laino-50ml\/","name":"CC cr\u00e8me soin perfecteur \u00e9clat spf30 - Laino - 50ml - OrthoPara","isPartOf":{"@id":"https:\/\/orthopara.store\/#website"},"primaryImageOfPage":{"@id":"https:\/\/orthopara.store\/index.php\/produit\/cc-creme-soin-perfecteur-eclat-spf30-laino-50ml\/#primaryimage"},"image":{"@id":"https:\/\/orthopara.store\/index.php\/produit\/cc-creme-soin-perfecteur-eclat-spf30-laino-50ml\/#primaryimage"},"thumbnailUrl":"https:\/\/orthopara.store\/wp-content\/uploads\/2024\/06\/laino-cc-cream-soin-perfecteur-eclat-spf30-50ml.jpg","datePublished":"2024-06-28T13:55:51+00:00","dateModified":"2024-11-07T08:52:17+00:00","breadcrumb":{"@id":"https:\/\/orthopara.store\/index.php\/produit\/cc-creme-soin-perfecteur-eclat-spf30-laino-50ml\/#breadcrumb"},"inLanguage":"fr-FR","potentialAction":[{"@type":"ReadAction","target":["https:\/\/orthopara.store\/index.php\/produit\/cc-creme-soin-perfecteur-eclat-spf30-laino-50ml\/"]}]},{"@type":"ImageObject","inLanguage":"fr-FR","@id":"https:\/\/orthopara.store\/index.php\/produit\/cc-creme-soin-perfecteur-eclat-spf30-laino-50ml\/#primaryimage","url":"https:\/\/orthopara.store\/wp-content\/uploads\/2024\/06\/laino-cc-cream-soin-perfecteur-eclat-spf30-50ml.jpg","contentUrl":"https:\/\/orthopara.store\/wp-content\/uploads\/2024\/06\/laino-cc-cream-soin-perfecteur-eclat-spf30-50ml.jpg","width":800,"height":800},{"@type":"BreadcrumbList","@id":"https:\/\/orthopara.store\/index.php\/produit\/cc-creme-soin-perfecteur-eclat-spf30-laino-50ml\/#breadcrumb","itemListElement":[{"@type":"ListItem","position":1,"name":"Accueil","item":"https:\/\/orthopara.store\/"},{"@type":"ListItem","position":2,"name":"Shop","item":"https:\/\/orthopara.store\/?page_id=622"},{"@type":"ListItem","position":3,"name":"CC cr\u00e8me soin perfecteur \u00e9clat spf30 &#8211; Laino &#8211; 50ml"}]},{"@type":"WebSite","@id":"https:\/\/orthopara.store\/#website","url":"https:\/\/orthopara.store\/","name":"OrthoPara","description":"Parapharmacie","publisher":{"@id":"https:\/\/orthopara.store\/#organization"},"potentialAction":[{"@type":"SearchAction","target":{"@type":"EntryPoint","urlTemplate":"https:\/\/orthopara.store\/?s={search_term_string}"},"query-input":"required name=search_term_string"}],"inLanguage":"fr-FR"},{"@type":"Organization","@id":"https:\/\/orthopara.store\/#organization","name":"OrthoPara","url":"https:\/\/orthopara.store\/","logo":{"@type":"ImageObject","inLanguage":"fr-FR","@id":"https:\/\/orthopara.store\/#\/schema\/logo\/image\/","url":"https:\/\/orthopara.store\/wp-content\/uploads\/2024\/06\/cropped-9ABA8BAD-6256-4719-9315-15C66E64E882.png","contentUrl":"https:\/\/orthopara.store\/wp-content\/uploads\/2024\/06\/cropped-9ABA8BAD-6256-4719-9315-15C66E64E882.png","width":240,"height":72,"caption":"OrthoPara"},"image":{"@id":"https:\/\/orthopara.store\/#\/schema\/logo\/image\/"},"sameAs":["https:\/\/www.facebook.com\/profile.php?id=61561194315651","https:\/\/www.instagram.com\/orthopara_tunisie\/"]}]}},"jetpack_sharing_enabled":true,"brands":[{"id":51,"name":"LAINO","slug":"laino"}],"_links":{"self":[{"href":"https:\/\/orthopara.store\/index.php?rest_route=\/wp\/v2\/product\/1892","targetHints":{"allow":["GET"]}}],"collection":[{"href":"https:\/\/orthopara.store\/index.php?rest_route=\/wp\/v2\/product"}],"about":[{"href":"https:\/\/orthopara.store\/index.php?rest_route=\/wp\/v2\/types\/product"}],"replies":[{"embeddable":true,"href":"https:\/\/orthopara.store\/index.php?rest_route=%2Fwp%2Fv2%2Fcomments&post=1892"}],"wp:featuredmedia":[{"embeddable":true,"href":"https:\/\/orthopara.store\/index.php?rest_route=\/wp\/v2\/media\/1907"}],"wp:attachment":[{"href":"https:\/\/orthopara.store\/index.php?rest_route=%2Fwp%2Fv2%2Fmedia&parent=1892"}],"wp:term":[{"taxonomy":"pwb-brand","embeddable":true,"href":"https:\/\/orthopara.store\/index.php?rest_route=%2Fwp%2Fv2%2Fpwb-brand&post=1892"},{"taxonomy":"product_cat","embeddable":true,"href":"https:\/\/orthopara.store\/index.php?rest_route=%2Fwp%2Fv2%2Fproduct_cat&post=1892"},{"taxonomy":"product_tag","embeddable":true,"href":"https:\/\/orthopara.store\/index.php?rest_route=%2Fwp%2Fv2%2Fproduct_tag&post=1892"}],"curies":[{"name":"wp","href":"https:\/\/api.w.org\/{rel}","templated":true}]}}