{"id":1936,"date":"2024-06-28T15:56:02","date_gmt":"2024-06-28T13:56:02","guid":{"rendered":"https:\/\/orthopara.store\/?post_type=product&#038;p=1936"},"modified":"2024-11-07T09:24:48","modified_gmt":"2024-11-07T08:24:48","slug":"bb-creme-claire-spf50-noreva-bergazol-40ml","status":"publish","type":"product","link":"https:\/\/orthopara.store\/?product=bb-creme-claire-spf50-noreva-bergazol-40ml","title":{"rendered":"BB Cr\u00e8me claire &#8211; spf50+ &#8211; Noreva Bergazol &#8211; 40ml"},"content":{"rendered":"<p>BB Cr\u00e8me claire &#8211; spf50+ &#8211; Noreva Bergazol &#8211; 40ml<br \/>\nBB cr\u00e8me claire de NOREVA BERGASOL assure une protection UVA\/UVB optimale.<br \/>\nDot\u00e9 de \ufb01ltres solaires performants et d&rsquo;un bouclier anti-radicalaire puissant, elle prot\u00e8ge la peau des coups de soleil et lutte efficacement contre le vieillissement cutan\u00e9 pr\u00e9matur\u00e9 en limitant les dommages cellulaires au c\u0153ur de l&rsquo;\u00e9piderme.<br \/>\nFormul\u00e9e avec des pigments naturels, sa teinte uni\ufb01e le teint et att\u00e9nue les imperfections de la peau.\u00a0<br \/>\nProtection renforc\u00e9e contre les dommages du soleil gr\u00e2ce \u00e0 un duo d&rsquo;actifs r\u00e9volutionnaires<br \/>\nAction anti-\u00e2ge et anti-oxydante.<br \/>\nConseils d&rsquo;utilisation\u00a0:<br \/>\nAppliquer uniform\u00e9ment et g\u00e9n\u00e9reusement avant toute exposition au soleil. Renouveler toutes les deux heures l&rsquo;application en cas d&rsquo;expositions prolong\u00e9es et apr\u00e8s chaque bain ou activit\u00e9s sportives.<br \/>\nNe pas exposer les b\u00e9b\u00e9s et les jeunes enfants. L&rsquo;abus de soleil est dangereux pour la sant\u00e9.\u00a0<br \/>\ncomposition :\u00a0<br \/>\nAqua (water), cyclopentasiloxane, titanium dioxide [nano], ethylhexyl methoxycinnamate, ci 77891, zinc oxyde [nano], propanediol, polysilicone-15, dimethicone, cetyl peg\/ppg-10\/1 dimethicone, aluminum hydroxide, disteardimonium hectorite, bis-peg\/ppg-14\/14 dimethicone, tocopheryl acetate, picea abies wood extract, oenothera biennis (evening primrose) oil, stearic acid, ci 77492, magnesium sulfate, parfum (fragrance), caprylyl glycol, sodium benzoate, propylene carbonate, bentonite, ci 77491, potassium sorbate, chlorphenesin, disodium edta, ci 77499, sodium polyacrylate, xanthan gum, glycerin, caprylhydroxamic acid, dimethiconol, disodium stearoyl glutamate, phenoxyethanol, bis-ethylhexyl hydroxydimethoxy benzylmalonate, ethylhexylglycerin, bht, acetyl hexapeptide-1, dextran, pentaerythrityl tetra-di-t-butyl hydroxyhydrocinnamate, triisopropanolamine<\/p>\n","protected":false},"excerpt":{"rendered":"<p>Noreva Bergazol<br \/>\nBB Cr\u00e8me claire\u00a0<br \/>\nContenance : 40ml<br \/>\nDLC 12\/2023<\/p>\n","protected":false},"featured_media":1960,"comment_status":"open","ping_status":"closed","template":"","meta":[],"pwb-brand":[235],"product_cat":[231],"product_tag":[],"class_list":{"0":"post-1936","1":"product","2":"type-product","3":"status-publish","4":"has-post-thumbnail","6":"pwb-brand-noreva","7":"product_cat-cremes-solaires-enfant","8":"post","9":"ws-product--style-1","11":"first","12":"instock","13":"shipping-taxable","14":"purchasable","15":"product-type-simple"},"yoast_head":"<!-- This site is optimized with the Yoast SEO plugin v23.0 - https:\/\/yoast.com\/wordpress\/plugins\/seo\/ -->\n<title>BB Cr\u00e8me claire - spf50+ - Noreva Bergazol - 40ml - OrthoPara<\/title>\n<meta name=\"robots\" content=\"index, follow, max-snippet:-1, max-image-preview:large, max-video-preview:-1\" \/>\n<link rel=\"canonical\" href=\"https:\/\/orthopara.store\/index.php\/produit\/bb-creme-claire-spf50-noreva-bergazol-40ml\/\" \/>\n<meta property=\"og:locale\" content=\"fr_FR\" \/>\n<meta property=\"og:type\" content=\"article\" \/>\n<meta property=\"og:title\" content=\"BB Cr\u00e8me claire - spf50+ - Noreva Bergazol - 40ml - OrthoPara\" \/>\n<meta property=\"og:description\" content=\"Noreva Bergazol BB Cr\u00e8me claire\u00a0 Contenance : 40ml DLC 12\/2023\" \/>\n<meta property=\"og:url\" content=\"https:\/\/orthopara.store\/index.php\/produit\/bb-creme-claire-spf50-noreva-bergazol-40ml\/\" \/>\n<meta property=\"og:site_name\" content=\"OrthoPara\" \/>\n<meta property=\"article:publisher\" content=\"https:\/\/www.facebook.com\/profile.php?id=61561194315651\" \/>\n<meta property=\"article:modified_time\" content=\"2024-11-07T08:24:48+00:00\" \/>\n<meta property=\"og:image\" content=\"https:\/\/orthopara.store\/wp-content\/uploads\/2024\/06\/bb-creme-claire-spf50-noreva-bergazol-40ml.jpg\" \/>\n\t<meta property=\"og:image:width\" content=\"800\" \/>\n\t<meta property=\"og:image:height\" content=\"800\" \/>\n\t<meta property=\"og:image:type\" content=\"image\/jpeg\" \/>\n<meta name=\"twitter:card\" content=\"summary_large_image\" \/>\n<meta name=\"twitter:label1\" content=\"Dur\u00e9e de lecture estim\u00e9e\" \/>\n\t<meta name=\"twitter:data1\" content=\"1 minute\" \/>\n<script type=\"application\/ld+json\" class=\"yoast-schema-graph\">{\"@context\":\"https:\/\/schema.org\",\"@graph\":[{\"@type\":\"WebPage\",\"@id\":\"https:\/\/orthopara.store\/index.php\/produit\/bb-creme-claire-spf50-noreva-bergazol-40ml\/\",\"url\":\"https:\/\/orthopara.store\/index.php\/produit\/bb-creme-claire-spf50-noreva-bergazol-40ml\/\",\"name\":\"BB Cr\u00e8me claire - spf50+ - Noreva Bergazol - 40ml - OrthoPara\",\"isPartOf\":{\"@id\":\"https:\/\/orthopara.store\/#website\"},\"primaryImageOfPage\":{\"@id\":\"https:\/\/orthopara.store\/index.php\/produit\/bb-creme-claire-spf50-noreva-bergazol-40ml\/#primaryimage\"},\"image\":{\"@id\":\"https:\/\/orthopara.store\/index.php\/produit\/bb-creme-claire-spf50-noreva-bergazol-40ml\/#primaryimage\"},\"thumbnailUrl\":\"https:\/\/orthopara.store\/wp-content\/uploads\/2024\/06\/bb-creme-claire-spf50-noreva-bergazol-40ml.jpg\",\"datePublished\":\"2024-06-28T13:56:02+00:00\",\"dateModified\":\"2024-11-07T08:24:48+00:00\",\"breadcrumb\":{\"@id\":\"https:\/\/orthopara.store\/index.php\/produit\/bb-creme-claire-spf50-noreva-bergazol-40ml\/#breadcrumb\"},\"inLanguage\":\"fr-FR\",\"potentialAction\":[{\"@type\":\"ReadAction\",\"target\":[\"https:\/\/orthopara.store\/index.php\/produit\/bb-creme-claire-spf50-noreva-bergazol-40ml\/\"]}]},{\"@type\":\"ImageObject\",\"inLanguage\":\"fr-FR\",\"@id\":\"https:\/\/orthopara.store\/index.php\/produit\/bb-creme-claire-spf50-noreva-bergazol-40ml\/#primaryimage\",\"url\":\"https:\/\/orthopara.store\/wp-content\/uploads\/2024\/06\/bb-creme-claire-spf50-noreva-bergazol-40ml.jpg\",\"contentUrl\":\"https:\/\/orthopara.store\/wp-content\/uploads\/2024\/06\/bb-creme-claire-spf50-noreva-bergazol-40ml.jpg\",\"width\":800,\"height\":800},{\"@type\":\"BreadcrumbList\",\"@id\":\"https:\/\/orthopara.store\/index.php\/produit\/bb-creme-claire-spf50-noreva-bergazol-40ml\/#breadcrumb\",\"itemListElement\":[{\"@type\":\"ListItem\",\"position\":1,\"name\":\"Accueil\",\"item\":\"https:\/\/orthopara.store\/\"},{\"@type\":\"ListItem\",\"position\":2,\"name\":\"Shop\",\"item\":\"https:\/\/orthopara.store\/?page_id=622\"},{\"@type\":\"ListItem\",\"position\":3,\"name\":\"BB Cr\u00e8me claire &#8211; spf50+ &#8211; Noreva Bergazol &#8211; 40ml\"}]},{\"@type\":\"WebSite\",\"@id\":\"https:\/\/orthopara.store\/#website\",\"url\":\"https:\/\/orthopara.store\/\",\"name\":\"OrthoPara\",\"description\":\"Parapharmacie\",\"publisher\":{\"@id\":\"https:\/\/orthopara.store\/#organization\"},\"potentialAction\":[{\"@type\":\"SearchAction\",\"target\":{\"@type\":\"EntryPoint\",\"urlTemplate\":\"https:\/\/orthopara.store\/?s={search_term_string}\"},\"query-input\":\"required name=search_term_string\"}],\"inLanguage\":\"fr-FR\"},{\"@type\":\"Organization\",\"@id\":\"https:\/\/orthopara.store\/#organization\",\"name\":\"OrthoPara\",\"url\":\"https:\/\/orthopara.store\/\",\"logo\":{\"@type\":\"ImageObject\",\"inLanguage\":\"fr-FR\",\"@id\":\"https:\/\/orthopara.store\/#\/schema\/logo\/image\/\",\"url\":\"https:\/\/orthopara.store\/wp-content\/uploads\/2024\/06\/cropped-9ABA8BAD-6256-4719-9315-15C66E64E882.png\",\"contentUrl\":\"https:\/\/orthopara.store\/wp-content\/uploads\/2024\/06\/cropped-9ABA8BAD-6256-4719-9315-15C66E64E882.png\",\"width\":240,\"height\":72,\"caption\":\"OrthoPara\"},\"image\":{\"@id\":\"https:\/\/orthopara.store\/#\/schema\/logo\/image\/\"},\"sameAs\":[\"https:\/\/www.facebook.com\/profile.php?id=61561194315651\",\"https:\/\/www.instagram.com\/orthopara_tunisie\/\"]}]}<\/script>\n<!-- \/ Yoast SEO plugin. -->","yoast_head_json":{"title":"BB Cr\u00e8me claire - spf50+ - Noreva Bergazol - 40ml - OrthoPara","robots":{"index":"index","follow":"follow","max-snippet":"max-snippet:-1","max-image-preview":"max-image-preview:large","max-video-preview":"max-video-preview:-1"},"canonical":"https:\/\/orthopara.store\/index.php\/produit\/bb-creme-claire-spf50-noreva-bergazol-40ml\/","og_locale":"fr_FR","og_type":"article","og_title":"BB Cr\u00e8me claire - spf50+ - Noreva Bergazol - 40ml - OrthoPara","og_description":"Noreva Bergazol BB Cr\u00e8me claire\u00a0 Contenance : 40ml DLC 12\/2023","og_url":"https:\/\/orthopara.store\/index.php\/produit\/bb-creme-claire-spf50-noreva-bergazol-40ml\/","og_site_name":"OrthoPara","article_publisher":"https:\/\/www.facebook.com\/profile.php?id=61561194315651","article_modified_time":"2024-11-07T08:24:48+00:00","og_image":[{"width":800,"height":800,"url":"https:\/\/orthopara.store\/wp-content\/uploads\/2024\/06\/bb-creme-claire-spf50-noreva-bergazol-40ml.jpg","type":"image\/jpeg"}],"twitter_card":"summary_large_image","twitter_misc":{"Dur\u00e9e de lecture estim\u00e9e":"1 minute"},"schema":{"@context":"https:\/\/schema.org","@graph":[{"@type":"WebPage","@id":"https:\/\/orthopara.store\/index.php\/produit\/bb-creme-claire-spf50-noreva-bergazol-40ml\/","url":"https:\/\/orthopara.store\/index.php\/produit\/bb-creme-claire-spf50-noreva-bergazol-40ml\/","name":"BB Cr\u00e8me claire - spf50+ - Noreva Bergazol - 40ml - OrthoPara","isPartOf":{"@id":"https:\/\/orthopara.store\/#website"},"primaryImageOfPage":{"@id":"https:\/\/orthopara.store\/index.php\/produit\/bb-creme-claire-spf50-noreva-bergazol-40ml\/#primaryimage"},"image":{"@id":"https:\/\/orthopara.store\/index.php\/produit\/bb-creme-claire-spf50-noreva-bergazol-40ml\/#primaryimage"},"thumbnailUrl":"https:\/\/orthopara.store\/wp-content\/uploads\/2024\/06\/bb-creme-claire-spf50-noreva-bergazol-40ml.jpg","datePublished":"2024-06-28T13:56:02+00:00","dateModified":"2024-11-07T08:24:48+00:00","breadcrumb":{"@id":"https:\/\/orthopara.store\/index.php\/produit\/bb-creme-claire-spf50-noreva-bergazol-40ml\/#breadcrumb"},"inLanguage":"fr-FR","potentialAction":[{"@type":"ReadAction","target":["https:\/\/orthopara.store\/index.php\/produit\/bb-creme-claire-spf50-noreva-bergazol-40ml\/"]}]},{"@type":"ImageObject","inLanguage":"fr-FR","@id":"https:\/\/orthopara.store\/index.php\/produit\/bb-creme-claire-spf50-noreva-bergazol-40ml\/#primaryimage","url":"https:\/\/orthopara.store\/wp-content\/uploads\/2024\/06\/bb-creme-claire-spf50-noreva-bergazol-40ml.jpg","contentUrl":"https:\/\/orthopara.store\/wp-content\/uploads\/2024\/06\/bb-creme-claire-spf50-noreva-bergazol-40ml.jpg","width":800,"height":800},{"@type":"BreadcrumbList","@id":"https:\/\/orthopara.store\/index.php\/produit\/bb-creme-claire-spf50-noreva-bergazol-40ml\/#breadcrumb","itemListElement":[{"@type":"ListItem","position":1,"name":"Accueil","item":"https:\/\/orthopara.store\/"},{"@type":"ListItem","position":2,"name":"Shop","item":"https:\/\/orthopara.store\/?page_id=622"},{"@type":"ListItem","position":3,"name":"BB Cr\u00e8me claire &#8211; spf50+ &#8211; Noreva Bergazol &#8211; 40ml"}]},{"@type":"WebSite","@id":"https:\/\/orthopara.store\/#website","url":"https:\/\/orthopara.store\/","name":"OrthoPara","description":"Parapharmacie","publisher":{"@id":"https:\/\/orthopara.store\/#organization"},"potentialAction":[{"@type":"SearchAction","target":{"@type":"EntryPoint","urlTemplate":"https:\/\/orthopara.store\/?s={search_term_string}"},"query-input":"required name=search_term_string"}],"inLanguage":"fr-FR"},{"@type":"Organization","@id":"https:\/\/orthopara.store\/#organization","name":"OrthoPara","url":"https:\/\/orthopara.store\/","logo":{"@type":"ImageObject","inLanguage":"fr-FR","@id":"https:\/\/orthopara.store\/#\/schema\/logo\/image\/","url":"https:\/\/orthopara.store\/wp-content\/uploads\/2024\/06\/cropped-9ABA8BAD-6256-4719-9315-15C66E64E882.png","contentUrl":"https:\/\/orthopara.store\/wp-content\/uploads\/2024\/06\/cropped-9ABA8BAD-6256-4719-9315-15C66E64E882.png","width":240,"height":72,"caption":"OrthoPara"},"image":{"@id":"https:\/\/orthopara.store\/#\/schema\/logo\/image\/"},"sameAs":["https:\/\/www.facebook.com\/profile.php?id=61561194315651","https:\/\/www.instagram.com\/orthopara_tunisie\/"]}]}},"jetpack_sharing_enabled":true,"brands":[{"id":235,"name":"Noreva","slug":"noreva"}],"_links":{"self":[{"href":"https:\/\/orthopara.store\/index.php?rest_route=\/wp\/v2\/product\/1936","targetHints":{"allow":["GET"]}}],"collection":[{"href":"https:\/\/orthopara.store\/index.php?rest_route=\/wp\/v2\/product"}],"about":[{"href":"https:\/\/orthopara.store\/index.php?rest_route=\/wp\/v2\/types\/product"}],"replies":[{"embeddable":true,"href":"https:\/\/orthopara.store\/index.php?rest_route=%2Fwp%2Fv2%2Fcomments&post=1936"}],"wp:featuredmedia":[{"embeddable":true,"href":"https:\/\/orthopara.store\/index.php?rest_route=\/wp\/v2\/media\/1960"}],"wp:attachment":[{"href":"https:\/\/orthopara.store\/index.php?rest_route=%2Fwp%2Fv2%2Fmedia&parent=1936"}],"wp:term":[{"taxonomy":"pwb-brand","embeddable":true,"href":"https:\/\/orthopara.store\/index.php?rest_route=%2Fwp%2Fv2%2Fpwb-brand&post=1936"},{"taxonomy":"product_cat","embeddable":true,"href":"https:\/\/orthopara.store\/index.php?rest_route=%2Fwp%2Fv2%2Fproduct_cat&post=1936"},{"taxonomy":"product_tag","embeddable":true,"href":"https:\/\/orthopara.store\/index.php?rest_route=%2Fwp%2Fv2%2Fproduct_tag&post=1936"}],"curies":[{"name":"wp","href":"https:\/\/api.w.org\/{rel}","templated":true}]}}