{"id":2002,"date":"2024-06-28T15:56:26","date_gmt":"2024-06-28T13:56:26","guid":{"rendered":"https:\/\/orthopara.store\/?post_type=product&#038;p=2002"},"modified":"2024-11-28T20:50:41","modified_gmt":"2024-11-28T19:50:41","slug":"huile-de-pepins-de-figue-de-barbarie-almaflore-10ml","status":"publish","type":"product","link":"https:\/\/orthopara.store\/?product=huile-de-pepins-de-figue-de-barbarie-almaflore-10ml","title":{"rendered":"Huile de p\u00e9pins de figue de barbarie &#8211; Almaflore &#8211; 10ml"},"content":{"rendered":"<p>Huile de p\u00e9pins de figue de barbarie &#8211; Almaflore &#8211; 10ml<br \/>\ncette huile pr\u00e9cieuse poss\u00e8de d&rsquo;\u00e9tonnantes qualit\u00e9s r\u00e9g\u00e9n\u00e9rantes et anti d\u00e9shydratations pour la peau\u00a0<br \/>\ntr\u00e8s efficace pour diminuer les cicatrices et les taches brunes\u00a0<br \/>\nSa richesse exceptionnelle en vitamine E et en st\u00e9rols lui conf\u00e8re une aptitude hors du commun \u00e0 prot\u00e9ger la peau contre les radicaux libres<br \/>\nElle contient par ailleurs des quantit\u00e9s importantes d&rsquo;acides gras essentiels, dont l&rsquo;acide linol\u00e9ique (om\u00e9ga-6), et constitue un excellant adoucissant et r\u00e9parateur cutan\u00e9\u00a0<br \/>\ncette huile est donc un alli\u00e9 exceptionnel pour lutter contre le vieillissement cutan\u00e9.\u00a0<br \/>\nConseils d&rsquo;utilisation :<br \/>\nappliquer quelques goutes matin et soir et masser soigneusement le visage et le contour des yeux<\/p>\n","protected":false},"excerpt":{"rendered":"<p>Almaflore Huile de p\u00e9pins de figue de barbarie<br \/>\nAnti-\u00e2ge\u00a0r\u00e9g\u00e9n\u00e9rante\u00a0<\/p>\n<p>Mac\u00e9rat huileux\u00a0<br \/>\n100% naturel\u00a0<br \/>\nExtra huileux\u00a0<\/p>\n<p>Type de peau : tous types de peaux sp\u00e9cial peaux matures\u00a0<br \/>\nContenance : 10ml\u00a0<br \/>\nDLC : 04\/2025<\/p>\n","protected":false},"featured_media":2019,"comment_status":"open","ping_status":"closed","template":"","meta":[],"pwb-brand":[119],"product_cat":[238],"product_tag":[],"class_list":{"0":"post-2002","1":"product","2":"type-product","3":"status-publish","4":"has-post-thumbnail","6":"pwb-brand-almaflore","7":"product_cat-huiles-essentielles","8":"post","9":"ws-product--style-1","11":"first","12":"instock","13":"shipping-taxable","14":"purchasable","15":"product-type-simple"},"yoast_head":"<!-- This site is optimized with the Yoast SEO plugin v23.0 - https:\/\/yoast.com\/wordpress\/plugins\/seo\/ -->\n<title>Huile de p\u00e9pins de figue de barbarie - Almaflore - 10ml - OrthoPara<\/title>\n<meta name=\"robots\" content=\"index, follow, max-snippet:-1, max-image-preview:large, max-video-preview:-1\" \/>\n<link rel=\"canonical\" href=\"https:\/\/orthopara.store\/index.php\/produit\/huile-de-pepins-de-figue-de-barbarie-almaflore-10ml\/\" \/>\n<meta property=\"og:locale\" content=\"fr_FR\" \/>\n<meta property=\"og:type\" content=\"article\" \/>\n<meta property=\"og:title\" content=\"Huile de p\u00e9pins de figue de barbarie - Almaflore - 10ml - OrthoPara\" \/>\n<meta property=\"og:description\" content=\"Almaflore Huile de p\u00e9pins de figue de barbarie Anti-\u00e2ge\u00a0r\u00e9g\u00e9n\u00e9rante\u00a0 Mac\u00e9rat huileux\u00a0 100% naturel\u00a0 Extra huileux\u00a0 Type de peau : tous types de peaux sp\u00e9cial peaux matures\u00a0 Contenance : 10ml\u00a0 DLC : 04\/2025\" \/>\n<meta property=\"og:url\" content=\"https:\/\/orthopara.store\/index.php\/produit\/huile-de-pepins-de-figue-de-barbarie-almaflore-10ml\/\" \/>\n<meta property=\"og:site_name\" content=\"OrthoPara\" \/>\n<meta property=\"article:publisher\" content=\"https:\/\/www.facebook.com\/profile.php?id=61561194315651\" \/>\n<meta property=\"article:modified_time\" content=\"2024-11-28T19:50:41+00:00\" \/>\n<meta property=\"og:image\" content=\"https:\/\/orthopara.store\/wp-content\/uploads\/2024\/06\/huile-de-pepins-de-figue-de-barbarie-almaflore-10ml.jpg\" \/>\n\t<meta property=\"og:image:width\" content=\"800\" \/>\n\t<meta property=\"og:image:height\" content=\"800\" \/>\n\t<meta property=\"og:image:type\" content=\"image\/jpeg\" \/>\n<meta name=\"twitter:card\" content=\"summary_large_image\" \/>\n<meta name=\"twitter:label1\" content=\"Dur\u00e9e de lecture estim\u00e9e\" \/>\n\t<meta name=\"twitter:data1\" content=\"1 minute\" \/>\n<script type=\"application\/ld+json\" class=\"yoast-schema-graph\">{\"@context\":\"https:\/\/schema.org\",\"@graph\":[{\"@type\":\"WebPage\",\"@id\":\"https:\/\/orthopara.store\/index.php\/produit\/huile-de-pepins-de-figue-de-barbarie-almaflore-10ml\/\",\"url\":\"https:\/\/orthopara.store\/index.php\/produit\/huile-de-pepins-de-figue-de-barbarie-almaflore-10ml\/\",\"name\":\"Huile de p\u00e9pins de figue de barbarie - Almaflore - 10ml - OrthoPara\",\"isPartOf\":{\"@id\":\"https:\/\/orthopara.store\/#website\"},\"primaryImageOfPage\":{\"@id\":\"https:\/\/orthopara.store\/index.php\/produit\/huile-de-pepins-de-figue-de-barbarie-almaflore-10ml\/#primaryimage\"},\"image\":{\"@id\":\"https:\/\/orthopara.store\/index.php\/produit\/huile-de-pepins-de-figue-de-barbarie-almaflore-10ml\/#primaryimage\"},\"thumbnailUrl\":\"https:\/\/orthopara.store\/wp-content\/uploads\/2024\/06\/huile-de-pepins-de-figue-de-barbarie-almaflore-10ml.jpg\",\"datePublished\":\"2024-06-28T13:56:26+00:00\",\"dateModified\":\"2024-11-28T19:50:41+00:00\",\"breadcrumb\":{\"@id\":\"https:\/\/orthopara.store\/index.php\/produit\/huile-de-pepins-de-figue-de-barbarie-almaflore-10ml\/#breadcrumb\"},\"inLanguage\":\"fr-FR\",\"potentialAction\":[{\"@type\":\"ReadAction\",\"target\":[\"https:\/\/orthopara.store\/index.php\/produit\/huile-de-pepins-de-figue-de-barbarie-almaflore-10ml\/\"]}]},{\"@type\":\"ImageObject\",\"inLanguage\":\"fr-FR\",\"@id\":\"https:\/\/orthopara.store\/index.php\/produit\/huile-de-pepins-de-figue-de-barbarie-almaflore-10ml\/#primaryimage\",\"url\":\"https:\/\/orthopara.store\/wp-content\/uploads\/2024\/06\/huile-de-pepins-de-figue-de-barbarie-almaflore-10ml.jpg\",\"contentUrl\":\"https:\/\/orthopara.store\/wp-content\/uploads\/2024\/06\/huile-de-pepins-de-figue-de-barbarie-almaflore-10ml.jpg\",\"width\":800,\"height\":800},{\"@type\":\"BreadcrumbList\",\"@id\":\"https:\/\/orthopara.store\/index.php\/produit\/huile-de-pepins-de-figue-de-barbarie-almaflore-10ml\/#breadcrumb\",\"itemListElement\":[{\"@type\":\"ListItem\",\"position\":1,\"name\":\"Accueil\",\"item\":\"https:\/\/orthopara.store\/\"},{\"@type\":\"ListItem\",\"position\":2,\"name\":\"Shop\",\"item\":\"https:\/\/orthopara.store\/?page_id=622\"},{\"@type\":\"ListItem\",\"position\":3,\"name\":\"Huile de p\u00e9pins de figue de barbarie &#8211; Almaflore &#8211; 10ml\"}]},{\"@type\":\"WebSite\",\"@id\":\"https:\/\/orthopara.store\/#website\",\"url\":\"https:\/\/orthopara.store\/\",\"name\":\"OrthoPara\",\"description\":\"Parapharmacie\",\"publisher\":{\"@id\":\"https:\/\/orthopara.store\/#organization\"},\"potentialAction\":[{\"@type\":\"SearchAction\",\"target\":{\"@type\":\"EntryPoint\",\"urlTemplate\":\"https:\/\/orthopara.store\/?s={search_term_string}\"},\"query-input\":\"required name=search_term_string\"}],\"inLanguage\":\"fr-FR\"},{\"@type\":\"Organization\",\"@id\":\"https:\/\/orthopara.store\/#organization\",\"name\":\"OrthoPara\",\"url\":\"https:\/\/orthopara.store\/\",\"logo\":{\"@type\":\"ImageObject\",\"inLanguage\":\"fr-FR\",\"@id\":\"https:\/\/orthopara.store\/#\/schema\/logo\/image\/\",\"url\":\"https:\/\/orthopara.store\/wp-content\/uploads\/2024\/06\/cropped-9ABA8BAD-6256-4719-9315-15C66E64E882.png\",\"contentUrl\":\"https:\/\/orthopara.store\/wp-content\/uploads\/2024\/06\/cropped-9ABA8BAD-6256-4719-9315-15C66E64E882.png\",\"width\":240,\"height\":72,\"caption\":\"OrthoPara\"},\"image\":{\"@id\":\"https:\/\/orthopara.store\/#\/schema\/logo\/image\/\"},\"sameAs\":[\"https:\/\/www.facebook.com\/profile.php?id=61561194315651\",\"https:\/\/www.instagram.com\/orthopara_tunisie\/\"]}]}<\/script>\n<!-- \/ Yoast SEO plugin. -->","yoast_head_json":{"title":"Huile de p\u00e9pins de figue de barbarie - Almaflore - 10ml - OrthoPara","robots":{"index":"index","follow":"follow","max-snippet":"max-snippet:-1","max-image-preview":"max-image-preview:large","max-video-preview":"max-video-preview:-1"},"canonical":"https:\/\/orthopara.store\/index.php\/produit\/huile-de-pepins-de-figue-de-barbarie-almaflore-10ml\/","og_locale":"fr_FR","og_type":"article","og_title":"Huile de p\u00e9pins de figue de barbarie - Almaflore - 10ml - OrthoPara","og_description":"Almaflore Huile de p\u00e9pins de figue de barbarie Anti-\u00e2ge\u00a0r\u00e9g\u00e9n\u00e9rante\u00a0 Mac\u00e9rat huileux\u00a0 100% naturel\u00a0 Extra huileux\u00a0 Type de peau : tous types de peaux sp\u00e9cial peaux matures\u00a0 Contenance : 10ml\u00a0 DLC : 04\/2025","og_url":"https:\/\/orthopara.store\/index.php\/produit\/huile-de-pepins-de-figue-de-barbarie-almaflore-10ml\/","og_site_name":"OrthoPara","article_publisher":"https:\/\/www.facebook.com\/profile.php?id=61561194315651","article_modified_time":"2024-11-28T19:50:41+00:00","og_image":[{"width":800,"height":800,"url":"https:\/\/orthopara.store\/wp-content\/uploads\/2024\/06\/huile-de-pepins-de-figue-de-barbarie-almaflore-10ml.jpg","type":"image\/jpeg"}],"twitter_card":"summary_large_image","twitter_misc":{"Dur\u00e9e de lecture estim\u00e9e":"1 minute"},"schema":{"@context":"https:\/\/schema.org","@graph":[{"@type":"WebPage","@id":"https:\/\/orthopara.store\/index.php\/produit\/huile-de-pepins-de-figue-de-barbarie-almaflore-10ml\/","url":"https:\/\/orthopara.store\/index.php\/produit\/huile-de-pepins-de-figue-de-barbarie-almaflore-10ml\/","name":"Huile de p\u00e9pins de figue de barbarie - Almaflore - 10ml - OrthoPara","isPartOf":{"@id":"https:\/\/orthopara.store\/#website"},"primaryImageOfPage":{"@id":"https:\/\/orthopara.store\/index.php\/produit\/huile-de-pepins-de-figue-de-barbarie-almaflore-10ml\/#primaryimage"},"image":{"@id":"https:\/\/orthopara.store\/index.php\/produit\/huile-de-pepins-de-figue-de-barbarie-almaflore-10ml\/#primaryimage"},"thumbnailUrl":"https:\/\/orthopara.store\/wp-content\/uploads\/2024\/06\/huile-de-pepins-de-figue-de-barbarie-almaflore-10ml.jpg","datePublished":"2024-06-28T13:56:26+00:00","dateModified":"2024-11-28T19:50:41+00:00","breadcrumb":{"@id":"https:\/\/orthopara.store\/index.php\/produit\/huile-de-pepins-de-figue-de-barbarie-almaflore-10ml\/#breadcrumb"},"inLanguage":"fr-FR","potentialAction":[{"@type":"ReadAction","target":["https:\/\/orthopara.store\/index.php\/produit\/huile-de-pepins-de-figue-de-barbarie-almaflore-10ml\/"]}]},{"@type":"ImageObject","inLanguage":"fr-FR","@id":"https:\/\/orthopara.store\/index.php\/produit\/huile-de-pepins-de-figue-de-barbarie-almaflore-10ml\/#primaryimage","url":"https:\/\/orthopara.store\/wp-content\/uploads\/2024\/06\/huile-de-pepins-de-figue-de-barbarie-almaflore-10ml.jpg","contentUrl":"https:\/\/orthopara.store\/wp-content\/uploads\/2024\/06\/huile-de-pepins-de-figue-de-barbarie-almaflore-10ml.jpg","width":800,"height":800},{"@type":"BreadcrumbList","@id":"https:\/\/orthopara.store\/index.php\/produit\/huile-de-pepins-de-figue-de-barbarie-almaflore-10ml\/#breadcrumb","itemListElement":[{"@type":"ListItem","position":1,"name":"Accueil","item":"https:\/\/orthopara.store\/"},{"@type":"ListItem","position":2,"name":"Shop","item":"https:\/\/orthopara.store\/?page_id=622"},{"@type":"ListItem","position":3,"name":"Huile de p\u00e9pins de figue de barbarie &#8211; Almaflore &#8211; 10ml"}]},{"@type":"WebSite","@id":"https:\/\/orthopara.store\/#website","url":"https:\/\/orthopara.store\/","name":"OrthoPara","description":"Parapharmacie","publisher":{"@id":"https:\/\/orthopara.store\/#organization"},"potentialAction":[{"@type":"SearchAction","target":{"@type":"EntryPoint","urlTemplate":"https:\/\/orthopara.store\/?s={search_term_string}"},"query-input":"required name=search_term_string"}],"inLanguage":"fr-FR"},{"@type":"Organization","@id":"https:\/\/orthopara.store\/#organization","name":"OrthoPara","url":"https:\/\/orthopara.store\/","logo":{"@type":"ImageObject","inLanguage":"fr-FR","@id":"https:\/\/orthopara.store\/#\/schema\/logo\/image\/","url":"https:\/\/orthopara.store\/wp-content\/uploads\/2024\/06\/cropped-9ABA8BAD-6256-4719-9315-15C66E64E882.png","contentUrl":"https:\/\/orthopara.store\/wp-content\/uploads\/2024\/06\/cropped-9ABA8BAD-6256-4719-9315-15C66E64E882.png","width":240,"height":72,"caption":"OrthoPara"},"image":{"@id":"https:\/\/orthopara.store\/#\/schema\/logo\/image\/"},"sameAs":["https:\/\/www.facebook.com\/profile.php?id=61561194315651","https:\/\/www.instagram.com\/orthopara_tunisie\/"]}]}},"jetpack_sharing_enabled":true,"brands":[{"id":119,"name":"Almaflore","slug":"almaflore"}],"_links":{"self":[{"href":"https:\/\/orthopara.store\/index.php?rest_route=\/wp\/v2\/product\/2002","targetHints":{"allow":["GET"]}}],"collection":[{"href":"https:\/\/orthopara.store\/index.php?rest_route=\/wp\/v2\/product"}],"about":[{"href":"https:\/\/orthopara.store\/index.php?rest_route=\/wp\/v2\/types\/product"}],"replies":[{"embeddable":true,"href":"https:\/\/orthopara.store\/index.php?rest_route=%2Fwp%2Fv2%2Fcomments&post=2002"}],"wp:featuredmedia":[{"embeddable":true,"href":"https:\/\/orthopara.store\/index.php?rest_route=\/wp\/v2\/media\/2019"}],"wp:attachment":[{"href":"https:\/\/orthopara.store\/index.php?rest_route=%2Fwp%2Fv2%2Fmedia&parent=2002"}],"wp:term":[{"taxonomy":"pwb-brand","embeddable":true,"href":"https:\/\/orthopara.store\/index.php?rest_route=%2Fwp%2Fv2%2Fpwb-brand&post=2002"},{"taxonomy":"product_cat","embeddable":true,"href":"https:\/\/orthopara.store\/index.php?rest_route=%2Fwp%2Fv2%2Fproduct_cat&post=2002"},{"taxonomy":"product_tag","embeddable":true,"href":"https:\/\/orthopara.store\/index.php?rest_route=%2Fwp%2Fv2%2Fproduct_tag&post=2002"}],"curies":[{"name":"wp","href":"https:\/\/api.w.org\/{rel}","templated":true}]}}