{"id":2034,"date":"2024-06-28T15:56:36","date_gmt":"2024-06-28T13:56:36","guid":{"rendered":"https:\/\/orthopara.store\/?post_type=product&#038;p=2034"},"modified":"2024-06-28T15:56:39","modified_gmt":"2024-06-28T13:56:39","slug":"rossmax-tensiometre-sphygmomanometre-gb102","status":"publish","type":"product","link":"https:\/\/orthopara.store\/?product=rossmax-tensiometre-sphygmomanometre-gb102","title":{"rendered":"Rossmax Tensiom\u00e8tre Sphygmomanom\u00e8tre &#8211; GB102"},"content":{"rendered":"<p>Rossmax Tensiom\u00e8tre Sphygmomanom\u00e8tre &#8211; GB102<br \/>\nRoss max GB102\u00a0Manual tensiom\u00e8tre de bras tensiom\u00e8tre analogique avec brassard Tensiom\u00e8tre de bras analogique Ross max GB102\u00a0est une molette pour toutes les personnes\u00a0qui savent appr\u00e9cier la pr\u00e9cision de la mesure en premier lieu.<\/p>\n<p>Brassard anneau en D avec st\u00e9thoscope \u00e0 t\u00eate unique<\/p>\n<p>Manom\u00e8tre \u00e0 \u00e9mail Blanc 300 mm Hg sans \u00e9pingle<\/p>\n<p>Valve d&rsquo;\u00e9chappement d&rsquo;air en laiton chrom\u00e9<\/p>\n<p>Brassard sans latex<\/p>\n","protected":false},"excerpt":{"rendered":"<p>Rossmax Tensiom\u00e8tre Sphygmomanom\u00e8tre &#8211; GB102<\/p>\n","protected":false},"featured_media":2049,"comment_status":"open","ping_status":"closed","template":"","meta":[],"pwb-brand":[246],"product_cat":[245],"product_tag":[],"class_list":{"0":"post-2034","1":"product","2":"type-product","3":"status-publish","4":"has-post-thumbnail","6":"pwb-brand-rossmax","7":"product_cat-tensiometres","8":"post","9":"ws-product--style-1","11":"first","12":"instock","13":"shipping-taxable","14":"purchasable","15":"product-type-simple"},"yoast_head":"<!-- This site is optimized with the Yoast SEO plugin v23.0 - https:\/\/yoast.com\/wordpress\/plugins\/seo\/ -->\n<title>Rossmax Tensiom\u00e8tre Sphygmomanom\u00e8tre - GB102 - OrthoPara<\/title>\n<meta name=\"robots\" content=\"index, follow, max-snippet:-1, max-image-preview:large, max-video-preview:-1\" \/>\n<link rel=\"canonical\" href=\"https:\/\/orthopara.store\/index.php\/produit\/rossmax-tensiometre-sphygmomanometre-gb102\/\" \/>\n<meta property=\"og:locale\" content=\"fr_FR\" \/>\n<meta property=\"og:type\" content=\"article\" \/>\n<meta property=\"og:title\" content=\"Rossmax Tensiom\u00e8tre Sphygmomanom\u00e8tre - GB102 - OrthoPara\" \/>\n<meta property=\"og:description\" content=\"Rossmax Tensiom\u00e8tre Sphygmomanom\u00e8tre - GB102\" \/>\n<meta property=\"og:url\" content=\"https:\/\/orthopara.store\/index.php\/produit\/rossmax-tensiometre-sphygmomanometre-gb102\/\" \/>\n<meta property=\"og:site_name\" content=\"OrthoPara\" \/>\n<meta property=\"article:publisher\" content=\"https:\/\/www.facebook.com\/profile.php?id=61561194315651\" \/>\n<meta property=\"article:modified_time\" content=\"2024-06-28T13:56:39+00:00\" \/>\n<meta property=\"og:image\" content=\"https:\/\/orthopara.store\/wp-content\/uploads\/2024\/06\/rossmax-tensiometre-sphygmomanometre-gb102.jpg\" \/>\n\t<meta property=\"og:image:width\" content=\"800\" \/>\n\t<meta property=\"og:image:height\" content=\"800\" \/>\n\t<meta property=\"og:image:type\" content=\"image\/jpeg\" \/>\n<meta name=\"twitter:card\" content=\"summary_large_image\" \/>\n<script type=\"application\/ld+json\" class=\"yoast-schema-graph\">{\"@context\":\"https:\/\/schema.org\",\"@graph\":[{\"@type\":\"WebPage\",\"@id\":\"https:\/\/orthopara.store\/index.php\/produit\/rossmax-tensiometre-sphygmomanometre-gb102\/\",\"url\":\"https:\/\/orthopara.store\/index.php\/produit\/rossmax-tensiometre-sphygmomanometre-gb102\/\",\"name\":\"Rossmax Tensiom\u00e8tre Sphygmomanom\u00e8tre - GB102 - OrthoPara\",\"isPartOf\":{\"@id\":\"https:\/\/orthopara.store\/#website\"},\"primaryImageOfPage\":{\"@id\":\"https:\/\/orthopara.store\/index.php\/produit\/rossmax-tensiometre-sphygmomanometre-gb102\/#primaryimage\"},\"image\":{\"@id\":\"https:\/\/orthopara.store\/index.php\/produit\/rossmax-tensiometre-sphygmomanometre-gb102\/#primaryimage\"},\"thumbnailUrl\":\"https:\/\/orthopara.store\/wp-content\/uploads\/2024\/06\/rossmax-tensiometre-sphygmomanometre-gb102.jpg\",\"datePublished\":\"2024-06-28T13:56:36+00:00\",\"dateModified\":\"2024-06-28T13:56:39+00:00\",\"breadcrumb\":{\"@id\":\"https:\/\/orthopara.store\/index.php\/produit\/rossmax-tensiometre-sphygmomanometre-gb102\/#breadcrumb\"},\"inLanguage\":\"fr-FR\",\"potentialAction\":[{\"@type\":\"ReadAction\",\"target\":[\"https:\/\/orthopara.store\/index.php\/produit\/rossmax-tensiometre-sphygmomanometre-gb102\/\"]}]},{\"@type\":\"ImageObject\",\"inLanguage\":\"fr-FR\",\"@id\":\"https:\/\/orthopara.store\/index.php\/produit\/rossmax-tensiometre-sphygmomanometre-gb102\/#primaryimage\",\"url\":\"https:\/\/orthopara.store\/wp-content\/uploads\/2024\/06\/rossmax-tensiometre-sphygmomanometre-gb102.jpg\",\"contentUrl\":\"https:\/\/orthopara.store\/wp-content\/uploads\/2024\/06\/rossmax-tensiometre-sphygmomanometre-gb102.jpg\",\"width\":800,\"height\":800},{\"@type\":\"BreadcrumbList\",\"@id\":\"https:\/\/orthopara.store\/index.php\/produit\/rossmax-tensiometre-sphygmomanometre-gb102\/#breadcrumb\",\"itemListElement\":[{\"@type\":\"ListItem\",\"position\":1,\"name\":\"Accueil\",\"item\":\"https:\/\/orthopara.store\/\"},{\"@type\":\"ListItem\",\"position\":2,\"name\":\"Shop\",\"item\":\"https:\/\/orthopara.store\/?page_id=622\"},{\"@type\":\"ListItem\",\"position\":3,\"name\":\"Rossmax Tensiom\u00e8tre Sphygmomanom\u00e8tre &#8211; GB102\"}]},{\"@type\":\"WebSite\",\"@id\":\"https:\/\/orthopara.store\/#website\",\"url\":\"https:\/\/orthopara.store\/\",\"name\":\"OrthoPara\",\"description\":\"Parapharmacie\",\"publisher\":{\"@id\":\"https:\/\/orthopara.store\/#organization\"},\"potentialAction\":[{\"@type\":\"SearchAction\",\"target\":{\"@type\":\"EntryPoint\",\"urlTemplate\":\"https:\/\/orthopara.store\/?s={search_term_string}\"},\"query-input\":\"required name=search_term_string\"}],\"inLanguage\":\"fr-FR\"},{\"@type\":\"Organization\",\"@id\":\"https:\/\/orthopara.store\/#organization\",\"name\":\"OrthoPara\",\"url\":\"https:\/\/orthopara.store\/\",\"logo\":{\"@type\":\"ImageObject\",\"inLanguage\":\"fr-FR\",\"@id\":\"https:\/\/orthopara.store\/#\/schema\/logo\/image\/\",\"url\":\"https:\/\/orthopara.store\/wp-content\/uploads\/2024\/06\/cropped-9ABA8BAD-6256-4719-9315-15C66E64E882.png\",\"contentUrl\":\"https:\/\/orthopara.store\/wp-content\/uploads\/2024\/06\/cropped-9ABA8BAD-6256-4719-9315-15C66E64E882.png\",\"width\":240,\"height\":72,\"caption\":\"OrthoPara\"},\"image\":{\"@id\":\"https:\/\/orthopara.store\/#\/schema\/logo\/image\/\"},\"sameAs\":[\"https:\/\/www.facebook.com\/profile.php?id=61561194315651\",\"https:\/\/www.instagram.com\/orthopara_tunisie\/\"]}]}<\/script>\n<!-- \/ Yoast SEO plugin. -->","yoast_head_json":{"title":"Rossmax Tensiom\u00e8tre Sphygmomanom\u00e8tre - GB102 - OrthoPara","robots":{"index":"index","follow":"follow","max-snippet":"max-snippet:-1","max-image-preview":"max-image-preview:large","max-video-preview":"max-video-preview:-1"},"canonical":"https:\/\/orthopara.store\/index.php\/produit\/rossmax-tensiometre-sphygmomanometre-gb102\/","og_locale":"fr_FR","og_type":"article","og_title":"Rossmax Tensiom\u00e8tre Sphygmomanom\u00e8tre - GB102 - OrthoPara","og_description":"Rossmax Tensiom\u00e8tre Sphygmomanom\u00e8tre - GB102","og_url":"https:\/\/orthopara.store\/index.php\/produit\/rossmax-tensiometre-sphygmomanometre-gb102\/","og_site_name":"OrthoPara","article_publisher":"https:\/\/www.facebook.com\/profile.php?id=61561194315651","article_modified_time":"2024-06-28T13:56:39+00:00","og_image":[{"width":800,"height":800,"url":"https:\/\/orthopara.store\/wp-content\/uploads\/2024\/06\/rossmax-tensiometre-sphygmomanometre-gb102.jpg","type":"image\/jpeg"}],"twitter_card":"summary_large_image","schema":{"@context":"https:\/\/schema.org","@graph":[{"@type":"WebPage","@id":"https:\/\/orthopara.store\/index.php\/produit\/rossmax-tensiometre-sphygmomanometre-gb102\/","url":"https:\/\/orthopara.store\/index.php\/produit\/rossmax-tensiometre-sphygmomanometre-gb102\/","name":"Rossmax Tensiom\u00e8tre Sphygmomanom\u00e8tre - GB102 - OrthoPara","isPartOf":{"@id":"https:\/\/orthopara.store\/#website"},"primaryImageOfPage":{"@id":"https:\/\/orthopara.store\/index.php\/produit\/rossmax-tensiometre-sphygmomanometre-gb102\/#primaryimage"},"image":{"@id":"https:\/\/orthopara.store\/index.php\/produit\/rossmax-tensiometre-sphygmomanometre-gb102\/#primaryimage"},"thumbnailUrl":"https:\/\/orthopara.store\/wp-content\/uploads\/2024\/06\/rossmax-tensiometre-sphygmomanometre-gb102.jpg","datePublished":"2024-06-28T13:56:36+00:00","dateModified":"2024-06-28T13:56:39+00:00","breadcrumb":{"@id":"https:\/\/orthopara.store\/index.php\/produit\/rossmax-tensiometre-sphygmomanometre-gb102\/#breadcrumb"},"inLanguage":"fr-FR","potentialAction":[{"@type":"ReadAction","target":["https:\/\/orthopara.store\/index.php\/produit\/rossmax-tensiometre-sphygmomanometre-gb102\/"]}]},{"@type":"ImageObject","inLanguage":"fr-FR","@id":"https:\/\/orthopara.store\/index.php\/produit\/rossmax-tensiometre-sphygmomanometre-gb102\/#primaryimage","url":"https:\/\/orthopara.store\/wp-content\/uploads\/2024\/06\/rossmax-tensiometre-sphygmomanometre-gb102.jpg","contentUrl":"https:\/\/orthopara.store\/wp-content\/uploads\/2024\/06\/rossmax-tensiometre-sphygmomanometre-gb102.jpg","width":800,"height":800},{"@type":"BreadcrumbList","@id":"https:\/\/orthopara.store\/index.php\/produit\/rossmax-tensiometre-sphygmomanometre-gb102\/#breadcrumb","itemListElement":[{"@type":"ListItem","position":1,"name":"Accueil","item":"https:\/\/orthopara.store\/"},{"@type":"ListItem","position":2,"name":"Shop","item":"https:\/\/orthopara.store\/?page_id=622"},{"@type":"ListItem","position":3,"name":"Rossmax Tensiom\u00e8tre Sphygmomanom\u00e8tre &#8211; GB102"}]},{"@type":"WebSite","@id":"https:\/\/orthopara.store\/#website","url":"https:\/\/orthopara.store\/","name":"OrthoPara","description":"Parapharmacie","publisher":{"@id":"https:\/\/orthopara.store\/#organization"},"potentialAction":[{"@type":"SearchAction","target":{"@type":"EntryPoint","urlTemplate":"https:\/\/orthopara.store\/?s={search_term_string}"},"query-input":"required name=search_term_string"}],"inLanguage":"fr-FR"},{"@type":"Organization","@id":"https:\/\/orthopara.store\/#organization","name":"OrthoPara","url":"https:\/\/orthopara.store\/","logo":{"@type":"ImageObject","inLanguage":"fr-FR","@id":"https:\/\/orthopara.store\/#\/schema\/logo\/image\/","url":"https:\/\/orthopara.store\/wp-content\/uploads\/2024\/06\/cropped-9ABA8BAD-6256-4719-9315-15C66E64E882.png","contentUrl":"https:\/\/orthopara.store\/wp-content\/uploads\/2024\/06\/cropped-9ABA8BAD-6256-4719-9315-15C66E64E882.png","width":240,"height":72,"caption":"OrthoPara"},"image":{"@id":"https:\/\/orthopara.store\/#\/schema\/logo\/image\/"},"sameAs":["https:\/\/www.facebook.com\/profile.php?id=61561194315651","https:\/\/www.instagram.com\/orthopara_tunisie\/"]}]}},"jetpack_sharing_enabled":true,"brands":[{"id":246,"name":"ROSSMAX","slug":"rossmax"}],"_links":{"self":[{"href":"https:\/\/orthopara.store\/index.php?rest_route=\/wp\/v2\/product\/2034","targetHints":{"allow":["GET"]}}],"collection":[{"href":"https:\/\/orthopara.store\/index.php?rest_route=\/wp\/v2\/product"}],"about":[{"href":"https:\/\/orthopara.store\/index.php?rest_route=\/wp\/v2\/types\/product"}],"replies":[{"embeddable":true,"href":"https:\/\/orthopara.store\/index.php?rest_route=%2Fwp%2Fv2%2Fcomments&post=2034"}],"wp:featuredmedia":[{"embeddable":true,"href":"https:\/\/orthopara.store\/index.php?rest_route=\/wp\/v2\/media\/2049"}],"wp:attachment":[{"href":"https:\/\/orthopara.store\/index.php?rest_route=%2Fwp%2Fv2%2Fmedia&parent=2034"}],"wp:term":[{"taxonomy":"pwb-brand","embeddable":true,"href":"https:\/\/orthopara.store\/index.php?rest_route=%2Fwp%2Fv2%2Fpwb-brand&post=2034"},{"taxonomy":"product_cat","embeddable":true,"href":"https:\/\/orthopara.store\/index.php?rest_route=%2Fwp%2Fv2%2Fproduct_cat&post=2034"},{"taxonomy":"product_tag","embeddable":true,"href":"https:\/\/orthopara.store\/index.php?rest_route=%2Fwp%2Fv2%2Fproduct_tag&post=2034"}],"curies":[{"name":"wp","href":"https:\/\/api.w.org\/{rel}","templated":true}]}}