{"id":2043,"date":"2024-06-28T15:56:38","date_gmt":"2024-06-28T13:56:38","guid":{"rendered":"https:\/\/orthopara.store\/?post_type=product&#038;p=2043"},"modified":"2024-06-28T15:56:43","modified_gmt":"2024-06-28T13:56:43","slug":"tensiometre-a-brassard-bluetooth-bm54bt-beurer","status":"publish","type":"product","link":"https:\/\/orthopara.store\/?product=tensiometre-a-brassard-bluetooth-bm54bt-beurer","title":{"rendered":"Tensiom\u00e8tre \u00e0 brassard Bluetooth BM54BT &#8211; Beurer &#8211;"},"content":{"rendered":"<p>Tensiom\u00e8tre \u00e0 brassard Bluetooth BM54BT &#8211; Beurer &#8211;<br \/>\nCaract\u00e9ristique :<br \/>\nD\u00c9TECTION DE L\u2019ARYTHMIE : Pr\u00e9vient d&rsquo;\u00e9ventuels probl\u00e8mes cardiaques. Une \u00e9chelle de couleur vous indique en un coup d&rsquo;\u0153il si votre tension art\u00e9rielle est trop \u00e9lev\u00e9e<\/p>\n<p>\u00c9CRAN XL : Les r\u00e9sultats sur le grand \u00e9cran LCD sont faciles \u00e0 lire et clairs \u00e0 comprendre. Consultez votre tension art\u00e9rielle en vous relaxant \u00e0 la maison au toucher d&rsquo;un bouton<\/p>\n<p>AFFICHEZ VOS R\u00c9SULTATS : Le tensiometre au bras BM54BT calibr\u00e9 avec 2&#215;60 emplacements de m\u00e9moire affiche la valeur moyenne de toutes les lectures au cours des 7 derniers jours. Il vous suffit de transf\u00e9rer les donn\u00e9es sur votre ordinateur ou smartphone via Bluetooth<\/p>\n<p>MANCHETTE CONFORTABLE : La technologie de gonflage s\u2019\u00e9teint automatiquement lorsque les mesures sont prises et assure des r\u00e9sultats pr\u00e9cis. Le brassard s\u2019adapte aux bras adultes et grands<\/p>\n<p>PRATIQUE : Appareil id\u00e9al pour la maison mais aussi pour les voyages, gr\u00e2ce \u00e0 sa batterie et son sac de rangement, il est parfait au quotidien et en d\u00e9placement<\/p>\n","protected":false},"excerpt":{"rendered":"<p>Beurer<br \/>\n Tensiom\u00e8tre \u00e0 brassard Bluetooth BM54BT<br \/>\nTensiom\u00e8tre \u00e9lectronique au bras Beurer BM 54<br \/>\nd\u00e9tecteur d&rsquo;arythmie cardiaque et hypertension\u00a0<br \/>\nmesure la tension art\u00e9rielle<br \/>\nfacile \u00e0 utiliser\u00a0<br \/>\nBluetooth et grand \u00e9cran\u00a0<br \/>\nbrassard de 22 \u00e0 44 cm<\/p>\n","protected":false},"featured_media":2058,"comment_status":"open","ping_status":"closed","template":"","meta":[],"pwb-brand":[93],"product_cat":[245],"product_tag":[],"class_list":{"0":"post-2043","1":"product","2":"type-product","3":"status-publish","4":"has-post-thumbnail","6":"pwb-brand-beurer","7":"product_cat-tensiometres","8":"post","9":"ws-product--style-1","11":"first","12":"instock","13":"shipping-taxable","14":"purchasable","15":"product-type-simple"},"yoast_head":"<!-- This site is optimized with the Yoast SEO plugin v23.0 - https:\/\/yoast.com\/wordpress\/plugins\/seo\/ -->\n<title>Tensiom\u00e8tre \u00e0 brassard Bluetooth BM54BT - Beurer - OrthoPara<\/title>\n<meta name=\"robots\" content=\"index, follow, max-snippet:-1, max-image-preview:large, max-video-preview:-1\" \/>\n<link rel=\"canonical\" href=\"https:\/\/orthopara.store\/index.php\/produit\/tensiometre-a-brassard-bluetooth-bm54bt-beurer\/\" \/>\n<meta property=\"og:locale\" content=\"fr_FR\" \/>\n<meta property=\"og:type\" content=\"article\" \/>\n<meta property=\"og:title\" content=\"Tensiom\u00e8tre \u00e0 brassard Bluetooth BM54BT - Beurer - OrthoPara\" \/>\n<meta property=\"og:description\" content=\"Beurer Tensiom\u00e8tre \u00e0 brassard Bluetooth BM54BT Tensiom\u00e8tre \u00e9lectronique au bras Beurer BM 54 d\u00e9tecteur d&#039;arythmie cardiaque et hypertension\u00a0 mesure la tension art\u00e9rielle facile \u00e0 utiliser\u00a0 Bluetooth et grand \u00e9cran\u00a0 brassard de 22 \u00e0 44 cm\" \/>\n<meta property=\"og:url\" content=\"https:\/\/orthopara.store\/index.php\/produit\/tensiometre-a-brassard-bluetooth-bm54bt-beurer\/\" \/>\n<meta property=\"og:site_name\" content=\"OrthoPara\" \/>\n<meta property=\"article:publisher\" content=\"https:\/\/www.facebook.com\/profile.php?id=61561194315651\" \/>\n<meta property=\"article:modified_time\" content=\"2024-06-28T13:56:43+00:00\" \/>\n<meta property=\"og:image\" content=\"https:\/\/orthopara.store\/wp-content\/uploads\/2024\/06\/tensiometre-a-brassard-bluetooth-bm54bt-beurer-.jpg\" \/>\n\t<meta property=\"og:image:width\" content=\"800\" \/>\n\t<meta property=\"og:image:height\" content=\"800\" \/>\n\t<meta property=\"og:image:type\" content=\"image\/jpeg\" \/>\n<meta name=\"twitter:card\" content=\"summary_large_image\" \/>\n<meta name=\"twitter:label1\" content=\"Dur\u00e9e de lecture estim\u00e9e\" \/>\n\t<meta name=\"twitter:data1\" content=\"1 minute\" \/>\n<script type=\"application\/ld+json\" class=\"yoast-schema-graph\">{\"@context\":\"https:\/\/schema.org\",\"@graph\":[{\"@type\":\"WebPage\",\"@id\":\"https:\/\/orthopara.store\/index.php\/produit\/tensiometre-a-brassard-bluetooth-bm54bt-beurer\/\",\"url\":\"https:\/\/orthopara.store\/index.php\/produit\/tensiometre-a-brassard-bluetooth-bm54bt-beurer\/\",\"name\":\"Tensiom\u00e8tre \u00e0 brassard Bluetooth BM54BT - Beurer - OrthoPara\",\"isPartOf\":{\"@id\":\"https:\/\/orthopara.store\/#website\"},\"primaryImageOfPage\":{\"@id\":\"https:\/\/orthopara.store\/index.php\/produit\/tensiometre-a-brassard-bluetooth-bm54bt-beurer\/#primaryimage\"},\"image\":{\"@id\":\"https:\/\/orthopara.store\/index.php\/produit\/tensiometre-a-brassard-bluetooth-bm54bt-beurer\/#primaryimage\"},\"thumbnailUrl\":\"https:\/\/orthopara.store\/wp-content\/uploads\/2024\/06\/tensiometre-a-brassard-bluetooth-bm54bt-beurer-.jpg\",\"datePublished\":\"2024-06-28T13:56:38+00:00\",\"dateModified\":\"2024-06-28T13:56:43+00:00\",\"breadcrumb\":{\"@id\":\"https:\/\/orthopara.store\/index.php\/produit\/tensiometre-a-brassard-bluetooth-bm54bt-beurer\/#breadcrumb\"},\"inLanguage\":\"fr-FR\",\"potentialAction\":[{\"@type\":\"ReadAction\",\"target\":[\"https:\/\/orthopara.store\/index.php\/produit\/tensiometre-a-brassard-bluetooth-bm54bt-beurer\/\"]}]},{\"@type\":\"ImageObject\",\"inLanguage\":\"fr-FR\",\"@id\":\"https:\/\/orthopara.store\/index.php\/produit\/tensiometre-a-brassard-bluetooth-bm54bt-beurer\/#primaryimage\",\"url\":\"https:\/\/orthopara.store\/wp-content\/uploads\/2024\/06\/tensiometre-a-brassard-bluetooth-bm54bt-beurer-.jpg\",\"contentUrl\":\"https:\/\/orthopara.store\/wp-content\/uploads\/2024\/06\/tensiometre-a-brassard-bluetooth-bm54bt-beurer-.jpg\",\"width\":800,\"height\":800},{\"@type\":\"BreadcrumbList\",\"@id\":\"https:\/\/orthopara.store\/index.php\/produit\/tensiometre-a-brassard-bluetooth-bm54bt-beurer\/#breadcrumb\",\"itemListElement\":[{\"@type\":\"ListItem\",\"position\":1,\"name\":\"Accueil\",\"item\":\"https:\/\/orthopara.store\/\"},{\"@type\":\"ListItem\",\"position\":2,\"name\":\"Shop\",\"item\":\"https:\/\/orthopara.store\/?page_id=622\"},{\"@type\":\"ListItem\",\"position\":3,\"name\":\"Tensiom\u00e8tre \u00e0 brassard Bluetooth BM54BT &#8211; Beurer &#8211;\"}]},{\"@type\":\"WebSite\",\"@id\":\"https:\/\/orthopara.store\/#website\",\"url\":\"https:\/\/orthopara.store\/\",\"name\":\"OrthoPara\",\"description\":\"Parapharmacie\",\"publisher\":{\"@id\":\"https:\/\/orthopara.store\/#organization\"},\"potentialAction\":[{\"@type\":\"SearchAction\",\"target\":{\"@type\":\"EntryPoint\",\"urlTemplate\":\"https:\/\/orthopara.store\/?s={search_term_string}\"},\"query-input\":\"required name=search_term_string\"}],\"inLanguage\":\"fr-FR\"},{\"@type\":\"Organization\",\"@id\":\"https:\/\/orthopara.store\/#organization\",\"name\":\"OrthoPara\",\"url\":\"https:\/\/orthopara.store\/\",\"logo\":{\"@type\":\"ImageObject\",\"inLanguage\":\"fr-FR\",\"@id\":\"https:\/\/orthopara.store\/#\/schema\/logo\/image\/\",\"url\":\"https:\/\/orthopara.store\/wp-content\/uploads\/2024\/06\/cropped-9ABA8BAD-6256-4719-9315-15C66E64E882.png\",\"contentUrl\":\"https:\/\/orthopara.store\/wp-content\/uploads\/2024\/06\/cropped-9ABA8BAD-6256-4719-9315-15C66E64E882.png\",\"width\":240,\"height\":72,\"caption\":\"OrthoPara\"},\"image\":{\"@id\":\"https:\/\/orthopara.store\/#\/schema\/logo\/image\/\"},\"sameAs\":[\"https:\/\/www.facebook.com\/profile.php?id=61561194315651\",\"https:\/\/www.instagram.com\/orthopara_tunisie\/\"]}]}<\/script>\n<!-- \/ Yoast SEO plugin. -->","yoast_head_json":{"title":"Tensiom\u00e8tre \u00e0 brassard Bluetooth BM54BT - Beurer - OrthoPara","robots":{"index":"index","follow":"follow","max-snippet":"max-snippet:-1","max-image-preview":"max-image-preview:large","max-video-preview":"max-video-preview:-1"},"canonical":"https:\/\/orthopara.store\/index.php\/produit\/tensiometre-a-brassard-bluetooth-bm54bt-beurer\/","og_locale":"fr_FR","og_type":"article","og_title":"Tensiom\u00e8tre \u00e0 brassard Bluetooth BM54BT - Beurer - OrthoPara","og_description":"Beurer Tensiom\u00e8tre \u00e0 brassard Bluetooth BM54BT Tensiom\u00e8tre \u00e9lectronique au bras Beurer BM 54 d\u00e9tecteur d'arythmie cardiaque et hypertension\u00a0 mesure la tension art\u00e9rielle facile \u00e0 utiliser\u00a0 Bluetooth et grand \u00e9cran\u00a0 brassard de 22 \u00e0 44 cm","og_url":"https:\/\/orthopara.store\/index.php\/produit\/tensiometre-a-brassard-bluetooth-bm54bt-beurer\/","og_site_name":"OrthoPara","article_publisher":"https:\/\/www.facebook.com\/profile.php?id=61561194315651","article_modified_time":"2024-06-28T13:56:43+00:00","og_image":[{"width":800,"height":800,"url":"https:\/\/orthopara.store\/wp-content\/uploads\/2024\/06\/tensiometre-a-brassard-bluetooth-bm54bt-beurer-.jpg","type":"image\/jpeg"}],"twitter_card":"summary_large_image","twitter_misc":{"Dur\u00e9e de lecture estim\u00e9e":"1 minute"},"schema":{"@context":"https:\/\/schema.org","@graph":[{"@type":"WebPage","@id":"https:\/\/orthopara.store\/index.php\/produit\/tensiometre-a-brassard-bluetooth-bm54bt-beurer\/","url":"https:\/\/orthopara.store\/index.php\/produit\/tensiometre-a-brassard-bluetooth-bm54bt-beurer\/","name":"Tensiom\u00e8tre \u00e0 brassard Bluetooth BM54BT - Beurer - OrthoPara","isPartOf":{"@id":"https:\/\/orthopara.store\/#website"},"primaryImageOfPage":{"@id":"https:\/\/orthopara.store\/index.php\/produit\/tensiometre-a-brassard-bluetooth-bm54bt-beurer\/#primaryimage"},"image":{"@id":"https:\/\/orthopara.store\/index.php\/produit\/tensiometre-a-brassard-bluetooth-bm54bt-beurer\/#primaryimage"},"thumbnailUrl":"https:\/\/orthopara.store\/wp-content\/uploads\/2024\/06\/tensiometre-a-brassard-bluetooth-bm54bt-beurer-.jpg","datePublished":"2024-06-28T13:56:38+00:00","dateModified":"2024-06-28T13:56:43+00:00","breadcrumb":{"@id":"https:\/\/orthopara.store\/index.php\/produit\/tensiometre-a-brassard-bluetooth-bm54bt-beurer\/#breadcrumb"},"inLanguage":"fr-FR","potentialAction":[{"@type":"ReadAction","target":["https:\/\/orthopara.store\/index.php\/produit\/tensiometre-a-brassard-bluetooth-bm54bt-beurer\/"]}]},{"@type":"ImageObject","inLanguage":"fr-FR","@id":"https:\/\/orthopara.store\/index.php\/produit\/tensiometre-a-brassard-bluetooth-bm54bt-beurer\/#primaryimage","url":"https:\/\/orthopara.store\/wp-content\/uploads\/2024\/06\/tensiometre-a-brassard-bluetooth-bm54bt-beurer-.jpg","contentUrl":"https:\/\/orthopara.store\/wp-content\/uploads\/2024\/06\/tensiometre-a-brassard-bluetooth-bm54bt-beurer-.jpg","width":800,"height":800},{"@type":"BreadcrumbList","@id":"https:\/\/orthopara.store\/index.php\/produit\/tensiometre-a-brassard-bluetooth-bm54bt-beurer\/#breadcrumb","itemListElement":[{"@type":"ListItem","position":1,"name":"Accueil","item":"https:\/\/orthopara.store\/"},{"@type":"ListItem","position":2,"name":"Shop","item":"https:\/\/orthopara.store\/?page_id=622"},{"@type":"ListItem","position":3,"name":"Tensiom\u00e8tre \u00e0 brassard Bluetooth BM54BT &#8211; Beurer &#8211;"}]},{"@type":"WebSite","@id":"https:\/\/orthopara.store\/#website","url":"https:\/\/orthopara.store\/","name":"OrthoPara","description":"Parapharmacie","publisher":{"@id":"https:\/\/orthopara.store\/#organization"},"potentialAction":[{"@type":"SearchAction","target":{"@type":"EntryPoint","urlTemplate":"https:\/\/orthopara.store\/?s={search_term_string}"},"query-input":"required name=search_term_string"}],"inLanguage":"fr-FR"},{"@type":"Organization","@id":"https:\/\/orthopara.store\/#organization","name":"OrthoPara","url":"https:\/\/orthopara.store\/","logo":{"@type":"ImageObject","inLanguage":"fr-FR","@id":"https:\/\/orthopara.store\/#\/schema\/logo\/image\/","url":"https:\/\/orthopara.store\/wp-content\/uploads\/2024\/06\/cropped-9ABA8BAD-6256-4719-9315-15C66E64E882.png","contentUrl":"https:\/\/orthopara.store\/wp-content\/uploads\/2024\/06\/cropped-9ABA8BAD-6256-4719-9315-15C66E64E882.png","width":240,"height":72,"caption":"OrthoPara"},"image":{"@id":"https:\/\/orthopara.store\/#\/schema\/logo\/image\/"},"sameAs":["https:\/\/www.facebook.com\/profile.php?id=61561194315651","https:\/\/www.instagram.com\/orthopara_tunisie\/"]}]}},"jetpack_sharing_enabled":true,"brands":[{"id":93,"name":"Beurer","slug":"beurer"}],"_links":{"self":[{"href":"https:\/\/orthopara.store\/index.php?rest_route=\/wp\/v2\/product\/2043","targetHints":{"allow":["GET"]}}],"collection":[{"href":"https:\/\/orthopara.store\/index.php?rest_route=\/wp\/v2\/product"}],"about":[{"href":"https:\/\/orthopara.store\/index.php?rest_route=\/wp\/v2\/types\/product"}],"replies":[{"embeddable":true,"href":"https:\/\/orthopara.store\/index.php?rest_route=%2Fwp%2Fv2%2Fcomments&post=2043"}],"wp:featuredmedia":[{"embeddable":true,"href":"https:\/\/orthopara.store\/index.php?rest_route=\/wp\/v2\/media\/2058"}],"wp:attachment":[{"href":"https:\/\/orthopara.store\/index.php?rest_route=%2Fwp%2Fv2%2Fmedia&parent=2043"}],"wp:term":[{"taxonomy":"pwb-brand","embeddable":true,"href":"https:\/\/orthopara.store\/index.php?rest_route=%2Fwp%2Fv2%2Fpwb-brand&post=2043"},{"taxonomy":"product_cat","embeddable":true,"href":"https:\/\/orthopara.store\/index.php?rest_route=%2Fwp%2Fv2%2Fproduct_cat&post=2043"},{"taxonomy":"product_tag","embeddable":true,"href":"https:\/\/orthopara.store\/index.php?rest_route=%2Fwp%2Fv2%2Fproduct_tag&post=2043"}],"curies":[{"name":"wp","href":"https:\/\/api.w.org\/{rel}","templated":true}]}}