{"id":2115,"date":"2024-06-28T15:57:00","date_gmt":"2024-06-28T13:57:00","guid":{"rendered":"https:\/\/orthopara.store\/?post_type=product&#038;p=2115"},"modified":"2024-11-07T10:06:58","modified_gmt":"2024-11-07T09:06:58","slug":"compresse-dalginate-de-calcium-suprasob-a-10x10-cm-1-piece","status":"publish","type":"product","link":"https:\/\/orthopara.store\/?product=compresse-dalginate-de-calcium-suprasob-a-10x10-cm-1-piece","title":{"rendered":"Compresse d&rsquo;alginate de calcium &#8211; Suprasob A &#8211; 10&#215;10 cm &#8211; 1 pi\u00e8ce"},"content":{"rendered":"<p>Compresse d&rsquo;alginate de calcium &#8211; Suprasob A &#8211; 10&#215;10 cm &#8211; 4&#215;4 in &#8211; 1 pi\u00e8ce\u00a0<\/p>\n<p>Le Pansement Alginate de Calcium Suprasorb A Venosan 10x10cm est largement utilis\u00e9 dans le traitement des plaies, ulc\u00e8res et escarres, en particulier ceux d&rsquo;un niveau plus critique. Puissant, il garantit un traitement efficace et pr\u00e9cis dans ces cas. Fortement recommand\u00e9 par les m\u00e9decins et les experts.<br \/>\nQuiconque a des plaies difficiles \u00e0 cicatriser ou prend soin d&rsquo;une personne atteinte de cette maladie sait \u00e0 quel point il est inconfortable de traiter et de gu\u00e9rir ce probl\u00e8me. Dans certains cas, le sentiment qui subsiste est qu&rsquo;il ne sera jamais possible de mettre un terme d\u00e9finitif \u00e0 la situation. En ce sens, l&rsquo;utilisation de pansements sp\u00e9ciaux, tels que l&rsquo;alginate de calcium, est essentielle, en raison de sa grande puissance de traitement.<br \/>\nComment \u00e7a fonctionne Suprasob alginate de calcium ?<br \/>\nSuprasorb A est un pansement d&rsquo;alginate de calcium qui cr\u00e9e un environnement propre dans les plaies tr\u00e8s exsudatives (qui produisent beaucoup de s\u00e9cr\u00e9tions). Il est compos\u00e9 de fibres d&rsquo;alginate de calcium, issu d&rsquo;algues brunes. Lorsqu&rsquo;ils sont appliqu\u00e9s sur l&rsquo;escarre, ils pr\u00e9sentent une formation rapide de gel en \u00e9changeant les ions calcium du pansement avec les ions sodium de la s\u00e9cr\u00e9tion de la plaie.<br \/>\nLe gel qui se forme \u00e0 partir de ce processus emprisonne les bact\u00e9ries et les d\u00e9bris tissulaires qui sont \u00e9limin\u00e9s avec les fibres d&rsquo;alginate, favorisant la gu\u00e9rison et le traitement de l&rsquo;escarre. S\u00fbr et efficace.<br \/>\nLe pansement d&rsquo;alginate est appr\u00e9ci\u00e9 des m\u00e9decins et des infirmi\u00e8res pour sa grande capacit\u00e9 \u00e0 absorber de grands volumes d&rsquo;exsudat, en plus d&rsquo;\u00eatre doux et facile \u00e0 placer sur les plaies, s&rsquo;adaptant \u00e0 tout type de lit.<br \/>\nV\u00e9rifiez les caract\u00e9ristiques du produit :<br \/>\nLe pansement \u00e0 l&rsquo;alginate de calcium Suprasorb A Venosan 10x10cm est indiqu\u00e9 pour les plaies exsudatives (avec forte production de s\u00e9cr\u00e9tions), h\u00e9morragiques, propres ou infect\u00e9es, aigu\u00ebs ou chroniques, superficielles ou profondes.<br \/>\nProduit s\u00fbr avec des r\u00e9sultats prouv\u00e9s. Recommand\u00e9 par les meilleurs m\u00e9decins, infirmi\u00e8res et professionnels de la sant\u00e9. Parlez-en au professionnel qui suit votre traitement.<br \/>\nComposition du produit :<br \/>\nFibres\u00a0d&rsquo;alginates de calcium\u00a0<br \/>\nContre indications :\u00a0<br \/>\nles compresses et les tampons d&rsquo;alginate de calcium :<br \/>\nne conviennent pas aux plaies s\u00e8ches<br \/>\nne conviennent pas aux brulures de 3\u00e8me degr\u00e9\u00a0<\/p>\n","protected":false},"excerpt":{"rendered":"<p>Suprasob A<br \/>\nCompresse d&rsquo;alginate de calcium<br \/>\nHaute performance et capacit\u00e9 d&rsquo;absorption maximale<br \/>\nApplication facile et excellent confort du patient\u00a0<br \/>\nProduit st\u00e9rilis\u00e9\u00a0<br \/>\nComposition : alginate de calcium<br \/>\nTaille : 10 x 10 cm<br \/>\nDLC : 31\/03\/2027<\/p>\n","protected":false},"featured_media":2138,"comment_status":"open","ping_status":"closed","template":"","meta":[],"pwb-brand":[266],"product_cat":[264],"product_tag":[],"class_list":{"0":"post-2115","1":"product","2":"type-product","3":"status-publish","4":"has-post-thumbnail","6":"pwb-brand-lohmann-and-rauscher","7":"product_cat-pansements","8":"post","9":"ws-product--style-1","11":"first","12":"instock","13":"shipping-taxable","14":"purchasable","15":"product-type-simple"},"yoast_head":"<!-- This site is optimized with the Yoast SEO plugin v23.0 - https:\/\/yoast.com\/wordpress\/plugins\/seo\/ -->\n<title>Compresse d&#039;alginate de calcium - Suprasob A - 10x10 cm - 1 pi\u00e8ce - OrthoPara<\/title>\n<meta name=\"robots\" content=\"index, follow, max-snippet:-1, max-image-preview:large, max-video-preview:-1\" \/>\n<link rel=\"canonical\" href=\"https:\/\/orthopara.store\/index.php\/produit\/compresse-dalginate-de-calcium-suprasob-a-10x10-cm-1-piece\/\" \/>\n<meta property=\"og:locale\" content=\"fr_FR\" \/>\n<meta property=\"og:type\" content=\"article\" \/>\n<meta property=\"og:title\" content=\"Compresse d&#039;alginate de calcium - Suprasob A - 10x10 cm - 1 pi\u00e8ce - OrthoPara\" \/>\n<meta property=\"og:description\" content=\"Suprasob A Compresse d&#039;alginate de calcium Haute performance et capacit\u00e9 d&#039;absorption maximale Application facile et excellent confort du patient\u00a0 Produit st\u00e9rilis\u00e9\u00a0 Composition : alginate de calcium Taille : 10 x 10 cm DLC : 31\/03\/2027\" \/>\n<meta property=\"og:url\" content=\"https:\/\/orthopara.store\/index.php\/produit\/compresse-dalginate-de-calcium-suprasob-a-10x10-cm-1-piece\/\" \/>\n<meta property=\"og:site_name\" content=\"OrthoPara\" \/>\n<meta property=\"article:publisher\" content=\"https:\/\/www.facebook.com\/profile.php?id=61561194315651\" \/>\n<meta property=\"article:modified_time\" content=\"2024-11-07T09:06:58+00:00\" \/>\n<meta property=\"og:image\" content=\"https:\/\/orthopara.store\/wp-content\/uploads\/2024\/06\/compresse-d-alginate-de-calcium-suprasob-a-10x10-cm-1-piece.jpg\" \/>\n\t<meta property=\"og:image:width\" content=\"800\" \/>\n\t<meta property=\"og:image:height\" content=\"800\" \/>\n\t<meta property=\"og:image:type\" content=\"image\/jpeg\" \/>\n<meta name=\"twitter:card\" content=\"summary_large_image\" \/>\n<meta name=\"twitter:label1\" content=\"Dur\u00e9e de lecture estim\u00e9e\" \/>\n\t<meta name=\"twitter:data1\" content=\"2 minutes\" \/>\n<script type=\"application\/ld+json\" class=\"yoast-schema-graph\">{\"@context\":\"https:\/\/schema.org\",\"@graph\":[{\"@type\":\"WebPage\",\"@id\":\"https:\/\/orthopara.store\/index.php\/produit\/compresse-dalginate-de-calcium-suprasob-a-10x10-cm-1-piece\/\",\"url\":\"https:\/\/orthopara.store\/index.php\/produit\/compresse-dalginate-de-calcium-suprasob-a-10x10-cm-1-piece\/\",\"name\":\"Compresse d'alginate de calcium - Suprasob A - 10x10 cm - 1 pi\u00e8ce - OrthoPara\",\"isPartOf\":{\"@id\":\"https:\/\/orthopara.store\/#website\"},\"primaryImageOfPage\":{\"@id\":\"https:\/\/orthopara.store\/index.php\/produit\/compresse-dalginate-de-calcium-suprasob-a-10x10-cm-1-piece\/#primaryimage\"},\"image\":{\"@id\":\"https:\/\/orthopara.store\/index.php\/produit\/compresse-dalginate-de-calcium-suprasob-a-10x10-cm-1-piece\/#primaryimage\"},\"thumbnailUrl\":\"https:\/\/orthopara.store\/wp-content\/uploads\/2024\/06\/compresse-d-alginate-de-calcium-suprasob-a-10x10-cm-1-piece.jpg\",\"datePublished\":\"2024-06-28T13:57:00+00:00\",\"dateModified\":\"2024-11-07T09:06:58+00:00\",\"breadcrumb\":{\"@id\":\"https:\/\/orthopara.store\/index.php\/produit\/compresse-dalginate-de-calcium-suprasob-a-10x10-cm-1-piece\/#breadcrumb\"},\"inLanguage\":\"fr-FR\",\"potentialAction\":[{\"@type\":\"ReadAction\",\"target\":[\"https:\/\/orthopara.store\/index.php\/produit\/compresse-dalginate-de-calcium-suprasob-a-10x10-cm-1-piece\/\"]}]},{\"@type\":\"ImageObject\",\"inLanguage\":\"fr-FR\",\"@id\":\"https:\/\/orthopara.store\/index.php\/produit\/compresse-dalginate-de-calcium-suprasob-a-10x10-cm-1-piece\/#primaryimage\",\"url\":\"https:\/\/orthopara.store\/wp-content\/uploads\/2024\/06\/compresse-d-alginate-de-calcium-suprasob-a-10x10-cm-1-piece.jpg\",\"contentUrl\":\"https:\/\/orthopara.store\/wp-content\/uploads\/2024\/06\/compresse-d-alginate-de-calcium-suprasob-a-10x10-cm-1-piece.jpg\",\"width\":800,\"height\":800},{\"@type\":\"BreadcrumbList\",\"@id\":\"https:\/\/orthopara.store\/index.php\/produit\/compresse-dalginate-de-calcium-suprasob-a-10x10-cm-1-piece\/#breadcrumb\",\"itemListElement\":[{\"@type\":\"ListItem\",\"position\":1,\"name\":\"Accueil\",\"item\":\"https:\/\/orthopara.store\/\"},{\"@type\":\"ListItem\",\"position\":2,\"name\":\"Shop\",\"item\":\"https:\/\/orthopara.store\/?page_id=622\"},{\"@type\":\"ListItem\",\"position\":3,\"name\":\"Compresse d&rsquo;alginate de calcium &#8211; Suprasob A &#8211; 10&#215;10 cm &#8211; 1 pi\u00e8ce\"}]},{\"@type\":\"WebSite\",\"@id\":\"https:\/\/orthopara.store\/#website\",\"url\":\"https:\/\/orthopara.store\/\",\"name\":\"OrthoPara\",\"description\":\"Parapharmacie\",\"publisher\":{\"@id\":\"https:\/\/orthopara.store\/#organization\"},\"potentialAction\":[{\"@type\":\"SearchAction\",\"target\":{\"@type\":\"EntryPoint\",\"urlTemplate\":\"https:\/\/orthopara.store\/?s={search_term_string}\"},\"query-input\":\"required name=search_term_string\"}],\"inLanguage\":\"fr-FR\"},{\"@type\":\"Organization\",\"@id\":\"https:\/\/orthopara.store\/#organization\",\"name\":\"OrthoPara\",\"url\":\"https:\/\/orthopara.store\/\",\"logo\":{\"@type\":\"ImageObject\",\"inLanguage\":\"fr-FR\",\"@id\":\"https:\/\/orthopara.store\/#\/schema\/logo\/image\/\",\"url\":\"https:\/\/orthopara.store\/wp-content\/uploads\/2024\/06\/cropped-9ABA8BAD-6256-4719-9315-15C66E64E882.png\",\"contentUrl\":\"https:\/\/orthopara.store\/wp-content\/uploads\/2024\/06\/cropped-9ABA8BAD-6256-4719-9315-15C66E64E882.png\",\"width\":240,\"height\":72,\"caption\":\"OrthoPara\"},\"image\":{\"@id\":\"https:\/\/orthopara.store\/#\/schema\/logo\/image\/\"},\"sameAs\":[\"https:\/\/www.facebook.com\/profile.php?id=61561194315651\",\"https:\/\/www.instagram.com\/orthopara_tunisie\/\"]}]}<\/script>\n<!-- \/ Yoast SEO plugin. -->","yoast_head_json":{"title":"Compresse d'alginate de calcium - Suprasob A - 10x10 cm - 1 pi\u00e8ce - OrthoPara","robots":{"index":"index","follow":"follow","max-snippet":"max-snippet:-1","max-image-preview":"max-image-preview:large","max-video-preview":"max-video-preview:-1"},"canonical":"https:\/\/orthopara.store\/index.php\/produit\/compresse-dalginate-de-calcium-suprasob-a-10x10-cm-1-piece\/","og_locale":"fr_FR","og_type":"article","og_title":"Compresse d'alginate de calcium - Suprasob A - 10x10 cm - 1 pi\u00e8ce - OrthoPara","og_description":"Suprasob A Compresse d'alginate de calcium Haute performance et capacit\u00e9 d'absorption maximale Application facile et excellent confort du patient\u00a0 Produit st\u00e9rilis\u00e9\u00a0 Composition : alginate de calcium Taille : 10 x 10 cm DLC : 31\/03\/2027","og_url":"https:\/\/orthopara.store\/index.php\/produit\/compresse-dalginate-de-calcium-suprasob-a-10x10-cm-1-piece\/","og_site_name":"OrthoPara","article_publisher":"https:\/\/www.facebook.com\/profile.php?id=61561194315651","article_modified_time":"2024-11-07T09:06:58+00:00","og_image":[{"width":800,"height":800,"url":"https:\/\/orthopara.store\/wp-content\/uploads\/2024\/06\/compresse-d-alginate-de-calcium-suprasob-a-10x10-cm-1-piece.jpg","type":"image\/jpeg"}],"twitter_card":"summary_large_image","twitter_misc":{"Dur\u00e9e de lecture estim\u00e9e":"2 minutes"},"schema":{"@context":"https:\/\/schema.org","@graph":[{"@type":"WebPage","@id":"https:\/\/orthopara.store\/index.php\/produit\/compresse-dalginate-de-calcium-suprasob-a-10x10-cm-1-piece\/","url":"https:\/\/orthopara.store\/index.php\/produit\/compresse-dalginate-de-calcium-suprasob-a-10x10-cm-1-piece\/","name":"Compresse d'alginate de calcium - Suprasob A - 10x10 cm - 1 pi\u00e8ce - OrthoPara","isPartOf":{"@id":"https:\/\/orthopara.store\/#website"},"primaryImageOfPage":{"@id":"https:\/\/orthopara.store\/index.php\/produit\/compresse-dalginate-de-calcium-suprasob-a-10x10-cm-1-piece\/#primaryimage"},"image":{"@id":"https:\/\/orthopara.store\/index.php\/produit\/compresse-dalginate-de-calcium-suprasob-a-10x10-cm-1-piece\/#primaryimage"},"thumbnailUrl":"https:\/\/orthopara.store\/wp-content\/uploads\/2024\/06\/compresse-d-alginate-de-calcium-suprasob-a-10x10-cm-1-piece.jpg","datePublished":"2024-06-28T13:57:00+00:00","dateModified":"2024-11-07T09:06:58+00:00","breadcrumb":{"@id":"https:\/\/orthopara.store\/index.php\/produit\/compresse-dalginate-de-calcium-suprasob-a-10x10-cm-1-piece\/#breadcrumb"},"inLanguage":"fr-FR","potentialAction":[{"@type":"ReadAction","target":["https:\/\/orthopara.store\/index.php\/produit\/compresse-dalginate-de-calcium-suprasob-a-10x10-cm-1-piece\/"]}]},{"@type":"ImageObject","inLanguage":"fr-FR","@id":"https:\/\/orthopara.store\/index.php\/produit\/compresse-dalginate-de-calcium-suprasob-a-10x10-cm-1-piece\/#primaryimage","url":"https:\/\/orthopara.store\/wp-content\/uploads\/2024\/06\/compresse-d-alginate-de-calcium-suprasob-a-10x10-cm-1-piece.jpg","contentUrl":"https:\/\/orthopara.store\/wp-content\/uploads\/2024\/06\/compresse-d-alginate-de-calcium-suprasob-a-10x10-cm-1-piece.jpg","width":800,"height":800},{"@type":"BreadcrumbList","@id":"https:\/\/orthopara.store\/index.php\/produit\/compresse-dalginate-de-calcium-suprasob-a-10x10-cm-1-piece\/#breadcrumb","itemListElement":[{"@type":"ListItem","position":1,"name":"Accueil","item":"https:\/\/orthopara.store\/"},{"@type":"ListItem","position":2,"name":"Shop","item":"https:\/\/orthopara.store\/?page_id=622"},{"@type":"ListItem","position":3,"name":"Compresse d&rsquo;alginate de calcium &#8211; Suprasob A &#8211; 10&#215;10 cm &#8211; 1 pi\u00e8ce"}]},{"@type":"WebSite","@id":"https:\/\/orthopara.store\/#website","url":"https:\/\/orthopara.store\/","name":"OrthoPara","description":"Parapharmacie","publisher":{"@id":"https:\/\/orthopara.store\/#organization"},"potentialAction":[{"@type":"SearchAction","target":{"@type":"EntryPoint","urlTemplate":"https:\/\/orthopara.store\/?s={search_term_string}"},"query-input":"required name=search_term_string"}],"inLanguage":"fr-FR"},{"@type":"Organization","@id":"https:\/\/orthopara.store\/#organization","name":"OrthoPara","url":"https:\/\/orthopara.store\/","logo":{"@type":"ImageObject","inLanguage":"fr-FR","@id":"https:\/\/orthopara.store\/#\/schema\/logo\/image\/","url":"https:\/\/orthopara.store\/wp-content\/uploads\/2024\/06\/cropped-9ABA8BAD-6256-4719-9315-15C66E64E882.png","contentUrl":"https:\/\/orthopara.store\/wp-content\/uploads\/2024\/06\/cropped-9ABA8BAD-6256-4719-9315-15C66E64E882.png","width":240,"height":72,"caption":"OrthoPara"},"image":{"@id":"https:\/\/orthopara.store\/#\/schema\/logo\/image\/"},"sameAs":["https:\/\/www.facebook.com\/profile.php?id=61561194315651","https:\/\/www.instagram.com\/orthopara_tunisie\/"]}]}},"jetpack_sharing_enabled":true,"brands":[{"id":266,"name":"Lohmann-And-Rauscher","slug":"lohmann-and-rauscher"}],"_links":{"self":[{"href":"https:\/\/orthopara.store\/index.php?rest_route=\/wp\/v2\/product\/2115","targetHints":{"allow":["GET"]}}],"collection":[{"href":"https:\/\/orthopara.store\/index.php?rest_route=\/wp\/v2\/product"}],"about":[{"href":"https:\/\/orthopara.store\/index.php?rest_route=\/wp\/v2\/types\/product"}],"replies":[{"embeddable":true,"href":"https:\/\/orthopara.store\/index.php?rest_route=%2Fwp%2Fv2%2Fcomments&post=2115"}],"wp:featuredmedia":[{"embeddable":true,"href":"https:\/\/orthopara.store\/index.php?rest_route=\/wp\/v2\/media\/2138"}],"wp:attachment":[{"href":"https:\/\/orthopara.store\/index.php?rest_route=%2Fwp%2Fv2%2Fmedia&parent=2115"}],"wp:term":[{"taxonomy":"pwb-brand","embeddable":true,"href":"https:\/\/orthopara.store\/index.php?rest_route=%2Fwp%2Fv2%2Fpwb-brand&post=2115"},{"taxonomy":"product_cat","embeddable":true,"href":"https:\/\/orthopara.store\/index.php?rest_route=%2Fwp%2Fv2%2Fproduct_cat&post=2115"},{"taxonomy":"product_tag","embeddable":true,"href":"https:\/\/orthopara.store\/index.php?rest_route=%2Fwp%2Fv2%2Fproduct_tag&post=2115"}],"curies":[{"name":"wp","href":"https:\/\/api.w.org\/{rel}","templated":true}]}}