{"id":2122,"date":"2024-06-28T15:57:00","date_gmt":"2024-06-28T13:57:00","guid":{"rendered":"https:\/\/orthopara.store\/?post_type=product&#038;p=2122"},"modified":"2024-06-28T15:57:11","modified_gmt":"2024-06-28T13:57:11","slug":"pansement-hydrocolloide-convatec-duoderm-cgf-extra-mince-20cm-x-20cm","status":"publish","type":"product","link":"https:\/\/orthopara.store\/?product=pansement-hydrocolloide-convatec-duoderm-cgf-extra-mince-20cm-x-20cm","title":{"rendered":"Pansement hydrocollo\u00efde &#8211; Convatec duoderm cgf &#8211; extra mince 20cm x 20cm"},"content":{"rendered":"<p>Pansement hydrocollo\u00efde &#8211; Convatec duoderm cgf &#8211; extra mince 20cm x 20cm\u00a0<br \/>\nPropri\u00e9t\u00e9s :<br \/>\nLe pansement DuoDerm\u00ae extra mince incorpore une composition hydrocollo\u00efde exclusive de ConvaTec qui le distingue des autres pansements hydrocollo\u00efdes ; il est pourvu d\u2019un film externe perm\u00e9able \u00e0 l\u2019\u00e9vaporation qui procure un environnement occlusif humide.<br \/>\nConstitu\u00e9 d&rsquo; une couche externe imperm\u00e9able \u00e0 l&rsquo; eau et imperm\u00e9able aux bact\u00e9ries qui assure l&rsquo; \u00e9tanch\u00e9it\u00e9 du pansement et d&rsquo; une couche interne constitu\u00e9e d&rsquo; hydrocollo\u00efdes qui se transforment au contact des exsudats de la plaie en un gel humide et doux.<br \/>\nMaintient la plaie dans un milieu humide optimisant toutes les phases de la cicatrisation, prot\u00e8ge les tissus n\u00e9oform\u00e9s et diminue les risques d&rsquo; infection.<br \/>\nOcclusif, cr\u00e9e localement un milieu hypoxique responsable d&rsquo; une meilleure revascularisation de la plaie.<br \/>\nRenouvellement espac\u00e9 selon l&rsquo; importance des exsudats (tenue jusqu&rsquo; \u00e0 7 jours).<br \/>\nL&rsquo; action du pansement peut \u00eatre compl\u00e9t\u00e9e par une p\u00e2te ou un gel.<br \/>\nImperm\u00e9able \u00e0 l&rsquo; eau : autorise la douche.<br \/>\nRetrait indolore.<br \/>\nDimensions du pansement : 20 x 20 cm.<br \/>\nIndications :<br \/>\nLe pansement DuoDerm\u00ae extra mince est un pansement hydrocollo\u00efde indiqu\u00e9 pour la prise en charge des plaies faiblement exsudatives;<br \/>\ndes plaies chroniques telles que les escarres (stades I \u00e0 IV) et les ulc\u00e8res de jambe veineux, art\u00e9riels, ou de toute autre \u00e9tiologie ;<br \/>\ndes plaies aigu\u00ebs telles que les br\u00fblures du premier et du second degr\u00e9, les sites donneurs de prise de greffe, les lac\u00e9rations, les abrasions et les plaies post-op\u00e9ratoires.<br \/>\nConseils d\u2019utilisation :<br \/>\nNettoyez soigneusement la plaie.<br \/>\nS\u00e9cher d\u00e9licatement la plaie avec une compresse propre.<br \/>\nEnlever le papier protecteur de silicone du pansement, minimiser le contact des doigts avec la surface adh\u00e9sive.<br \/>\nAppliquer doucement le pansement sur la plaie sans l&rsquo; \u00e9tirer.<br \/>\nLisser le pansement avec la main sur les pourtours de la plaie pour une bonne adh\u00e9sion.<br \/>\nFixer les bords du pansement avec un ruban adh\u00e9sif si n\u00e9cessaire.<br \/>\nPr\u00e9cautions d&rsquo; emploi :<br \/>\nNe pas utiliser en cas de :<br \/>\nPlaies infect\u00e9es.<br \/>\nUlc\u00e9rations li\u00e9es \u00e0 des maladies infectieuses.<br \/>\nInfections fongiques profondes.<br \/>\nConserver \u00e0 temp\u00e9rature ambiante et \u00e0 l&rsquo; abri de l&rsquo; humidit\u00e9.<\/p>\n","protected":false},"excerpt":{"rendered":"<p>Constitu\u00e9 d&rsquo; une couche externe imperm\u00e9able \u00e0 l&rsquo; eau et imperm\u00e9able aux bact\u00e9ries qui assure l&rsquo; \u00e9tanch\u00e9it\u00e9 du pansement et d&rsquo; une couche interne constitu\u00e9e d&rsquo; hydrocollo\u00efdes qui se transforment au contact des exsudats de la plaie en un gel humide et doux.<\/p>\n<p>Le pansement DuoDerm\u00ae extra mince est un pansement hydrocollo\u00efde indiqu\u00e9 pour la prise en charge des plaies faiblement exsudatives<\/p>\n<p>Taille : 20cm X 20cm\u00a0<\/p>\n","protected":false},"featured_media":2145,"comment_status":"open","ping_status":"closed","template":"","meta":[],"pwb-brand":[268],"product_cat":[264],"product_tag":[],"class_list":{"0":"post-2122","1":"product","2":"type-product","3":"status-publish","4":"has-post-thumbnail","6":"pwb-brand-convatec","7":"product_cat-pansements","8":"post","9":"ws-product--style-1","11":"first","12":"instock","13":"shipping-taxable","14":"purchasable","15":"product-type-simple"},"yoast_head":"<!-- This site is optimized with the Yoast SEO plugin v23.0 - https:\/\/yoast.com\/wordpress\/plugins\/seo\/ -->\n<title>Pansement hydrocollo\u00efde - Convatec duoderm cgf - extra mince 20cm x 20cm - OrthoPara<\/title>\n<meta name=\"robots\" content=\"index, follow, max-snippet:-1, max-image-preview:large, max-video-preview:-1\" \/>\n<link rel=\"canonical\" href=\"https:\/\/orthopara.store\/index.php\/produit\/pansement-hydrocolloide-convatec-duoderm-cgf-extra-mince-20cm-x-20cm\/\" \/>\n<meta property=\"og:locale\" content=\"fr_FR\" \/>\n<meta property=\"og:type\" content=\"article\" \/>\n<meta property=\"og:title\" content=\"Pansement hydrocollo\u00efde - Convatec duoderm cgf - extra mince 20cm x 20cm - OrthoPara\" \/>\n<meta property=\"og:description\" content=\"Constitu\u00e9 d&#039; une couche externe imperm\u00e9able \u00e0 l&#039; eau et imperm\u00e9able aux bact\u00e9ries qui assure l&#039; \u00e9tanch\u00e9it\u00e9 du pansement et d&#039; une couche interne constitu\u00e9e d&#039; hydrocollo\u00efdes qui se transforment au contact des exsudats de la plaie en un gel humide et doux. Le pansement DuoDerm\u00ae extra mince est un pansement hydrocollo\u00efde indiqu\u00e9 pour la prise en charge des plaies faiblement exsudatives Taille : 20cm X 20cm\u00a0\" \/>\n<meta property=\"og:url\" content=\"https:\/\/orthopara.store\/index.php\/produit\/pansement-hydrocolloide-convatec-duoderm-cgf-extra-mince-20cm-x-20cm\/\" \/>\n<meta property=\"og:site_name\" content=\"OrthoPara\" \/>\n<meta property=\"article:publisher\" content=\"https:\/\/www.facebook.com\/profile.php?id=61561194315651\" \/>\n<meta property=\"article:modified_time\" content=\"2024-06-28T13:57:11+00:00\" \/>\n<meta property=\"og:image\" content=\"https:\/\/orthopara.store\/wp-content\/uploads\/2024\/06\/pansement-hydrocolloide-convatec-duoderm-cgf-extra-mince-20cm-x-20cm-.jpg\" \/>\n\t<meta property=\"og:image:width\" content=\"800\" \/>\n\t<meta property=\"og:image:height\" content=\"800\" \/>\n\t<meta property=\"og:image:type\" content=\"image\/jpeg\" \/>\n<meta name=\"twitter:card\" content=\"summary_large_image\" \/>\n<meta name=\"twitter:label1\" content=\"Dur\u00e9e de lecture estim\u00e9e\" \/>\n\t<meta name=\"twitter:data1\" content=\"2 minutes\" \/>\n<script type=\"application\/ld+json\" class=\"yoast-schema-graph\">{\"@context\":\"https:\/\/schema.org\",\"@graph\":[{\"@type\":\"WebPage\",\"@id\":\"https:\/\/orthopara.store\/index.php\/produit\/pansement-hydrocolloide-convatec-duoderm-cgf-extra-mince-20cm-x-20cm\/\",\"url\":\"https:\/\/orthopara.store\/index.php\/produit\/pansement-hydrocolloide-convatec-duoderm-cgf-extra-mince-20cm-x-20cm\/\",\"name\":\"Pansement hydrocollo\u00efde - Convatec duoderm cgf - extra mince 20cm x 20cm - OrthoPara\",\"isPartOf\":{\"@id\":\"https:\/\/orthopara.store\/#website\"},\"primaryImageOfPage\":{\"@id\":\"https:\/\/orthopara.store\/index.php\/produit\/pansement-hydrocolloide-convatec-duoderm-cgf-extra-mince-20cm-x-20cm\/#primaryimage\"},\"image\":{\"@id\":\"https:\/\/orthopara.store\/index.php\/produit\/pansement-hydrocolloide-convatec-duoderm-cgf-extra-mince-20cm-x-20cm\/#primaryimage\"},\"thumbnailUrl\":\"https:\/\/orthopara.store\/wp-content\/uploads\/2024\/06\/pansement-hydrocolloide-convatec-duoderm-cgf-extra-mince-20cm-x-20cm-.jpg\",\"datePublished\":\"2024-06-28T13:57:00+00:00\",\"dateModified\":\"2024-06-28T13:57:11+00:00\",\"breadcrumb\":{\"@id\":\"https:\/\/orthopara.store\/index.php\/produit\/pansement-hydrocolloide-convatec-duoderm-cgf-extra-mince-20cm-x-20cm\/#breadcrumb\"},\"inLanguage\":\"fr-FR\",\"potentialAction\":[{\"@type\":\"ReadAction\",\"target\":[\"https:\/\/orthopara.store\/index.php\/produit\/pansement-hydrocolloide-convatec-duoderm-cgf-extra-mince-20cm-x-20cm\/\"]}]},{\"@type\":\"ImageObject\",\"inLanguage\":\"fr-FR\",\"@id\":\"https:\/\/orthopara.store\/index.php\/produit\/pansement-hydrocolloide-convatec-duoderm-cgf-extra-mince-20cm-x-20cm\/#primaryimage\",\"url\":\"https:\/\/orthopara.store\/wp-content\/uploads\/2024\/06\/pansement-hydrocolloide-convatec-duoderm-cgf-extra-mince-20cm-x-20cm-.jpg\",\"contentUrl\":\"https:\/\/orthopara.store\/wp-content\/uploads\/2024\/06\/pansement-hydrocolloide-convatec-duoderm-cgf-extra-mince-20cm-x-20cm-.jpg\",\"width\":800,\"height\":800},{\"@type\":\"BreadcrumbList\",\"@id\":\"https:\/\/orthopara.store\/index.php\/produit\/pansement-hydrocolloide-convatec-duoderm-cgf-extra-mince-20cm-x-20cm\/#breadcrumb\",\"itemListElement\":[{\"@type\":\"ListItem\",\"position\":1,\"name\":\"Accueil\",\"item\":\"https:\/\/orthopara.store\/\"},{\"@type\":\"ListItem\",\"position\":2,\"name\":\"Shop\",\"item\":\"https:\/\/orthopara.store\/?page_id=622\"},{\"@type\":\"ListItem\",\"position\":3,\"name\":\"Pansement hydrocollo\u00efde &#8211; Convatec duoderm cgf &#8211; extra mince 20cm x 20cm\"}]},{\"@type\":\"WebSite\",\"@id\":\"https:\/\/orthopara.store\/#website\",\"url\":\"https:\/\/orthopara.store\/\",\"name\":\"OrthoPara\",\"description\":\"Parapharmacie\",\"publisher\":{\"@id\":\"https:\/\/orthopara.store\/#organization\"},\"potentialAction\":[{\"@type\":\"SearchAction\",\"target\":{\"@type\":\"EntryPoint\",\"urlTemplate\":\"https:\/\/orthopara.store\/?s={search_term_string}\"},\"query-input\":\"required name=search_term_string\"}],\"inLanguage\":\"fr-FR\"},{\"@type\":\"Organization\",\"@id\":\"https:\/\/orthopara.store\/#organization\",\"name\":\"OrthoPara\",\"url\":\"https:\/\/orthopara.store\/\",\"logo\":{\"@type\":\"ImageObject\",\"inLanguage\":\"fr-FR\",\"@id\":\"https:\/\/orthopara.store\/#\/schema\/logo\/image\/\",\"url\":\"https:\/\/orthopara.store\/wp-content\/uploads\/2024\/06\/cropped-9ABA8BAD-6256-4719-9315-15C66E64E882.png\",\"contentUrl\":\"https:\/\/orthopara.store\/wp-content\/uploads\/2024\/06\/cropped-9ABA8BAD-6256-4719-9315-15C66E64E882.png\",\"width\":240,\"height\":72,\"caption\":\"OrthoPara\"},\"image\":{\"@id\":\"https:\/\/orthopara.store\/#\/schema\/logo\/image\/\"},\"sameAs\":[\"https:\/\/www.facebook.com\/profile.php?id=61561194315651\",\"https:\/\/www.instagram.com\/orthopara_tunisie\/\"]}]}<\/script>\n<!-- \/ Yoast SEO plugin. -->","yoast_head_json":{"title":"Pansement hydrocollo\u00efde - Convatec duoderm cgf - extra mince 20cm x 20cm - OrthoPara","robots":{"index":"index","follow":"follow","max-snippet":"max-snippet:-1","max-image-preview":"max-image-preview:large","max-video-preview":"max-video-preview:-1"},"canonical":"https:\/\/orthopara.store\/index.php\/produit\/pansement-hydrocolloide-convatec-duoderm-cgf-extra-mince-20cm-x-20cm\/","og_locale":"fr_FR","og_type":"article","og_title":"Pansement hydrocollo\u00efde - Convatec duoderm cgf - extra mince 20cm x 20cm - OrthoPara","og_description":"Constitu\u00e9 d' une couche externe imperm\u00e9able \u00e0 l' eau et imperm\u00e9able aux bact\u00e9ries qui assure l' \u00e9tanch\u00e9it\u00e9 du pansement et d' une couche interne constitu\u00e9e d' hydrocollo\u00efdes qui se transforment au contact des exsudats de la plaie en un gel humide et doux. Le pansement DuoDerm\u00ae extra mince est un pansement hydrocollo\u00efde indiqu\u00e9 pour la prise en charge des plaies faiblement exsudatives Taille : 20cm X 20cm\u00a0","og_url":"https:\/\/orthopara.store\/index.php\/produit\/pansement-hydrocolloide-convatec-duoderm-cgf-extra-mince-20cm-x-20cm\/","og_site_name":"OrthoPara","article_publisher":"https:\/\/www.facebook.com\/profile.php?id=61561194315651","article_modified_time":"2024-06-28T13:57:11+00:00","og_image":[{"width":800,"height":800,"url":"https:\/\/orthopara.store\/wp-content\/uploads\/2024\/06\/pansement-hydrocolloide-convatec-duoderm-cgf-extra-mince-20cm-x-20cm-.jpg","type":"image\/jpeg"}],"twitter_card":"summary_large_image","twitter_misc":{"Dur\u00e9e de lecture estim\u00e9e":"2 minutes"},"schema":{"@context":"https:\/\/schema.org","@graph":[{"@type":"WebPage","@id":"https:\/\/orthopara.store\/index.php\/produit\/pansement-hydrocolloide-convatec-duoderm-cgf-extra-mince-20cm-x-20cm\/","url":"https:\/\/orthopara.store\/index.php\/produit\/pansement-hydrocolloide-convatec-duoderm-cgf-extra-mince-20cm-x-20cm\/","name":"Pansement hydrocollo\u00efde - Convatec duoderm cgf - extra mince 20cm x 20cm - OrthoPara","isPartOf":{"@id":"https:\/\/orthopara.store\/#website"},"primaryImageOfPage":{"@id":"https:\/\/orthopara.store\/index.php\/produit\/pansement-hydrocolloide-convatec-duoderm-cgf-extra-mince-20cm-x-20cm\/#primaryimage"},"image":{"@id":"https:\/\/orthopara.store\/index.php\/produit\/pansement-hydrocolloide-convatec-duoderm-cgf-extra-mince-20cm-x-20cm\/#primaryimage"},"thumbnailUrl":"https:\/\/orthopara.store\/wp-content\/uploads\/2024\/06\/pansement-hydrocolloide-convatec-duoderm-cgf-extra-mince-20cm-x-20cm-.jpg","datePublished":"2024-06-28T13:57:00+00:00","dateModified":"2024-06-28T13:57:11+00:00","breadcrumb":{"@id":"https:\/\/orthopara.store\/index.php\/produit\/pansement-hydrocolloide-convatec-duoderm-cgf-extra-mince-20cm-x-20cm\/#breadcrumb"},"inLanguage":"fr-FR","potentialAction":[{"@type":"ReadAction","target":["https:\/\/orthopara.store\/index.php\/produit\/pansement-hydrocolloide-convatec-duoderm-cgf-extra-mince-20cm-x-20cm\/"]}]},{"@type":"ImageObject","inLanguage":"fr-FR","@id":"https:\/\/orthopara.store\/index.php\/produit\/pansement-hydrocolloide-convatec-duoderm-cgf-extra-mince-20cm-x-20cm\/#primaryimage","url":"https:\/\/orthopara.store\/wp-content\/uploads\/2024\/06\/pansement-hydrocolloide-convatec-duoderm-cgf-extra-mince-20cm-x-20cm-.jpg","contentUrl":"https:\/\/orthopara.store\/wp-content\/uploads\/2024\/06\/pansement-hydrocolloide-convatec-duoderm-cgf-extra-mince-20cm-x-20cm-.jpg","width":800,"height":800},{"@type":"BreadcrumbList","@id":"https:\/\/orthopara.store\/index.php\/produit\/pansement-hydrocolloide-convatec-duoderm-cgf-extra-mince-20cm-x-20cm\/#breadcrumb","itemListElement":[{"@type":"ListItem","position":1,"name":"Accueil","item":"https:\/\/orthopara.store\/"},{"@type":"ListItem","position":2,"name":"Shop","item":"https:\/\/orthopara.store\/?page_id=622"},{"@type":"ListItem","position":3,"name":"Pansement hydrocollo\u00efde &#8211; Convatec duoderm cgf &#8211; extra mince 20cm x 20cm"}]},{"@type":"WebSite","@id":"https:\/\/orthopara.store\/#website","url":"https:\/\/orthopara.store\/","name":"OrthoPara","description":"Parapharmacie","publisher":{"@id":"https:\/\/orthopara.store\/#organization"},"potentialAction":[{"@type":"SearchAction","target":{"@type":"EntryPoint","urlTemplate":"https:\/\/orthopara.store\/?s={search_term_string}"},"query-input":"required name=search_term_string"}],"inLanguage":"fr-FR"},{"@type":"Organization","@id":"https:\/\/orthopara.store\/#organization","name":"OrthoPara","url":"https:\/\/orthopara.store\/","logo":{"@type":"ImageObject","inLanguage":"fr-FR","@id":"https:\/\/orthopara.store\/#\/schema\/logo\/image\/","url":"https:\/\/orthopara.store\/wp-content\/uploads\/2024\/06\/cropped-9ABA8BAD-6256-4719-9315-15C66E64E882.png","contentUrl":"https:\/\/orthopara.store\/wp-content\/uploads\/2024\/06\/cropped-9ABA8BAD-6256-4719-9315-15C66E64E882.png","width":240,"height":72,"caption":"OrthoPara"},"image":{"@id":"https:\/\/orthopara.store\/#\/schema\/logo\/image\/"},"sameAs":["https:\/\/www.facebook.com\/profile.php?id=61561194315651","https:\/\/www.instagram.com\/orthopara_tunisie\/"]}]}},"jetpack_sharing_enabled":true,"brands":[{"id":268,"name":"Convatec","slug":"convatec"}],"_links":{"self":[{"href":"https:\/\/orthopara.store\/index.php?rest_route=\/wp\/v2\/product\/2122","targetHints":{"allow":["GET"]}}],"collection":[{"href":"https:\/\/orthopara.store\/index.php?rest_route=\/wp\/v2\/product"}],"about":[{"href":"https:\/\/orthopara.store\/index.php?rest_route=\/wp\/v2\/types\/product"}],"replies":[{"embeddable":true,"href":"https:\/\/orthopara.store\/index.php?rest_route=%2Fwp%2Fv2%2Fcomments&post=2122"}],"wp:featuredmedia":[{"embeddable":true,"href":"https:\/\/orthopara.store\/index.php?rest_route=\/wp\/v2\/media\/2145"}],"wp:attachment":[{"href":"https:\/\/orthopara.store\/index.php?rest_route=%2Fwp%2Fv2%2Fmedia&parent=2122"}],"wp:term":[{"taxonomy":"pwb-brand","embeddable":true,"href":"https:\/\/orthopara.store\/index.php?rest_route=%2Fwp%2Fv2%2Fpwb-brand&post=2122"},{"taxonomy":"product_cat","embeddable":true,"href":"https:\/\/orthopara.store\/index.php?rest_route=%2Fwp%2Fv2%2Fproduct_cat&post=2122"},{"taxonomy":"product_tag","embeddable":true,"href":"https:\/\/orthopara.store\/index.php?rest_route=%2Fwp%2Fv2%2Fproduct_tag&post=2122"}],"curies":[{"name":"wp","href":"https:\/\/api.w.org\/{rel}","templated":true}]}}