{"id":2206,"date":"2024-06-28T15:57:31","date_gmt":"2024-06-28T13:57:31","guid":{"rendered":"https:\/\/orthopara.store\/?post_type=product&#038;p=2206"},"modified":"2024-06-28T15:57:34","modified_gmt":"2024-06-28T13:57:34","slug":"stethoscope-professionnel-medel-dualstetho-pro","status":"publish","type":"product","link":"https:\/\/orthopara.store\/?product=stethoscope-professionnel-medel-dualstetho-pro","title":{"rendered":"St\u00e9thoscope professionnel &#8211; Medel Dualstetho Pro"},"content":{"rendered":"<p>St\u00e9thoscope professionnel &#8211; Medel Dualstetho Pro\u00a0<br \/>\nMedel Dualstetho Pro est \u00e9quip\u00e9 d&rsquo;une double t\u00eate de luxe en acier inoxydable, d&rsquo;un diaphragme ultra sensible, de binauraux, d&rsquo;une tension de ressort int\u00e9gr\u00e9e dans le tube en Y, de 6 embouts auriculaires souples (2+4 de rechange), d&rsquo;un joint double face pour \u00e9viter le froid extr\u00eame .<br \/>\nCaract\u00e9ristiques :<br \/>\nM\u00e9thode de mesure Auscultatoire<br \/>\nPr\u00e9cision \u00b1 3 mmHg<br \/>\nPlage de mesure Pression de 0 \u00e0 300 mmHg<\/p>\n","protected":false},"excerpt":{"rendered":"<p>Medel Dualstetho Pro\u00a0<br \/>\nMedel Dualstetho Pro l&rsquo;alli\u00e9 de la fiabilit\u00e9 et de la pr\u00e9cision, st\u00e9thoscope \u00e0 double t\u00e8te en acier inoxydable<\/p>\n","protected":false},"featured_media":2225,"comment_status":"open","ping_status":"closed","template":"","meta":[],"pwb-brand":[277],"product_cat":[273],"product_tag":[],"class_list":{"0":"post-2206","1":"product","2":"type-product","3":"status-publish","4":"has-post-thumbnail","6":"pwb-brand-medel","7":"product_cat-stethoscope","8":"post","9":"ws-product--style-1","11":"first","12":"instock","13":"shipping-taxable","14":"purchasable","15":"product-type-simple"},"yoast_head":"<!-- This site is optimized with the Yoast SEO plugin v23.0 - https:\/\/yoast.com\/wordpress\/plugins\/seo\/ -->\n<title>St\u00e9thoscope professionnel - Medel Dualstetho Pro - OrthoPara<\/title>\n<meta name=\"robots\" content=\"index, follow, max-snippet:-1, max-image-preview:large, max-video-preview:-1\" \/>\n<link rel=\"canonical\" href=\"https:\/\/orthopara.store\/index.php\/produit\/stethoscope-professionnel-medel-dualstetho-pro\/\" \/>\n<meta property=\"og:locale\" content=\"fr_FR\" \/>\n<meta property=\"og:type\" content=\"article\" \/>\n<meta property=\"og:title\" content=\"St\u00e9thoscope professionnel - Medel Dualstetho Pro - OrthoPara\" \/>\n<meta property=\"og:description\" content=\"Medel Dualstetho Pro\u00a0 Medel Dualstetho Pro l&#039;alli\u00e9 de la fiabilit\u00e9 et de la pr\u00e9cision, st\u00e9thoscope \u00e0 double t\u00e8te en acier inoxydable\" \/>\n<meta property=\"og:url\" content=\"https:\/\/orthopara.store\/index.php\/produit\/stethoscope-professionnel-medel-dualstetho-pro\/\" \/>\n<meta property=\"og:site_name\" content=\"OrthoPara\" \/>\n<meta property=\"article:publisher\" content=\"https:\/\/www.facebook.com\/profile.php?id=61561194315651\" \/>\n<meta property=\"article:modified_time\" content=\"2024-06-28T13:57:34+00:00\" \/>\n<meta property=\"og:image\" content=\"https:\/\/orthopara.store\/wp-content\/uploads\/2024\/06\/stethoscope-professionnel-medel-dualstetho-pro-.jpg\" \/>\n\t<meta property=\"og:image:width\" content=\"800\" \/>\n\t<meta property=\"og:image:height\" content=\"800\" \/>\n\t<meta property=\"og:image:type\" content=\"image\/jpeg\" \/>\n<meta name=\"twitter:card\" content=\"summary_large_image\" \/>\n<script type=\"application\/ld+json\" class=\"yoast-schema-graph\">{\"@context\":\"https:\/\/schema.org\",\"@graph\":[{\"@type\":\"WebPage\",\"@id\":\"https:\/\/orthopara.store\/index.php\/produit\/stethoscope-professionnel-medel-dualstetho-pro\/\",\"url\":\"https:\/\/orthopara.store\/index.php\/produit\/stethoscope-professionnel-medel-dualstetho-pro\/\",\"name\":\"St\u00e9thoscope professionnel - Medel Dualstetho Pro - OrthoPara\",\"isPartOf\":{\"@id\":\"https:\/\/orthopara.store\/#website\"},\"primaryImageOfPage\":{\"@id\":\"https:\/\/orthopara.store\/index.php\/produit\/stethoscope-professionnel-medel-dualstetho-pro\/#primaryimage\"},\"image\":{\"@id\":\"https:\/\/orthopara.store\/index.php\/produit\/stethoscope-professionnel-medel-dualstetho-pro\/#primaryimage\"},\"thumbnailUrl\":\"https:\/\/orthopara.store\/wp-content\/uploads\/2024\/06\/stethoscope-professionnel-medel-dualstetho-pro-.jpg\",\"datePublished\":\"2024-06-28T13:57:31+00:00\",\"dateModified\":\"2024-06-28T13:57:34+00:00\",\"breadcrumb\":{\"@id\":\"https:\/\/orthopara.store\/index.php\/produit\/stethoscope-professionnel-medel-dualstetho-pro\/#breadcrumb\"},\"inLanguage\":\"fr-FR\",\"potentialAction\":[{\"@type\":\"ReadAction\",\"target\":[\"https:\/\/orthopara.store\/index.php\/produit\/stethoscope-professionnel-medel-dualstetho-pro\/\"]}]},{\"@type\":\"ImageObject\",\"inLanguage\":\"fr-FR\",\"@id\":\"https:\/\/orthopara.store\/index.php\/produit\/stethoscope-professionnel-medel-dualstetho-pro\/#primaryimage\",\"url\":\"https:\/\/orthopara.store\/wp-content\/uploads\/2024\/06\/stethoscope-professionnel-medel-dualstetho-pro-.jpg\",\"contentUrl\":\"https:\/\/orthopara.store\/wp-content\/uploads\/2024\/06\/stethoscope-professionnel-medel-dualstetho-pro-.jpg\",\"width\":800,\"height\":800},{\"@type\":\"BreadcrumbList\",\"@id\":\"https:\/\/orthopara.store\/index.php\/produit\/stethoscope-professionnel-medel-dualstetho-pro\/#breadcrumb\",\"itemListElement\":[{\"@type\":\"ListItem\",\"position\":1,\"name\":\"Accueil\",\"item\":\"https:\/\/orthopara.store\/\"},{\"@type\":\"ListItem\",\"position\":2,\"name\":\"Shop\",\"item\":\"https:\/\/orthopara.store\/?page_id=622\"},{\"@type\":\"ListItem\",\"position\":3,\"name\":\"St\u00e9thoscope professionnel &#8211; Medel Dualstetho Pro\"}]},{\"@type\":\"WebSite\",\"@id\":\"https:\/\/orthopara.store\/#website\",\"url\":\"https:\/\/orthopara.store\/\",\"name\":\"OrthoPara\",\"description\":\"Parapharmacie\",\"publisher\":{\"@id\":\"https:\/\/orthopara.store\/#organization\"},\"potentialAction\":[{\"@type\":\"SearchAction\",\"target\":{\"@type\":\"EntryPoint\",\"urlTemplate\":\"https:\/\/orthopara.store\/?s={search_term_string}\"},\"query-input\":\"required name=search_term_string\"}],\"inLanguage\":\"fr-FR\"},{\"@type\":\"Organization\",\"@id\":\"https:\/\/orthopara.store\/#organization\",\"name\":\"OrthoPara\",\"url\":\"https:\/\/orthopara.store\/\",\"logo\":{\"@type\":\"ImageObject\",\"inLanguage\":\"fr-FR\",\"@id\":\"https:\/\/orthopara.store\/#\/schema\/logo\/image\/\",\"url\":\"https:\/\/orthopara.store\/wp-content\/uploads\/2024\/06\/cropped-9ABA8BAD-6256-4719-9315-15C66E64E882.png\",\"contentUrl\":\"https:\/\/orthopara.store\/wp-content\/uploads\/2024\/06\/cropped-9ABA8BAD-6256-4719-9315-15C66E64E882.png\",\"width\":240,\"height\":72,\"caption\":\"OrthoPara\"},\"image\":{\"@id\":\"https:\/\/orthopara.store\/#\/schema\/logo\/image\/\"},\"sameAs\":[\"https:\/\/www.facebook.com\/profile.php?id=61561194315651\",\"https:\/\/www.instagram.com\/orthopara_tunisie\/\"]}]}<\/script>\n<!-- \/ Yoast SEO plugin. -->","yoast_head_json":{"title":"St\u00e9thoscope professionnel - Medel Dualstetho Pro - OrthoPara","robots":{"index":"index","follow":"follow","max-snippet":"max-snippet:-1","max-image-preview":"max-image-preview:large","max-video-preview":"max-video-preview:-1"},"canonical":"https:\/\/orthopara.store\/index.php\/produit\/stethoscope-professionnel-medel-dualstetho-pro\/","og_locale":"fr_FR","og_type":"article","og_title":"St\u00e9thoscope professionnel - Medel Dualstetho Pro - OrthoPara","og_description":"Medel Dualstetho Pro\u00a0 Medel Dualstetho Pro l'alli\u00e9 de la fiabilit\u00e9 et de la pr\u00e9cision, st\u00e9thoscope \u00e0 double t\u00e8te en acier inoxydable","og_url":"https:\/\/orthopara.store\/index.php\/produit\/stethoscope-professionnel-medel-dualstetho-pro\/","og_site_name":"OrthoPara","article_publisher":"https:\/\/www.facebook.com\/profile.php?id=61561194315651","article_modified_time":"2024-06-28T13:57:34+00:00","og_image":[{"width":800,"height":800,"url":"https:\/\/orthopara.store\/wp-content\/uploads\/2024\/06\/stethoscope-professionnel-medel-dualstetho-pro-.jpg","type":"image\/jpeg"}],"twitter_card":"summary_large_image","schema":{"@context":"https:\/\/schema.org","@graph":[{"@type":"WebPage","@id":"https:\/\/orthopara.store\/index.php\/produit\/stethoscope-professionnel-medel-dualstetho-pro\/","url":"https:\/\/orthopara.store\/index.php\/produit\/stethoscope-professionnel-medel-dualstetho-pro\/","name":"St\u00e9thoscope professionnel - Medel Dualstetho Pro - OrthoPara","isPartOf":{"@id":"https:\/\/orthopara.store\/#website"},"primaryImageOfPage":{"@id":"https:\/\/orthopara.store\/index.php\/produit\/stethoscope-professionnel-medel-dualstetho-pro\/#primaryimage"},"image":{"@id":"https:\/\/orthopara.store\/index.php\/produit\/stethoscope-professionnel-medel-dualstetho-pro\/#primaryimage"},"thumbnailUrl":"https:\/\/orthopara.store\/wp-content\/uploads\/2024\/06\/stethoscope-professionnel-medel-dualstetho-pro-.jpg","datePublished":"2024-06-28T13:57:31+00:00","dateModified":"2024-06-28T13:57:34+00:00","breadcrumb":{"@id":"https:\/\/orthopara.store\/index.php\/produit\/stethoscope-professionnel-medel-dualstetho-pro\/#breadcrumb"},"inLanguage":"fr-FR","potentialAction":[{"@type":"ReadAction","target":["https:\/\/orthopara.store\/index.php\/produit\/stethoscope-professionnel-medel-dualstetho-pro\/"]}]},{"@type":"ImageObject","inLanguage":"fr-FR","@id":"https:\/\/orthopara.store\/index.php\/produit\/stethoscope-professionnel-medel-dualstetho-pro\/#primaryimage","url":"https:\/\/orthopara.store\/wp-content\/uploads\/2024\/06\/stethoscope-professionnel-medel-dualstetho-pro-.jpg","contentUrl":"https:\/\/orthopara.store\/wp-content\/uploads\/2024\/06\/stethoscope-professionnel-medel-dualstetho-pro-.jpg","width":800,"height":800},{"@type":"BreadcrumbList","@id":"https:\/\/orthopara.store\/index.php\/produit\/stethoscope-professionnel-medel-dualstetho-pro\/#breadcrumb","itemListElement":[{"@type":"ListItem","position":1,"name":"Accueil","item":"https:\/\/orthopara.store\/"},{"@type":"ListItem","position":2,"name":"Shop","item":"https:\/\/orthopara.store\/?page_id=622"},{"@type":"ListItem","position":3,"name":"St\u00e9thoscope professionnel &#8211; Medel Dualstetho Pro"}]},{"@type":"WebSite","@id":"https:\/\/orthopara.store\/#website","url":"https:\/\/orthopara.store\/","name":"OrthoPara","description":"Parapharmacie","publisher":{"@id":"https:\/\/orthopara.store\/#organization"},"potentialAction":[{"@type":"SearchAction","target":{"@type":"EntryPoint","urlTemplate":"https:\/\/orthopara.store\/?s={search_term_string}"},"query-input":"required name=search_term_string"}],"inLanguage":"fr-FR"},{"@type":"Organization","@id":"https:\/\/orthopara.store\/#organization","name":"OrthoPara","url":"https:\/\/orthopara.store\/","logo":{"@type":"ImageObject","inLanguage":"fr-FR","@id":"https:\/\/orthopara.store\/#\/schema\/logo\/image\/","url":"https:\/\/orthopara.store\/wp-content\/uploads\/2024\/06\/cropped-9ABA8BAD-6256-4719-9315-15C66E64E882.png","contentUrl":"https:\/\/orthopara.store\/wp-content\/uploads\/2024\/06\/cropped-9ABA8BAD-6256-4719-9315-15C66E64E882.png","width":240,"height":72,"caption":"OrthoPara"},"image":{"@id":"https:\/\/orthopara.store\/#\/schema\/logo\/image\/"},"sameAs":["https:\/\/www.facebook.com\/profile.php?id=61561194315651","https:\/\/www.instagram.com\/orthopara_tunisie\/"]}]}},"jetpack_sharing_enabled":true,"brands":[{"id":277,"name":"Medel","slug":"medel"}],"_links":{"self":[{"href":"https:\/\/orthopara.store\/index.php?rest_route=\/wp\/v2\/product\/2206","targetHints":{"allow":["GET"]}}],"collection":[{"href":"https:\/\/orthopara.store\/index.php?rest_route=\/wp\/v2\/product"}],"about":[{"href":"https:\/\/orthopara.store\/index.php?rest_route=\/wp\/v2\/types\/product"}],"replies":[{"embeddable":true,"href":"https:\/\/orthopara.store\/index.php?rest_route=%2Fwp%2Fv2%2Fcomments&post=2206"}],"wp:featuredmedia":[{"embeddable":true,"href":"https:\/\/orthopara.store\/index.php?rest_route=\/wp\/v2\/media\/2225"}],"wp:attachment":[{"href":"https:\/\/orthopara.store\/index.php?rest_route=%2Fwp%2Fv2%2Fmedia&parent=2206"}],"wp:term":[{"taxonomy":"pwb-brand","embeddable":true,"href":"https:\/\/orthopara.store\/index.php?rest_route=%2Fwp%2Fv2%2Fpwb-brand&post=2206"},{"taxonomy":"product_cat","embeddable":true,"href":"https:\/\/orthopara.store\/index.php?rest_route=%2Fwp%2Fv2%2Fproduct_cat&post=2206"},{"taxonomy":"product_tag","embeddable":true,"href":"https:\/\/orthopara.store\/index.php?rest_route=%2Fwp%2Fv2%2Fproduct_tag&post=2206"}],"curies":[{"name":"wp","href":"https:\/\/api.w.org\/{rel}","templated":true}]}}