{"id":2218,"date":"2024-06-28T15:57:32","date_gmt":"2024-06-28T13:57:32","guid":{"rendered":"https:\/\/orthopara.store\/?post_type=product&#038;p=2218"},"modified":"2024-06-28T15:57:40","modified_gmt":"2024-06-28T13:57:40","slug":"gel-nettoyant-purifiant-babe-stop-akn-200ml","status":"publish","type":"product","link":"https:\/\/orthopara.store\/?product=gel-nettoyant-purifiant-babe-stop-akn-200ml","title":{"rendered":"Gel nettoyant purifiant &#8211; Bab\u00e9 stop AKN &#8211; 200ml"},"content":{"rendered":"<p>Gel nettoyant purifiant &#8211; Bab\u00e9 stop AKN &#8211; 200ml<br \/>\nLe nettoyage est une \u00e9tape fondamentale particuli\u00e8rement appr\u00e9ci\u00e9e des peaux grasses ou \u00e0 tendance acn\u00e9ique. Si vous avez ce type de peau, vous aimerez s\u00fbrement pouvoir ressentir de la fra\u00eecheur et un nettoyage en profondeur dans cette premi\u00e8re \u00e9tape de soin du visage. Le Nettoyant Purifiant est un savon pour le visage \u00e0 la texture gel qui, au contact de la peau et de l&rsquo;eau, forme une mousse subtile qui nettoie en profondeur, laissant la peau 100% fra\u00eeche et d\u00e9barrass\u00e9e des impuret\u00e9s. Sa formule contient des actifs s\u00e9bo-r\u00e9gulateurs qui contr\u00f4lent l&rsquo;exc\u00e8s de s\u00e9bum et contr\u00f4lent l&rsquo;apparition des boutons et de l&rsquo;acn\u00e9. Gel \u00e0 rincer rafra\u00eechissant et moussant qui \u00e9limine les impuret\u00e9s et aide \u00e0 contr\u00f4ler l&rsquo;exc\u00e8s de s\u00e9bum et la brillance du visage sans irriter la peau.<br \/>\nB\u00e9n\u00e9fices d&rsquo;utilisation :\u00a0<br \/>\nNettoie et rafra\u00eechit la peau en \u00e9liminant la salet\u00e9 et l&rsquo;exc\u00e8s de s\u00e9bum. Procure une sensation de fra\u00eecheur.<br \/>\nPeau matifi\u00e9e. D\u00e9bouche les pores. Pr\u00e9vient l&rsquo;apparition des boutons et de l&rsquo;acn\u00e9.<br \/>\nSon utilisation quotidienne pr\u00e9vient l&rsquo;effet rebond. R\u00e9duit l&rsquo;inflammation.<br \/>\nNon com\u00e9dog\u00e8ne.<br \/>\nComposition :\u00a0<br \/>\nCytobiole Iris<br \/>\nEnsemble de trois ingr\u00e9dients actifs (extrait d&rsquo;iris, sulfate de zinc et vitamine A) \u00e0 action s\u00e9bo-r\u00e9gulatrice qui contr\u00f4le l&rsquo;apparition de l&rsquo;acn\u00e9.<br \/>\nAcide salicylique\u00a0<br \/>\nB\u00eata hydroxy acide \u00e0 action r\u00e9novatrice gr\u00e2ce \u00e0 son effet k\u00e9ratolytique qui favorise la p\u00e9n\u00e9tration des principes actifs.<br \/>\nZinc<br \/>\nAction s\u00e9bo-r\u00e9gulatrice qui contr\u00f4le la formation de l&rsquo;acn\u00e9.<br \/>\nIngr\u00e9dients :<br \/>\nAqua, Cocoamphoacetate De Sodium, Sulfate De Laureth De Sodium, Peg-200 Palmate De Glyc\u00e9ryle Hydrog\u00e9n\u00e9, Peg-120 Dioleate De Glucose De M\u00e9thyle, Extrait De Racine D&rsquo;iris Florentina, Sulfate De Zinc, Palmitate De R\u00e9tinyle, Tocoph\u00e9rol, Peg-7 Glyceryl Cocoate, Acide Salicylique, Propanediol, Alcool, Pol 20, Zinc Pca, \u00c9thylhexylglyc\u00e9rine, Chlorure De Sodium, Acide Citrique, Ph\u00e9noxy\u00e9thanol, Diac\u00e9tate De Glutamate De T\u00e9trasodium<\/p>\n","protected":false},"excerpt":{"rendered":"<p>Bab\u00e9 stop AKN<br \/>\nGel nettoyant purifiant<br \/>\nNettoyant purifiant pour le visage adapt\u00e9 \u00e0 tous les types de peau. Particuli\u00e8rement indiqu\u00e9 pour les peaux mixtes \u00e0 grasses, grasses ou \u00e0 tendance acn\u00e9ique.\u00a0<\/p>\n<p>Contenance : 200ml\u00a0<\/p>\n","protected":false},"featured_media":2237,"comment_status":"open","ping_status":"closed","template":"","meta":[],"pwb-brand":[196],"product_cat":[275],"product_tag":[],"class_list":{"0":"post-2218","1":"product","2":"type-product","3":"status-publish","4":"has-post-thumbnail","6":"pwb-brand-babe","7":"product_cat-soin-visage-homme","8":"post","9":"ws-product--style-1","11":"first","12":"instock","13":"shipping-taxable","14":"purchasable","15":"product-type-simple"},"yoast_head":"<!-- This site is optimized with the Yoast SEO plugin v23.0 - https:\/\/yoast.com\/wordpress\/plugins\/seo\/ -->\n<title>Gel nettoyant purifiant - Bab\u00e9 stop AKN - 200ml - OrthoPara<\/title>\n<meta name=\"robots\" content=\"index, follow, max-snippet:-1, max-image-preview:large, max-video-preview:-1\" \/>\n<link rel=\"canonical\" href=\"https:\/\/orthopara.store\/index.php\/produit\/gel-nettoyant-purifiant-babe-stop-akn-200ml\/\" \/>\n<meta property=\"og:locale\" content=\"fr_FR\" \/>\n<meta property=\"og:type\" content=\"article\" \/>\n<meta property=\"og:title\" content=\"Gel nettoyant purifiant - Bab\u00e9 stop AKN - 200ml - OrthoPara\" \/>\n<meta property=\"og:description\" content=\"Bab\u00e9 stop AKN Gel nettoyant purifiant Nettoyant purifiant pour le visage adapt\u00e9 \u00e0 tous les types de peau. Particuli\u00e8rement indiqu\u00e9 pour les peaux mixtes \u00e0 grasses, grasses ou \u00e0 tendance acn\u00e9ique.\u00a0 Contenance : 200ml\u00a0\" \/>\n<meta property=\"og:url\" content=\"https:\/\/orthopara.store\/index.php\/produit\/gel-nettoyant-purifiant-babe-stop-akn-200ml\/\" \/>\n<meta property=\"og:site_name\" content=\"OrthoPara\" \/>\n<meta property=\"article:publisher\" content=\"https:\/\/www.facebook.com\/profile.php?id=61561194315651\" \/>\n<meta property=\"article:modified_time\" content=\"2024-06-28T13:57:40+00:00\" \/>\n<meta property=\"og:image\" content=\"https:\/\/orthopara.store\/wp-content\/uploads\/2024\/06\/gel-nettoyant-purifiant-babe-stop-akn-200ml.jpg\" \/>\n\t<meta property=\"og:image:width\" content=\"800\" \/>\n\t<meta property=\"og:image:height\" content=\"800\" \/>\n\t<meta property=\"og:image:type\" content=\"image\/jpeg\" \/>\n<meta name=\"twitter:card\" content=\"summary_large_image\" \/>\n<meta name=\"twitter:label1\" content=\"Dur\u00e9e de lecture estim\u00e9e\" \/>\n\t<meta name=\"twitter:data1\" content=\"2 minutes\" \/>\n<script type=\"application\/ld+json\" class=\"yoast-schema-graph\">{\"@context\":\"https:\/\/schema.org\",\"@graph\":[{\"@type\":\"WebPage\",\"@id\":\"https:\/\/orthopara.store\/index.php\/produit\/gel-nettoyant-purifiant-babe-stop-akn-200ml\/\",\"url\":\"https:\/\/orthopara.store\/index.php\/produit\/gel-nettoyant-purifiant-babe-stop-akn-200ml\/\",\"name\":\"Gel nettoyant purifiant - Bab\u00e9 stop AKN - 200ml - OrthoPara\",\"isPartOf\":{\"@id\":\"https:\/\/orthopara.store\/#website\"},\"primaryImageOfPage\":{\"@id\":\"https:\/\/orthopara.store\/index.php\/produit\/gel-nettoyant-purifiant-babe-stop-akn-200ml\/#primaryimage\"},\"image\":{\"@id\":\"https:\/\/orthopara.store\/index.php\/produit\/gel-nettoyant-purifiant-babe-stop-akn-200ml\/#primaryimage\"},\"thumbnailUrl\":\"https:\/\/orthopara.store\/wp-content\/uploads\/2024\/06\/gel-nettoyant-purifiant-babe-stop-akn-200ml.jpg\",\"datePublished\":\"2024-06-28T13:57:32+00:00\",\"dateModified\":\"2024-06-28T13:57:40+00:00\",\"breadcrumb\":{\"@id\":\"https:\/\/orthopara.store\/index.php\/produit\/gel-nettoyant-purifiant-babe-stop-akn-200ml\/#breadcrumb\"},\"inLanguage\":\"fr-FR\",\"potentialAction\":[{\"@type\":\"ReadAction\",\"target\":[\"https:\/\/orthopara.store\/index.php\/produit\/gel-nettoyant-purifiant-babe-stop-akn-200ml\/\"]}]},{\"@type\":\"ImageObject\",\"inLanguage\":\"fr-FR\",\"@id\":\"https:\/\/orthopara.store\/index.php\/produit\/gel-nettoyant-purifiant-babe-stop-akn-200ml\/#primaryimage\",\"url\":\"https:\/\/orthopara.store\/wp-content\/uploads\/2024\/06\/gel-nettoyant-purifiant-babe-stop-akn-200ml.jpg\",\"contentUrl\":\"https:\/\/orthopara.store\/wp-content\/uploads\/2024\/06\/gel-nettoyant-purifiant-babe-stop-akn-200ml.jpg\",\"width\":800,\"height\":800},{\"@type\":\"BreadcrumbList\",\"@id\":\"https:\/\/orthopara.store\/index.php\/produit\/gel-nettoyant-purifiant-babe-stop-akn-200ml\/#breadcrumb\",\"itemListElement\":[{\"@type\":\"ListItem\",\"position\":1,\"name\":\"Accueil\",\"item\":\"https:\/\/orthopara.store\/\"},{\"@type\":\"ListItem\",\"position\":2,\"name\":\"Shop\",\"item\":\"https:\/\/orthopara.store\/?page_id=622\"},{\"@type\":\"ListItem\",\"position\":3,\"name\":\"Gel nettoyant purifiant &#8211; Bab\u00e9 stop AKN &#8211; 200ml\"}]},{\"@type\":\"WebSite\",\"@id\":\"https:\/\/orthopara.store\/#website\",\"url\":\"https:\/\/orthopara.store\/\",\"name\":\"OrthoPara\",\"description\":\"Parapharmacie\",\"publisher\":{\"@id\":\"https:\/\/orthopara.store\/#organization\"},\"potentialAction\":[{\"@type\":\"SearchAction\",\"target\":{\"@type\":\"EntryPoint\",\"urlTemplate\":\"https:\/\/orthopara.store\/?s={search_term_string}\"},\"query-input\":\"required name=search_term_string\"}],\"inLanguage\":\"fr-FR\"},{\"@type\":\"Organization\",\"@id\":\"https:\/\/orthopara.store\/#organization\",\"name\":\"OrthoPara\",\"url\":\"https:\/\/orthopara.store\/\",\"logo\":{\"@type\":\"ImageObject\",\"inLanguage\":\"fr-FR\",\"@id\":\"https:\/\/orthopara.store\/#\/schema\/logo\/image\/\",\"url\":\"https:\/\/orthopara.store\/wp-content\/uploads\/2024\/06\/cropped-9ABA8BAD-6256-4719-9315-15C66E64E882.png\",\"contentUrl\":\"https:\/\/orthopara.store\/wp-content\/uploads\/2024\/06\/cropped-9ABA8BAD-6256-4719-9315-15C66E64E882.png\",\"width\":240,\"height\":72,\"caption\":\"OrthoPara\"},\"image\":{\"@id\":\"https:\/\/orthopara.store\/#\/schema\/logo\/image\/\"},\"sameAs\":[\"https:\/\/www.facebook.com\/profile.php?id=61561194315651\",\"https:\/\/www.instagram.com\/orthopara_tunisie\/\"]}]}<\/script>\n<!-- \/ Yoast SEO plugin. -->","yoast_head_json":{"title":"Gel nettoyant purifiant - Bab\u00e9 stop AKN - 200ml - OrthoPara","robots":{"index":"index","follow":"follow","max-snippet":"max-snippet:-1","max-image-preview":"max-image-preview:large","max-video-preview":"max-video-preview:-1"},"canonical":"https:\/\/orthopara.store\/index.php\/produit\/gel-nettoyant-purifiant-babe-stop-akn-200ml\/","og_locale":"fr_FR","og_type":"article","og_title":"Gel nettoyant purifiant - Bab\u00e9 stop AKN - 200ml - OrthoPara","og_description":"Bab\u00e9 stop AKN Gel nettoyant purifiant Nettoyant purifiant pour le visage adapt\u00e9 \u00e0 tous les types de peau. Particuli\u00e8rement indiqu\u00e9 pour les peaux mixtes \u00e0 grasses, grasses ou \u00e0 tendance acn\u00e9ique.\u00a0 Contenance : 200ml\u00a0","og_url":"https:\/\/orthopara.store\/index.php\/produit\/gel-nettoyant-purifiant-babe-stop-akn-200ml\/","og_site_name":"OrthoPara","article_publisher":"https:\/\/www.facebook.com\/profile.php?id=61561194315651","article_modified_time":"2024-06-28T13:57:40+00:00","og_image":[{"width":800,"height":800,"url":"https:\/\/orthopara.store\/wp-content\/uploads\/2024\/06\/gel-nettoyant-purifiant-babe-stop-akn-200ml.jpg","type":"image\/jpeg"}],"twitter_card":"summary_large_image","twitter_misc":{"Dur\u00e9e de lecture estim\u00e9e":"2 minutes"},"schema":{"@context":"https:\/\/schema.org","@graph":[{"@type":"WebPage","@id":"https:\/\/orthopara.store\/index.php\/produit\/gel-nettoyant-purifiant-babe-stop-akn-200ml\/","url":"https:\/\/orthopara.store\/index.php\/produit\/gel-nettoyant-purifiant-babe-stop-akn-200ml\/","name":"Gel nettoyant purifiant - Bab\u00e9 stop AKN - 200ml - OrthoPara","isPartOf":{"@id":"https:\/\/orthopara.store\/#website"},"primaryImageOfPage":{"@id":"https:\/\/orthopara.store\/index.php\/produit\/gel-nettoyant-purifiant-babe-stop-akn-200ml\/#primaryimage"},"image":{"@id":"https:\/\/orthopara.store\/index.php\/produit\/gel-nettoyant-purifiant-babe-stop-akn-200ml\/#primaryimage"},"thumbnailUrl":"https:\/\/orthopara.store\/wp-content\/uploads\/2024\/06\/gel-nettoyant-purifiant-babe-stop-akn-200ml.jpg","datePublished":"2024-06-28T13:57:32+00:00","dateModified":"2024-06-28T13:57:40+00:00","breadcrumb":{"@id":"https:\/\/orthopara.store\/index.php\/produit\/gel-nettoyant-purifiant-babe-stop-akn-200ml\/#breadcrumb"},"inLanguage":"fr-FR","potentialAction":[{"@type":"ReadAction","target":["https:\/\/orthopara.store\/index.php\/produit\/gel-nettoyant-purifiant-babe-stop-akn-200ml\/"]}]},{"@type":"ImageObject","inLanguage":"fr-FR","@id":"https:\/\/orthopara.store\/index.php\/produit\/gel-nettoyant-purifiant-babe-stop-akn-200ml\/#primaryimage","url":"https:\/\/orthopara.store\/wp-content\/uploads\/2024\/06\/gel-nettoyant-purifiant-babe-stop-akn-200ml.jpg","contentUrl":"https:\/\/orthopara.store\/wp-content\/uploads\/2024\/06\/gel-nettoyant-purifiant-babe-stop-akn-200ml.jpg","width":800,"height":800},{"@type":"BreadcrumbList","@id":"https:\/\/orthopara.store\/index.php\/produit\/gel-nettoyant-purifiant-babe-stop-akn-200ml\/#breadcrumb","itemListElement":[{"@type":"ListItem","position":1,"name":"Accueil","item":"https:\/\/orthopara.store\/"},{"@type":"ListItem","position":2,"name":"Shop","item":"https:\/\/orthopara.store\/?page_id=622"},{"@type":"ListItem","position":3,"name":"Gel nettoyant purifiant &#8211; Bab\u00e9 stop AKN &#8211; 200ml"}]},{"@type":"WebSite","@id":"https:\/\/orthopara.store\/#website","url":"https:\/\/orthopara.store\/","name":"OrthoPara","description":"Parapharmacie","publisher":{"@id":"https:\/\/orthopara.store\/#organization"},"potentialAction":[{"@type":"SearchAction","target":{"@type":"EntryPoint","urlTemplate":"https:\/\/orthopara.store\/?s={search_term_string}"},"query-input":"required name=search_term_string"}],"inLanguage":"fr-FR"},{"@type":"Organization","@id":"https:\/\/orthopara.store\/#organization","name":"OrthoPara","url":"https:\/\/orthopara.store\/","logo":{"@type":"ImageObject","inLanguage":"fr-FR","@id":"https:\/\/orthopara.store\/#\/schema\/logo\/image\/","url":"https:\/\/orthopara.store\/wp-content\/uploads\/2024\/06\/cropped-9ABA8BAD-6256-4719-9315-15C66E64E882.png","contentUrl":"https:\/\/orthopara.store\/wp-content\/uploads\/2024\/06\/cropped-9ABA8BAD-6256-4719-9315-15C66E64E882.png","width":240,"height":72,"caption":"OrthoPara"},"image":{"@id":"https:\/\/orthopara.store\/#\/schema\/logo\/image\/"},"sameAs":["https:\/\/www.facebook.com\/profile.php?id=61561194315651","https:\/\/www.instagram.com\/orthopara_tunisie\/"]}]}},"jetpack_sharing_enabled":true,"brands":[{"id":196,"name":"Bab\u00e9","slug":"babe"}],"_links":{"self":[{"href":"https:\/\/orthopara.store\/index.php?rest_route=\/wp\/v2\/product\/2218","targetHints":{"allow":["GET"]}}],"collection":[{"href":"https:\/\/orthopara.store\/index.php?rest_route=\/wp\/v2\/product"}],"about":[{"href":"https:\/\/orthopara.store\/index.php?rest_route=\/wp\/v2\/types\/product"}],"replies":[{"embeddable":true,"href":"https:\/\/orthopara.store\/index.php?rest_route=%2Fwp%2Fv2%2Fcomments&post=2218"}],"wp:featuredmedia":[{"embeddable":true,"href":"https:\/\/orthopara.store\/index.php?rest_route=\/wp\/v2\/media\/2237"}],"wp:attachment":[{"href":"https:\/\/orthopara.store\/index.php?rest_route=%2Fwp%2Fv2%2Fmedia&parent=2218"}],"wp:term":[{"taxonomy":"pwb-brand","embeddable":true,"href":"https:\/\/orthopara.store\/index.php?rest_route=%2Fwp%2Fv2%2Fpwb-brand&post=2218"},{"taxonomy":"product_cat","embeddable":true,"href":"https:\/\/orthopara.store\/index.php?rest_route=%2Fwp%2Fv2%2Fproduct_cat&post=2218"},{"taxonomy":"product_tag","embeddable":true,"href":"https:\/\/orthopara.store\/index.php?rest_route=%2Fwp%2Fv2%2Fproduct_tag&post=2218"}],"curies":[{"name":"wp","href":"https:\/\/api.w.org\/{rel}","templated":true}]}}