{"id":2242,"date":"2024-06-28T15:57:42","date_gmt":"2024-06-28T13:57:42","guid":{"rendered":"https:\/\/orthopara.store\/?post_type=product&#038;p=2242"},"modified":"2024-06-28T15:57:45","modified_gmt":"2024-06-28T13:57:45","slug":"serum-anti-chute-repousse-dermedic-capilarte-150ml","status":"publish","type":"product","link":"https:\/\/orthopara.store\/?product=serum-anti-chute-repousse-dermedic-capilarte-150ml","title":{"rendered":"S\u00e9rum anti-chute &#038; repousse &#8211; Dermedic Capilarte &#8211; 150ml"},"content":{"rendered":"<p>S\u00e9rum anti-chute &#038; repousse &#8211; Dermedic Capilarte &#8211; 150ml\u00a0<br \/>\nLe s\u00e9rum Dermedic Capillaire stimulant et renouvelant la pousse des cheveux est destin\u00e9 au traitement de la chute pr\u00e9matur\u00e9e des cheveux de diverses \u00e9tiologies, notamment hormonales et g\u00e9n\u00e9tiques, chez la femme comme chez l&rsquo;homme.<br \/>\nNourrit intens\u00e9ment les cellules du follicule pileux et \u00e9largit la phase anag\u00e8ne de la croissance des cheveux.<br \/>\nProt\u00e8ge et r\u00e9g\u00e9n\u00e8re les cellules du follicule pileux et am\u00e9liore leur viabilit\u00e9.<br \/>\nStimule la microcirculation dans le cuir chevelu, am\u00e9liorant ainsi l&rsquo;oxyg\u00e9nation de la matrice capillaire.<br \/>\nStimule la croissance de nouveaux cheveux bien structur\u00e9s.<br \/>\nAugmente le volume et r\u00e9duit nettement la chute des cheveux<br \/>\nIl bloque la production de dihydrotestost\u00e9rone (DHT) &#8211; l&rsquo;hormone responsable du raccourcissement de la phase de croissance des cheveux et de la miniaturisation des follicules pileux.<br \/>\nConseil d&rsquo;utilisation<br \/>\nAppliquer le produit sur un cuir chevelu propre et humide. Massez doucement le s\u00e9rum sur le cuir chevelu, ne rincez pas \u00e0 l&rsquo;eau. En cas de contact avec les yeux, rincer abondamment \u00e0 l&rsquo;eau.<\/p>\n","protected":false},"excerpt":{"rendered":"<p>Dermedic Capilarte\u00a0<br \/>\nS\u00e9rum anti-chute &#038; repousse<br \/>\nstimulant la croissance et la repousse des cheveux<br \/>\nChute cheveux : homme\/femme\u00a0<br \/>\nContenance : 150ml<br \/>\nDLC 07\/2023<\/p>\n","protected":false},"featured_media":2260,"comment_status":"open","ping_status":"closed","template":"","meta":[],"pwb-brand":[54],"product_cat":[276],"product_tag":[],"class_list":{"0":"post-2242","1":"product","2":"type-product","3":"status-publish","4":"has-post-thumbnail","6":"pwb-brand-dermedic","7":"product_cat-cheveux-homme","8":"post","9":"ws-product--style-1","11":"first","12":"instock","13":"shipping-taxable","14":"purchasable","15":"product-type-simple"},"yoast_head":"<!-- This site is optimized with the Yoast SEO plugin v23.0 - https:\/\/yoast.com\/wordpress\/plugins\/seo\/ -->\n<title>S\u00e9rum anti-chute &amp; repousse - Dermedic Capilarte - 150ml - OrthoPara<\/title>\n<meta name=\"robots\" content=\"index, follow, max-snippet:-1, max-image-preview:large, max-video-preview:-1\" \/>\n<link rel=\"canonical\" href=\"https:\/\/orthopara.store\/index.php\/produit\/serum-anti-chute-repousse-dermedic-capilarte-150ml\/\" \/>\n<meta property=\"og:locale\" content=\"fr_FR\" \/>\n<meta property=\"og:type\" content=\"article\" \/>\n<meta property=\"og:title\" content=\"S\u00e9rum anti-chute &amp; repousse - Dermedic Capilarte - 150ml - OrthoPara\" \/>\n<meta property=\"og:description\" content=\"Dermedic Capilarte\u00a0 S\u00e9rum anti-chute &amp; repousse stimulant la croissance et la repousse des cheveux Chute cheveux : homme\/femme\u00a0 Contenance : 150ml DLC 07\/2023\" \/>\n<meta property=\"og:url\" content=\"https:\/\/orthopara.store\/index.php\/produit\/serum-anti-chute-repousse-dermedic-capilarte-150ml\/\" \/>\n<meta property=\"og:site_name\" content=\"OrthoPara\" \/>\n<meta property=\"article:publisher\" content=\"https:\/\/www.facebook.com\/profile.php?id=61561194315651\" \/>\n<meta property=\"article:modified_time\" content=\"2024-06-28T13:57:45+00:00\" \/>\n<meta property=\"og:image\" content=\"https:\/\/orthopara.store\/wp-content\/uploads\/2024\/06\/dermedic-capilarte-serum-anti-chute-et-repousse-150-ml.jpg\" \/>\n\t<meta property=\"og:image:width\" content=\"800\" \/>\n\t<meta property=\"og:image:height\" content=\"800\" \/>\n\t<meta property=\"og:image:type\" content=\"image\/jpeg\" \/>\n<meta name=\"twitter:card\" content=\"summary_large_image\" \/>\n<meta name=\"twitter:label1\" content=\"Dur\u00e9e de lecture estim\u00e9e\" \/>\n\t<meta name=\"twitter:data1\" content=\"1 minute\" \/>\n<script type=\"application\/ld+json\" class=\"yoast-schema-graph\">{\"@context\":\"https:\/\/schema.org\",\"@graph\":[{\"@type\":\"WebPage\",\"@id\":\"https:\/\/orthopara.store\/index.php\/produit\/serum-anti-chute-repousse-dermedic-capilarte-150ml\/\",\"url\":\"https:\/\/orthopara.store\/index.php\/produit\/serum-anti-chute-repousse-dermedic-capilarte-150ml\/\",\"name\":\"S\u00e9rum anti-chute & repousse - Dermedic Capilarte - 150ml - OrthoPara\",\"isPartOf\":{\"@id\":\"https:\/\/orthopara.store\/#website\"},\"primaryImageOfPage\":{\"@id\":\"https:\/\/orthopara.store\/index.php\/produit\/serum-anti-chute-repousse-dermedic-capilarte-150ml\/#primaryimage\"},\"image\":{\"@id\":\"https:\/\/orthopara.store\/index.php\/produit\/serum-anti-chute-repousse-dermedic-capilarte-150ml\/#primaryimage\"},\"thumbnailUrl\":\"https:\/\/orthopara.store\/wp-content\/uploads\/2024\/06\/dermedic-capilarte-serum-anti-chute-et-repousse-150-ml.jpg\",\"datePublished\":\"2024-06-28T13:57:42+00:00\",\"dateModified\":\"2024-06-28T13:57:45+00:00\",\"breadcrumb\":{\"@id\":\"https:\/\/orthopara.store\/index.php\/produit\/serum-anti-chute-repousse-dermedic-capilarte-150ml\/#breadcrumb\"},\"inLanguage\":\"fr-FR\",\"potentialAction\":[{\"@type\":\"ReadAction\",\"target\":[\"https:\/\/orthopara.store\/index.php\/produit\/serum-anti-chute-repousse-dermedic-capilarte-150ml\/\"]}]},{\"@type\":\"ImageObject\",\"inLanguage\":\"fr-FR\",\"@id\":\"https:\/\/orthopara.store\/index.php\/produit\/serum-anti-chute-repousse-dermedic-capilarte-150ml\/#primaryimage\",\"url\":\"https:\/\/orthopara.store\/wp-content\/uploads\/2024\/06\/dermedic-capilarte-serum-anti-chute-et-repousse-150-ml.jpg\",\"contentUrl\":\"https:\/\/orthopara.store\/wp-content\/uploads\/2024\/06\/dermedic-capilarte-serum-anti-chute-et-repousse-150-ml.jpg\",\"width\":800,\"height\":800},{\"@type\":\"BreadcrumbList\",\"@id\":\"https:\/\/orthopara.store\/index.php\/produit\/serum-anti-chute-repousse-dermedic-capilarte-150ml\/#breadcrumb\",\"itemListElement\":[{\"@type\":\"ListItem\",\"position\":1,\"name\":\"Accueil\",\"item\":\"https:\/\/orthopara.store\/\"},{\"@type\":\"ListItem\",\"position\":2,\"name\":\"Shop\",\"item\":\"https:\/\/orthopara.store\/?page_id=622\"},{\"@type\":\"ListItem\",\"position\":3,\"name\":\"S\u00e9rum anti-chute &#038; repousse &#8211; Dermedic Capilarte &#8211; 150ml\"}]},{\"@type\":\"WebSite\",\"@id\":\"https:\/\/orthopara.store\/#website\",\"url\":\"https:\/\/orthopara.store\/\",\"name\":\"OrthoPara\",\"description\":\"Parapharmacie\",\"publisher\":{\"@id\":\"https:\/\/orthopara.store\/#organization\"},\"potentialAction\":[{\"@type\":\"SearchAction\",\"target\":{\"@type\":\"EntryPoint\",\"urlTemplate\":\"https:\/\/orthopara.store\/?s={search_term_string}\"},\"query-input\":\"required name=search_term_string\"}],\"inLanguage\":\"fr-FR\"},{\"@type\":\"Organization\",\"@id\":\"https:\/\/orthopara.store\/#organization\",\"name\":\"OrthoPara\",\"url\":\"https:\/\/orthopara.store\/\",\"logo\":{\"@type\":\"ImageObject\",\"inLanguage\":\"fr-FR\",\"@id\":\"https:\/\/orthopara.store\/#\/schema\/logo\/image\/\",\"url\":\"https:\/\/orthopara.store\/wp-content\/uploads\/2024\/06\/cropped-9ABA8BAD-6256-4719-9315-15C66E64E882.png\",\"contentUrl\":\"https:\/\/orthopara.store\/wp-content\/uploads\/2024\/06\/cropped-9ABA8BAD-6256-4719-9315-15C66E64E882.png\",\"width\":240,\"height\":72,\"caption\":\"OrthoPara\"},\"image\":{\"@id\":\"https:\/\/orthopara.store\/#\/schema\/logo\/image\/\"},\"sameAs\":[\"https:\/\/www.facebook.com\/profile.php?id=61561194315651\",\"https:\/\/www.instagram.com\/orthopara_tunisie\/\"]}]}<\/script>\n<!-- \/ Yoast SEO plugin. -->","yoast_head_json":{"title":"S\u00e9rum anti-chute & repousse - Dermedic Capilarte - 150ml - OrthoPara","robots":{"index":"index","follow":"follow","max-snippet":"max-snippet:-1","max-image-preview":"max-image-preview:large","max-video-preview":"max-video-preview:-1"},"canonical":"https:\/\/orthopara.store\/index.php\/produit\/serum-anti-chute-repousse-dermedic-capilarte-150ml\/","og_locale":"fr_FR","og_type":"article","og_title":"S\u00e9rum anti-chute & repousse - Dermedic Capilarte - 150ml - OrthoPara","og_description":"Dermedic Capilarte\u00a0 S\u00e9rum anti-chute & repousse stimulant la croissance et la repousse des cheveux Chute cheveux : homme\/femme\u00a0 Contenance : 150ml DLC 07\/2023","og_url":"https:\/\/orthopara.store\/index.php\/produit\/serum-anti-chute-repousse-dermedic-capilarte-150ml\/","og_site_name":"OrthoPara","article_publisher":"https:\/\/www.facebook.com\/profile.php?id=61561194315651","article_modified_time":"2024-06-28T13:57:45+00:00","og_image":[{"width":800,"height":800,"url":"https:\/\/orthopara.store\/wp-content\/uploads\/2024\/06\/dermedic-capilarte-serum-anti-chute-et-repousse-150-ml.jpg","type":"image\/jpeg"}],"twitter_card":"summary_large_image","twitter_misc":{"Dur\u00e9e de lecture estim\u00e9e":"1 minute"},"schema":{"@context":"https:\/\/schema.org","@graph":[{"@type":"WebPage","@id":"https:\/\/orthopara.store\/index.php\/produit\/serum-anti-chute-repousse-dermedic-capilarte-150ml\/","url":"https:\/\/orthopara.store\/index.php\/produit\/serum-anti-chute-repousse-dermedic-capilarte-150ml\/","name":"S\u00e9rum anti-chute & repousse - Dermedic Capilarte - 150ml - OrthoPara","isPartOf":{"@id":"https:\/\/orthopara.store\/#website"},"primaryImageOfPage":{"@id":"https:\/\/orthopara.store\/index.php\/produit\/serum-anti-chute-repousse-dermedic-capilarte-150ml\/#primaryimage"},"image":{"@id":"https:\/\/orthopara.store\/index.php\/produit\/serum-anti-chute-repousse-dermedic-capilarte-150ml\/#primaryimage"},"thumbnailUrl":"https:\/\/orthopara.store\/wp-content\/uploads\/2024\/06\/dermedic-capilarte-serum-anti-chute-et-repousse-150-ml.jpg","datePublished":"2024-06-28T13:57:42+00:00","dateModified":"2024-06-28T13:57:45+00:00","breadcrumb":{"@id":"https:\/\/orthopara.store\/index.php\/produit\/serum-anti-chute-repousse-dermedic-capilarte-150ml\/#breadcrumb"},"inLanguage":"fr-FR","potentialAction":[{"@type":"ReadAction","target":["https:\/\/orthopara.store\/index.php\/produit\/serum-anti-chute-repousse-dermedic-capilarte-150ml\/"]}]},{"@type":"ImageObject","inLanguage":"fr-FR","@id":"https:\/\/orthopara.store\/index.php\/produit\/serum-anti-chute-repousse-dermedic-capilarte-150ml\/#primaryimage","url":"https:\/\/orthopara.store\/wp-content\/uploads\/2024\/06\/dermedic-capilarte-serum-anti-chute-et-repousse-150-ml.jpg","contentUrl":"https:\/\/orthopara.store\/wp-content\/uploads\/2024\/06\/dermedic-capilarte-serum-anti-chute-et-repousse-150-ml.jpg","width":800,"height":800},{"@type":"BreadcrumbList","@id":"https:\/\/orthopara.store\/index.php\/produit\/serum-anti-chute-repousse-dermedic-capilarte-150ml\/#breadcrumb","itemListElement":[{"@type":"ListItem","position":1,"name":"Accueil","item":"https:\/\/orthopara.store\/"},{"@type":"ListItem","position":2,"name":"Shop","item":"https:\/\/orthopara.store\/?page_id=622"},{"@type":"ListItem","position":3,"name":"S\u00e9rum anti-chute &#038; repousse &#8211; Dermedic Capilarte &#8211; 150ml"}]},{"@type":"WebSite","@id":"https:\/\/orthopara.store\/#website","url":"https:\/\/orthopara.store\/","name":"OrthoPara","description":"Parapharmacie","publisher":{"@id":"https:\/\/orthopara.store\/#organization"},"potentialAction":[{"@type":"SearchAction","target":{"@type":"EntryPoint","urlTemplate":"https:\/\/orthopara.store\/?s={search_term_string}"},"query-input":"required name=search_term_string"}],"inLanguage":"fr-FR"},{"@type":"Organization","@id":"https:\/\/orthopara.store\/#organization","name":"OrthoPara","url":"https:\/\/orthopara.store\/","logo":{"@type":"ImageObject","inLanguage":"fr-FR","@id":"https:\/\/orthopara.store\/#\/schema\/logo\/image\/","url":"https:\/\/orthopara.store\/wp-content\/uploads\/2024\/06\/cropped-9ABA8BAD-6256-4719-9315-15C66E64E882.png","contentUrl":"https:\/\/orthopara.store\/wp-content\/uploads\/2024\/06\/cropped-9ABA8BAD-6256-4719-9315-15C66E64E882.png","width":240,"height":72,"caption":"OrthoPara"},"image":{"@id":"https:\/\/orthopara.store\/#\/schema\/logo\/image\/"},"sameAs":["https:\/\/www.facebook.com\/profile.php?id=61561194315651","https:\/\/www.instagram.com\/orthopara_tunisie\/"]}]}},"jetpack_sharing_enabled":true,"brands":[{"id":54,"name":"DERMEDIC","slug":"dermedic"}],"_links":{"self":[{"href":"https:\/\/orthopara.store\/index.php?rest_route=\/wp\/v2\/product\/2242","targetHints":{"allow":["GET"]}}],"collection":[{"href":"https:\/\/orthopara.store\/index.php?rest_route=\/wp\/v2\/product"}],"about":[{"href":"https:\/\/orthopara.store\/index.php?rest_route=\/wp\/v2\/types\/product"}],"replies":[{"embeddable":true,"href":"https:\/\/orthopara.store\/index.php?rest_route=%2Fwp%2Fv2%2Fcomments&post=2242"}],"wp:featuredmedia":[{"embeddable":true,"href":"https:\/\/orthopara.store\/index.php?rest_route=\/wp\/v2\/media\/2260"}],"wp:attachment":[{"href":"https:\/\/orthopara.store\/index.php?rest_route=%2Fwp%2Fv2%2Fmedia&parent=2242"}],"wp:term":[{"taxonomy":"pwb-brand","embeddable":true,"href":"https:\/\/orthopara.store\/index.php?rest_route=%2Fwp%2Fv2%2Fpwb-brand&post=2242"},{"taxonomy":"product_cat","embeddable":true,"href":"https:\/\/orthopara.store\/index.php?rest_route=%2Fwp%2Fv2%2Fproduct_cat&post=2242"},{"taxonomy":"product_tag","embeddable":true,"href":"https:\/\/orthopara.store\/index.php?rest_route=%2Fwp%2Fv2%2Fproduct_tag&post=2242"}],"curies":[{"name":"wp","href":"https:\/\/api.w.org\/{rel}","templated":true}]}}