{"id":2258,"date":"2024-06-28T15:57:44","date_gmt":"2024-06-28T13:57:44","guid":{"rendered":"https:\/\/orthopara.store\/?post_type=product&#038;p=2258"},"modified":"2024-10-06T22:26:09","modified_gmt":"2024-10-06T21:26:09","slug":"mousse-a-raser-peaux-a-imperfections-hyfac-150ml","status":"publish","type":"product","link":"https:\/\/orthopara.store\/?product=mousse-a-raser-peaux-a-imperfections-hyfac-150ml","title":{"rendered":"Mousse \u00e0 raser &#8211; peaux \u00e0 imperfections &#8211; Hyfac &#8211; 150ml"},"content":{"rendered":"<p>Mousse \u00e0 raser &#8211; peaux \u00e0 imperfections &#8211; Hyfac &#8211; 150ml<br \/>\nHyfac mousse \u00e0 raser dermatologique con\u00e7ue pour le rasage de la barbe des peaux grasses et les peaux jeunes \u00e0 probl\u00e8mes<br \/>\nLa\u00a0mousse \u00e0 raser Hyfac\u00a0est conseill\u00e9e\u00a0 peaux grasses \u00e0 probl\u00e8mes (imperfections).<br \/>\nElle\u00a0permet d&rsquo;\u00e9viter les imperfections mais aussi l&rsquo;irritation lors du rasage.<br \/>\nConseils d&rsquo;utilisation\u00a0:<br \/>\nAgiter avant emploi, appliquer la mousse \u00e0 raser Hyfac sur la peau l\u00e9g\u00e8rement humide puis proc\u00e9der au rasage.<\/p>\n","protected":false},"excerpt":{"rendered":"<p>Hyfac\u00a0<br \/>\nMousse \u00e0 raser<br \/>\nHyfac mousse \u00e0 raser dermatologique con\u00e7ue pour le rasage de la barbe des peaux grasses et les peaux jeunes \u00e0 probl\u00e8mes<br \/>\nmousse \u00e0 raser Hyfac\u00a0est conseill\u00e9e pour le rasage de la barbe des peaux grasses \u00e0 probl\u00e8mes<br \/>\ncontenance : 150 ml<\/p>\n","protected":false},"featured_media":2276,"comment_status":"open","ping_status":"closed","template":"","meta":[],"pwb-brand":[122],"product_cat":[279],"product_tag":[],"class_list":{"0":"post-2258","1":"product","2":"type-product","3":"status-publish","4":"has-post-thumbnail","6":"pwb-brand-hyfac","7":"product_cat-rasage-apres-rasage","8":"post","9":"ws-product--style-1","11":"first","12":"instock","13":"shipping-taxable","14":"purchasable","15":"product-type-simple"},"yoast_head":"<!-- This site is optimized with the Yoast SEO plugin v23.0 - https:\/\/yoast.com\/wordpress\/plugins\/seo\/ -->\n<title>Mousse \u00e0 raser - peaux \u00e0 imperfections - Hyfac - 150ml - OrthoPara<\/title>\n<meta name=\"robots\" content=\"index, follow, max-snippet:-1, max-image-preview:large, max-video-preview:-1\" \/>\n<link rel=\"canonical\" href=\"https:\/\/orthopara.store\/index.php\/produit\/mousse-a-raser-peaux-a-imperfections-hyfac-150ml\/\" \/>\n<meta property=\"og:locale\" content=\"fr_FR\" \/>\n<meta property=\"og:type\" content=\"article\" \/>\n<meta property=\"og:title\" content=\"Mousse \u00e0 raser - peaux \u00e0 imperfections - Hyfac - 150ml - OrthoPara\" \/>\n<meta property=\"og:description\" content=\"Hyfac\u00a0 Mousse \u00e0 raser Hyfac mousse \u00e0 raser dermatologique con\u00e7ue pour le rasage de la barbe des peaux grasses et les peaux jeunes \u00e0 probl\u00e8mes mousse \u00e0 raser Hyfac\u00a0est conseill\u00e9e pour le rasage de la barbe des peaux grasses \u00e0 probl\u00e8mes contenance : 150 ml\" \/>\n<meta property=\"og:url\" content=\"https:\/\/orthopara.store\/index.php\/produit\/mousse-a-raser-peaux-a-imperfections-hyfac-150ml\/\" \/>\n<meta property=\"og:site_name\" content=\"OrthoPara\" \/>\n<meta property=\"article:publisher\" content=\"https:\/\/www.facebook.com\/profile.php?id=61561194315651\" \/>\n<meta property=\"article:modified_time\" content=\"2024-10-06T21:26:09+00:00\" \/>\n<meta property=\"og:image\" content=\"https:\/\/orthopara.store\/wp-content\/uploads\/2024\/06\/mousse-a-raser-peaux-a-imperfections-hyfac-150ml.jpg\" \/>\n\t<meta property=\"og:image:width\" content=\"800\" \/>\n\t<meta property=\"og:image:height\" content=\"800\" \/>\n\t<meta property=\"og:image:type\" content=\"image\/jpeg\" \/>\n<meta name=\"twitter:card\" content=\"summary_large_image\" \/>\n<script type=\"application\/ld+json\" class=\"yoast-schema-graph\">{\"@context\":\"https:\/\/schema.org\",\"@graph\":[{\"@type\":\"WebPage\",\"@id\":\"https:\/\/orthopara.store\/index.php\/produit\/mousse-a-raser-peaux-a-imperfections-hyfac-150ml\/\",\"url\":\"https:\/\/orthopara.store\/index.php\/produit\/mousse-a-raser-peaux-a-imperfections-hyfac-150ml\/\",\"name\":\"Mousse \u00e0 raser - peaux \u00e0 imperfections - Hyfac - 150ml - OrthoPara\",\"isPartOf\":{\"@id\":\"https:\/\/orthopara.store\/#website\"},\"primaryImageOfPage\":{\"@id\":\"https:\/\/orthopara.store\/index.php\/produit\/mousse-a-raser-peaux-a-imperfections-hyfac-150ml\/#primaryimage\"},\"image\":{\"@id\":\"https:\/\/orthopara.store\/index.php\/produit\/mousse-a-raser-peaux-a-imperfections-hyfac-150ml\/#primaryimage\"},\"thumbnailUrl\":\"https:\/\/orthopara.store\/wp-content\/uploads\/2024\/06\/mousse-a-raser-peaux-a-imperfections-hyfac-150ml.jpg\",\"datePublished\":\"2024-06-28T13:57:44+00:00\",\"dateModified\":\"2024-10-06T21:26:09+00:00\",\"breadcrumb\":{\"@id\":\"https:\/\/orthopara.store\/index.php\/produit\/mousse-a-raser-peaux-a-imperfections-hyfac-150ml\/#breadcrumb\"},\"inLanguage\":\"fr-FR\",\"potentialAction\":[{\"@type\":\"ReadAction\",\"target\":[\"https:\/\/orthopara.store\/index.php\/produit\/mousse-a-raser-peaux-a-imperfections-hyfac-150ml\/\"]}]},{\"@type\":\"ImageObject\",\"inLanguage\":\"fr-FR\",\"@id\":\"https:\/\/orthopara.store\/index.php\/produit\/mousse-a-raser-peaux-a-imperfections-hyfac-150ml\/#primaryimage\",\"url\":\"https:\/\/orthopara.store\/wp-content\/uploads\/2024\/06\/mousse-a-raser-peaux-a-imperfections-hyfac-150ml.jpg\",\"contentUrl\":\"https:\/\/orthopara.store\/wp-content\/uploads\/2024\/06\/mousse-a-raser-peaux-a-imperfections-hyfac-150ml.jpg\",\"width\":800,\"height\":800},{\"@type\":\"BreadcrumbList\",\"@id\":\"https:\/\/orthopara.store\/index.php\/produit\/mousse-a-raser-peaux-a-imperfections-hyfac-150ml\/#breadcrumb\",\"itemListElement\":[{\"@type\":\"ListItem\",\"position\":1,\"name\":\"Accueil\",\"item\":\"https:\/\/orthopara.store\/\"},{\"@type\":\"ListItem\",\"position\":2,\"name\":\"Shop\",\"item\":\"https:\/\/orthopara.store\/?page_id=622\"},{\"@type\":\"ListItem\",\"position\":3,\"name\":\"Mousse \u00e0 raser &#8211; peaux \u00e0 imperfections &#8211; Hyfac &#8211; 150ml\"}]},{\"@type\":\"WebSite\",\"@id\":\"https:\/\/orthopara.store\/#website\",\"url\":\"https:\/\/orthopara.store\/\",\"name\":\"OrthoPara\",\"description\":\"Parapharmacie\",\"publisher\":{\"@id\":\"https:\/\/orthopara.store\/#organization\"},\"potentialAction\":[{\"@type\":\"SearchAction\",\"target\":{\"@type\":\"EntryPoint\",\"urlTemplate\":\"https:\/\/orthopara.store\/?s={search_term_string}\"},\"query-input\":\"required name=search_term_string\"}],\"inLanguage\":\"fr-FR\"},{\"@type\":\"Organization\",\"@id\":\"https:\/\/orthopara.store\/#organization\",\"name\":\"OrthoPara\",\"url\":\"https:\/\/orthopara.store\/\",\"logo\":{\"@type\":\"ImageObject\",\"inLanguage\":\"fr-FR\",\"@id\":\"https:\/\/orthopara.store\/#\/schema\/logo\/image\/\",\"url\":\"https:\/\/orthopara.store\/wp-content\/uploads\/2024\/06\/cropped-9ABA8BAD-6256-4719-9315-15C66E64E882.png\",\"contentUrl\":\"https:\/\/orthopara.store\/wp-content\/uploads\/2024\/06\/cropped-9ABA8BAD-6256-4719-9315-15C66E64E882.png\",\"width\":240,\"height\":72,\"caption\":\"OrthoPara\"},\"image\":{\"@id\":\"https:\/\/orthopara.store\/#\/schema\/logo\/image\/\"},\"sameAs\":[\"https:\/\/www.facebook.com\/profile.php?id=61561194315651\",\"https:\/\/www.instagram.com\/orthopara_tunisie\/\"]}]}<\/script>\n<!-- \/ Yoast SEO plugin. -->","yoast_head_json":{"title":"Mousse \u00e0 raser - peaux \u00e0 imperfections - Hyfac - 150ml - OrthoPara","robots":{"index":"index","follow":"follow","max-snippet":"max-snippet:-1","max-image-preview":"max-image-preview:large","max-video-preview":"max-video-preview:-1"},"canonical":"https:\/\/orthopara.store\/index.php\/produit\/mousse-a-raser-peaux-a-imperfections-hyfac-150ml\/","og_locale":"fr_FR","og_type":"article","og_title":"Mousse \u00e0 raser - peaux \u00e0 imperfections - Hyfac - 150ml - OrthoPara","og_description":"Hyfac\u00a0 Mousse \u00e0 raser Hyfac mousse \u00e0 raser dermatologique con\u00e7ue pour le rasage de la barbe des peaux grasses et les peaux jeunes \u00e0 probl\u00e8mes mousse \u00e0 raser Hyfac\u00a0est conseill\u00e9e pour le rasage de la barbe des peaux grasses \u00e0 probl\u00e8mes contenance : 150 ml","og_url":"https:\/\/orthopara.store\/index.php\/produit\/mousse-a-raser-peaux-a-imperfections-hyfac-150ml\/","og_site_name":"OrthoPara","article_publisher":"https:\/\/www.facebook.com\/profile.php?id=61561194315651","article_modified_time":"2024-10-06T21:26:09+00:00","og_image":[{"width":800,"height":800,"url":"https:\/\/orthopara.store\/wp-content\/uploads\/2024\/06\/mousse-a-raser-peaux-a-imperfections-hyfac-150ml.jpg","type":"image\/jpeg"}],"twitter_card":"summary_large_image","schema":{"@context":"https:\/\/schema.org","@graph":[{"@type":"WebPage","@id":"https:\/\/orthopara.store\/index.php\/produit\/mousse-a-raser-peaux-a-imperfections-hyfac-150ml\/","url":"https:\/\/orthopara.store\/index.php\/produit\/mousse-a-raser-peaux-a-imperfections-hyfac-150ml\/","name":"Mousse \u00e0 raser - peaux \u00e0 imperfections - Hyfac - 150ml - OrthoPara","isPartOf":{"@id":"https:\/\/orthopara.store\/#website"},"primaryImageOfPage":{"@id":"https:\/\/orthopara.store\/index.php\/produit\/mousse-a-raser-peaux-a-imperfections-hyfac-150ml\/#primaryimage"},"image":{"@id":"https:\/\/orthopara.store\/index.php\/produit\/mousse-a-raser-peaux-a-imperfections-hyfac-150ml\/#primaryimage"},"thumbnailUrl":"https:\/\/orthopara.store\/wp-content\/uploads\/2024\/06\/mousse-a-raser-peaux-a-imperfections-hyfac-150ml.jpg","datePublished":"2024-06-28T13:57:44+00:00","dateModified":"2024-10-06T21:26:09+00:00","breadcrumb":{"@id":"https:\/\/orthopara.store\/index.php\/produit\/mousse-a-raser-peaux-a-imperfections-hyfac-150ml\/#breadcrumb"},"inLanguage":"fr-FR","potentialAction":[{"@type":"ReadAction","target":["https:\/\/orthopara.store\/index.php\/produit\/mousse-a-raser-peaux-a-imperfections-hyfac-150ml\/"]}]},{"@type":"ImageObject","inLanguage":"fr-FR","@id":"https:\/\/orthopara.store\/index.php\/produit\/mousse-a-raser-peaux-a-imperfections-hyfac-150ml\/#primaryimage","url":"https:\/\/orthopara.store\/wp-content\/uploads\/2024\/06\/mousse-a-raser-peaux-a-imperfections-hyfac-150ml.jpg","contentUrl":"https:\/\/orthopara.store\/wp-content\/uploads\/2024\/06\/mousse-a-raser-peaux-a-imperfections-hyfac-150ml.jpg","width":800,"height":800},{"@type":"BreadcrumbList","@id":"https:\/\/orthopara.store\/index.php\/produit\/mousse-a-raser-peaux-a-imperfections-hyfac-150ml\/#breadcrumb","itemListElement":[{"@type":"ListItem","position":1,"name":"Accueil","item":"https:\/\/orthopara.store\/"},{"@type":"ListItem","position":2,"name":"Shop","item":"https:\/\/orthopara.store\/?page_id=622"},{"@type":"ListItem","position":3,"name":"Mousse \u00e0 raser &#8211; peaux \u00e0 imperfections &#8211; Hyfac &#8211; 150ml"}]},{"@type":"WebSite","@id":"https:\/\/orthopara.store\/#website","url":"https:\/\/orthopara.store\/","name":"OrthoPara","description":"Parapharmacie","publisher":{"@id":"https:\/\/orthopara.store\/#organization"},"potentialAction":[{"@type":"SearchAction","target":{"@type":"EntryPoint","urlTemplate":"https:\/\/orthopara.store\/?s={search_term_string}"},"query-input":"required name=search_term_string"}],"inLanguage":"fr-FR"},{"@type":"Organization","@id":"https:\/\/orthopara.store\/#organization","name":"OrthoPara","url":"https:\/\/orthopara.store\/","logo":{"@type":"ImageObject","inLanguage":"fr-FR","@id":"https:\/\/orthopara.store\/#\/schema\/logo\/image\/","url":"https:\/\/orthopara.store\/wp-content\/uploads\/2024\/06\/cropped-9ABA8BAD-6256-4719-9315-15C66E64E882.png","contentUrl":"https:\/\/orthopara.store\/wp-content\/uploads\/2024\/06\/cropped-9ABA8BAD-6256-4719-9315-15C66E64E882.png","width":240,"height":72,"caption":"OrthoPara"},"image":{"@id":"https:\/\/orthopara.store\/#\/schema\/logo\/image\/"},"sameAs":["https:\/\/www.facebook.com\/profile.php?id=61561194315651","https:\/\/www.instagram.com\/orthopara_tunisie\/"]}]}},"jetpack_sharing_enabled":true,"brands":[{"id":122,"name":"Hyfac","slug":"hyfac"}],"_links":{"self":[{"href":"https:\/\/orthopara.store\/index.php?rest_route=\/wp\/v2\/product\/2258","targetHints":{"allow":["GET"]}}],"collection":[{"href":"https:\/\/orthopara.store\/index.php?rest_route=\/wp\/v2\/product"}],"about":[{"href":"https:\/\/orthopara.store\/index.php?rest_route=\/wp\/v2\/types\/product"}],"replies":[{"embeddable":true,"href":"https:\/\/orthopara.store\/index.php?rest_route=%2Fwp%2Fv2%2Fcomments&post=2258"}],"wp:featuredmedia":[{"embeddable":true,"href":"https:\/\/orthopara.store\/index.php?rest_route=\/wp\/v2\/media\/2276"}],"wp:attachment":[{"href":"https:\/\/orthopara.store\/index.php?rest_route=%2Fwp%2Fv2%2Fmedia&parent=2258"}],"wp:term":[{"taxonomy":"pwb-brand","embeddable":true,"href":"https:\/\/orthopara.store\/index.php?rest_route=%2Fwp%2Fv2%2Fpwb-brand&post=2258"},{"taxonomy":"product_cat","embeddable":true,"href":"https:\/\/orthopara.store\/index.php?rest_route=%2Fwp%2Fv2%2Fproduct_cat&post=2258"},{"taxonomy":"product_tag","embeddable":true,"href":"https:\/\/orthopara.store\/index.php?rest_route=%2Fwp%2Fv2%2Fproduct_tag&post=2258"}],"curies":[{"name":"wp","href":"https:\/\/api.w.org\/{rel}","templated":true}]}}