{"id":2282,"date":"2024-06-28T15:57:55","date_gmt":"2024-06-28T13:57:55","guid":{"rendered":"https:\/\/orthopara.store\/?post_type=product&#038;p=2282"},"modified":"2024-06-28T15:57:59","modified_gmt":"2024-06-28T13:57:59","slug":"deo-en-bille-vegetal-svr-spirial-50ml","status":"publish","type":"product","link":"https:\/\/orthopara.store\/?product=deo-en-bille-vegetal-svr-spirial-50ml","title":{"rendered":"D\u00e9o en Bille v\u00e9g\u00e9tal &#8211; SVR Spirial &#8211; 50ml"},"content":{"rendered":"<p>D\u00e9o en Bille v\u00e9g\u00e9tal &#8211; SVR Spirial &#8211; 50ml<br \/>\nSVR Spirial roll on vegetal\u00a0est le 1er d\u00e9odorant anti-transpirant 48h\u00a0 sans sels d\u2019aluminium. Sa bille glisse facilement pour une application rapide tout en apportant douceur et confort. Formul\u00e9 avec un complexe d\u2019origine v\u00e9g\u00e9tale, ce d\u00e9odorant absorbe l\u2019humidit\u00e9 et combat les mauvaises odeurs dans une tol\u00e9rance optimale.<br \/>\nMode d\u2019emploi :<br \/>\nSur peau propre et s\u00e8che, matin ou soir en fonction de vos habitudes. Pour un r\u00e9sultat optimal, utiliser le produit quotidiennement pendant 3 jours puis, espacer les applications en fonction de vos besoins comme indiqu\u00e9 sur la notice.<br \/>\n\u00a0<\/p>\n","protected":false},"excerpt":{"rendered":"<p>SVR Spirial\u00a0<br \/>\nD\u00e9o en Bille v\u00e9g\u00e9tal<\/p>\n<p>Peaux sensibles, m\u00eames ras\u00e9es ou \u00e9pil\u00e9es.\u00a0<br \/>\nAdolescent, adulte.\u00a0<\/p>\n<p>Contenance : 50ml<\/p>\n","protected":false},"featured_media":2298,"comment_status":"open","ping_status":"closed","template":"","meta":[],"pwb-brand":[43],"product_cat":[282],"product_tag":[],"class_list":{"0":"post-2282","1":"product","2":"type-product","3":"status-publish","4":"has-post-thumbnail","6":"pwb-brand-svr","7":"product_cat-deodorant-homme","8":"post","9":"ws-product--style-1","11":"first","12":"instock","13":"shipping-taxable","14":"purchasable","15":"product-type-simple"},"yoast_head":"<!-- This site is optimized with the Yoast SEO plugin v23.0 - https:\/\/yoast.com\/wordpress\/plugins\/seo\/ -->\n<title>D\u00e9o en Bille v\u00e9g\u00e9tal - SVR Spirial - 50ml - OrthoPara<\/title>\n<meta name=\"robots\" content=\"index, follow, max-snippet:-1, max-image-preview:large, max-video-preview:-1\" \/>\n<link rel=\"canonical\" href=\"https:\/\/orthopara.store\/index.php\/produit\/deo-en-bille-vegetal-svr-spirial-50ml\/\" \/>\n<meta property=\"og:locale\" content=\"fr_FR\" \/>\n<meta property=\"og:type\" content=\"article\" \/>\n<meta property=\"og:title\" content=\"D\u00e9o en Bille v\u00e9g\u00e9tal - SVR Spirial - 50ml - OrthoPara\" \/>\n<meta property=\"og:description\" content=\"SVR Spirial\u00a0 D\u00e9o en Bille v\u00e9g\u00e9tal Peaux sensibles, m\u00eames ras\u00e9es ou \u00e9pil\u00e9es.\u00a0 Adolescent, adulte.\u00a0 Contenance : 50ml\" \/>\n<meta property=\"og:url\" content=\"https:\/\/orthopara.store\/index.php\/produit\/deo-en-bille-vegetal-svr-spirial-50ml\/\" \/>\n<meta property=\"og:site_name\" content=\"OrthoPara\" \/>\n<meta property=\"article:publisher\" content=\"https:\/\/www.facebook.com\/profile.php?id=61561194315651\" \/>\n<meta property=\"article:modified_time\" content=\"2024-06-28T13:57:59+00:00\" \/>\n<meta property=\"og:image\" content=\"https:\/\/orthopara.store\/wp-content\/uploads\/2024\/06\/deo-en-bille-vegetal-svr-spirial-50ml.jpg\" \/>\n\t<meta property=\"og:image:width\" content=\"800\" \/>\n\t<meta property=\"og:image:height\" content=\"800\" \/>\n\t<meta property=\"og:image:type\" content=\"image\/jpeg\" \/>\n<meta name=\"twitter:card\" content=\"summary_large_image\" \/>\n<meta name=\"twitter:label1\" content=\"Dur\u00e9e de lecture estim\u00e9e\" \/>\n\t<meta name=\"twitter:data1\" content=\"1 minute\" \/>\n<script type=\"application\/ld+json\" class=\"yoast-schema-graph\">{\"@context\":\"https:\/\/schema.org\",\"@graph\":[{\"@type\":\"WebPage\",\"@id\":\"https:\/\/orthopara.store\/index.php\/produit\/deo-en-bille-vegetal-svr-spirial-50ml\/\",\"url\":\"https:\/\/orthopara.store\/index.php\/produit\/deo-en-bille-vegetal-svr-spirial-50ml\/\",\"name\":\"D\u00e9o en Bille v\u00e9g\u00e9tal - SVR Spirial - 50ml - OrthoPara\",\"isPartOf\":{\"@id\":\"https:\/\/orthopara.store\/#website\"},\"primaryImageOfPage\":{\"@id\":\"https:\/\/orthopara.store\/index.php\/produit\/deo-en-bille-vegetal-svr-spirial-50ml\/#primaryimage\"},\"image\":{\"@id\":\"https:\/\/orthopara.store\/index.php\/produit\/deo-en-bille-vegetal-svr-spirial-50ml\/#primaryimage\"},\"thumbnailUrl\":\"https:\/\/orthopara.store\/wp-content\/uploads\/2024\/06\/deo-en-bille-vegetal-svr-spirial-50ml.jpg\",\"datePublished\":\"2024-06-28T13:57:55+00:00\",\"dateModified\":\"2024-06-28T13:57:59+00:00\",\"breadcrumb\":{\"@id\":\"https:\/\/orthopara.store\/index.php\/produit\/deo-en-bille-vegetal-svr-spirial-50ml\/#breadcrumb\"},\"inLanguage\":\"fr-FR\",\"potentialAction\":[{\"@type\":\"ReadAction\",\"target\":[\"https:\/\/orthopara.store\/index.php\/produit\/deo-en-bille-vegetal-svr-spirial-50ml\/\"]}]},{\"@type\":\"ImageObject\",\"inLanguage\":\"fr-FR\",\"@id\":\"https:\/\/orthopara.store\/index.php\/produit\/deo-en-bille-vegetal-svr-spirial-50ml\/#primaryimage\",\"url\":\"https:\/\/orthopara.store\/wp-content\/uploads\/2024\/06\/deo-en-bille-vegetal-svr-spirial-50ml.jpg\",\"contentUrl\":\"https:\/\/orthopara.store\/wp-content\/uploads\/2024\/06\/deo-en-bille-vegetal-svr-spirial-50ml.jpg\",\"width\":800,\"height\":800},{\"@type\":\"BreadcrumbList\",\"@id\":\"https:\/\/orthopara.store\/index.php\/produit\/deo-en-bille-vegetal-svr-spirial-50ml\/#breadcrumb\",\"itemListElement\":[{\"@type\":\"ListItem\",\"position\":1,\"name\":\"Accueil\",\"item\":\"https:\/\/orthopara.store\/\"},{\"@type\":\"ListItem\",\"position\":2,\"name\":\"Shop\",\"item\":\"https:\/\/orthopara.store\/?page_id=622\"},{\"@type\":\"ListItem\",\"position\":3,\"name\":\"D\u00e9o en Bille v\u00e9g\u00e9tal &#8211; SVR Spirial &#8211; 50ml\"}]},{\"@type\":\"WebSite\",\"@id\":\"https:\/\/orthopara.store\/#website\",\"url\":\"https:\/\/orthopara.store\/\",\"name\":\"OrthoPara\",\"description\":\"Parapharmacie\",\"publisher\":{\"@id\":\"https:\/\/orthopara.store\/#organization\"},\"potentialAction\":[{\"@type\":\"SearchAction\",\"target\":{\"@type\":\"EntryPoint\",\"urlTemplate\":\"https:\/\/orthopara.store\/?s={search_term_string}\"},\"query-input\":\"required name=search_term_string\"}],\"inLanguage\":\"fr-FR\"},{\"@type\":\"Organization\",\"@id\":\"https:\/\/orthopara.store\/#organization\",\"name\":\"OrthoPara\",\"url\":\"https:\/\/orthopara.store\/\",\"logo\":{\"@type\":\"ImageObject\",\"inLanguage\":\"fr-FR\",\"@id\":\"https:\/\/orthopara.store\/#\/schema\/logo\/image\/\",\"url\":\"https:\/\/orthopara.store\/wp-content\/uploads\/2024\/06\/cropped-9ABA8BAD-6256-4719-9315-15C66E64E882.png\",\"contentUrl\":\"https:\/\/orthopara.store\/wp-content\/uploads\/2024\/06\/cropped-9ABA8BAD-6256-4719-9315-15C66E64E882.png\",\"width\":240,\"height\":72,\"caption\":\"OrthoPara\"},\"image\":{\"@id\":\"https:\/\/orthopara.store\/#\/schema\/logo\/image\/\"},\"sameAs\":[\"https:\/\/www.facebook.com\/profile.php?id=61561194315651\",\"https:\/\/www.instagram.com\/orthopara_tunisie\/\"]}]}<\/script>\n<!-- \/ Yoast SEO plugin. -->","yoast_head_json":{"title":"D\u00e9o en Bille v\u00e9g\u00e9tal - SVR Spirial - 50ml - OrthoPara","robots":{"index":"index","follow":"follow","max-snippet":"max-snippet:-1","max-image-preview":"max-image-preview:large","max-video-preview":"max-video-preview:-1"},"canonical":"https:\/\/orthopara.store\/index.php\/produit\/deo-en-bille-vegetal-svr-spirial-50ml\/","og_locale":"fr_FR","og_type":"article","og_title":"D\u00e9o en Bille v\u00e9g\u00e9tal - SVR Spirial - 50ml - OrthoPara","og_description":"SVR Spirial\u00a0 D\u00e9o en Bille v\u00e9g\u00e9tal Peaux sensibles, m\u00eames ras\u00e9es ou \u00e9pil\u00e9es.\u00a0 Adolescent, adulte.\u00a0 Contenance : 50ml","og_url":"https:\/\/orthopara.store\/index.php\/produit\/deo-en-bille-vegetal-svr-spirial-50ml\/","og_site_name":"OrthoPara","article_publisher":"https:\/\/www.facebook.com\/profile.php?id=61561194315651","article_modified_time":"2024-06-28T13:57:59+00:00","og_image":[{"width":800,"height":800,"url":"https:\/\/orthopara.store\/wp-content\/uploads\/2024\/06\/deo-en-bille-vegetal-svr-spirial-50ml.jpg","type":"image\/jpeg"}],"twitter_card":"summary_large_image","twitter_misc":{"Dur\u00e9e de lecture estim\u00e9e":"1 minute"},"schema":{"@context":"https:\/\/schema.org","@graph":[{"@type":"WebPage","@id":"https:\/\/orthopara.store\/index.php\/produit\/deo-en-bille-vegetal-svr-spirial-50ml\/","url":"https:\/\/orthopara.store\/index.php\/produit\/deo-en-bille-vegetal-svr-spirial-50ml\/","name":"D\u00e9o en Bille v\u00e9g\u00e9tal - SVR Spirial - 50ml - OrthoPara","isPartOf":{"@id":"https:\/\/orthopara.store\/#website"},"primaryImageOfPage":{"@id":"https:\/\/orthopara.store\/index.php\/produit\/deo-en-bille-vegetal-svr-spirial-50ml\/#primaryimage"},"image":{"@id":"https:\/\/orthopara.store\/index.php\/produit\/deo-en-bille-vegetal-svr-spirial-50ml\/#primaryimage"},"thumbnailUrl":"https:\/\/orthopara.store\/wp-content\/uploads\/2024\/06\/deo-en-bille-vegetal-svr-spirial-50ml.jpg","datePublished":"2024-06-28T13:57:55+00:00","dateModified":"2024-06-28T13:57:59+00:00","breadcrumb":{"@id":"https:\/\/orthopara.store\/index.php\/produit\/deo-en-bille-vegetal-svr-spirial-50ml\/#breadcrumb"},"inLanguage":"fr-FR","potentialAction":[{"@type":"ReadAction","target":["https:\/\/orthopara.store\/index.php\/produit\/deo-en-bille-vegetal-svr-spirial-50ml\/"]}]},{"@type":"ImageObject","inLanguage":"fr-FR","@id":"https:\/\/orthopara.store\/index.php\/produit\/deo-en-bille-vegetal-svr-spirial-50ml\/#primaryimage","url":"https:\/\/orthopara.store\/wp-content\/uploads\/2024\/06\/deo-en-bille-vegetal-svr-spirial-50ml.jpg","contentUrl":"https:\/\/orthopara.store\/wp-content\/uploads\/2024\/06\/deo-en-bille-vegetal-svr-spirial-50ml.jpg","width":800,"height":800},{"@type":"BreadcrumbList","@id":"https:\/\/orthopara.store\/index.php\/produit\/deo-en-bille-vegetal-svr-spirial-50ml\/#breadcrumb","itemListElement":[{"@type":"ListItem","position":1,"name":"Accueil","item":"https:\/\/orthopara.store\/"},{"@type":"ListItem","position":2,"name":"Shop","item":"https:\/\/orthopara.store\/?page_id=622"},{"@type":"ListItem","position":3,"name":"D\u00e9o en Bille v\u00e9g\u00e9tal &#8211; SVR Spirial &#8211; 50ml"}]},{"@type":"WebSite","@id":"https:\/\/orthopara.store\/#website","url":"https:\/\/orthopara.store\/","name":"OrthoPara","description":"Parapharmacie","publisher":{"@id":"https:\/\/orthopara.store\/#organization"},"potentialAction":[{"@type":"SearchAction","target":{"@type":"EntryPoint","urlTemplate":"https:\/\/orthopara.store\/?s={search_term_string}"},"query-input":"required name=search_term_string"}],"inLanguage":"fr-FR"},{"@type":"Organization","@id":"https:\/\/orthopara.store\/#organization","name":"OrthoPara","url":"https:\/\/orthopara.store\/","logo":{"@type":"ImageObject","inLanguage":"fr-FR","@id":"https:\/\/orthopara.store\/#\/schema\/logo\/image\/","url":"https:\/\/orthopara.store\/wp-content\/uploads\/2024\/06\/cropped-9ABA8BAD-6256-4719-9315-15C66E64E882.png","contentUrl":"https:\/\/orthopara.store\/wp-content\/uploads\/2024\/06\/cropped-9ABA8BAD-6256-4719-9315-15C66E64E882.png","width":240,"height":72,"caption":"OrthoPara"},"image":{"@id":"https:\/\/orthopara.store\/#\/schema\/logo\/image\/"},"sameAs":["https:\/\/www.facebook.com\/profile.php?id=61561194315651","https:\/\/www.instagram.com\/orthopara_tunisie\/"]}]}},"jetpack_sharing_enabled":true,"brands":[{"id":43,"name":"SVR","slug":"svr"}],"_links":{"self":[{"href":"https:\/\/orthopara.store\/index.php?rest_route=\/wp\/v2\/product\/2282","targetHints":{"allow":["GET"]}}],"collection":[{"href":"https:\/\/orthopara.store\/index.php?rest_route=\/wp\/v2\/product"}],"about":[{"href":"https:\/\/orthopara.store\/index.php?rest_route=\/wp\/v2\/types\/product"}],"replies":[{"embeddable":true,"href":"https:\/\/orthopara.store\/index.php?rest_route=%2Fwp%2Fv2%2Fcomments&post=2282"}],"wp:featuredmedia":[{"embeddable":true,"href":"https:\/\/orthopara.store\/index.php?rest_route=\/wp\/v2\/media\/2298"}],"wp:attachment":[{"href":"https:\/\/orthopara.store\/index.php?rest_route=%2Fwp%2Fv2%2Fmedia&parent=2282"}],"wp:term":[{"taxonomy":"pwb-brand","embeddable":true,"href":"https:\/\/orthopara.store\/index.php?rest_route=%2Fwp%2Fv2%2Fpwb-brand&post=2282"},{"taxonomy":"product_cat","embeddable":true,"href":"https:\/\/orthopara.store\/index.php?rest_route=%2Fwp%2Fv2%2Fproduct_cat&post=2282"},{"taxonomy":"product_tag","embeddable":true,"href":"https:\/\/orthopara.store\/index.php?rest_route=%2Fwp%2Fv2%2Fproduct_tag&post=2282"}],"curies":[{"name":"wp","href":"https:\/\/api.w.org\/{rel}","templated":true}]}}