{"id":671,"date":"2024-06-28T15:49:25","date_gmt":"2024-06-28T13:49:25","guid":{"rendered":"https:\/\/orthopara.store\/?post_type=product&#038;p=671"},"modified":"2024-06-28T15:49:29","modified_gmt":"2024-06-28T13:49:29","slug":"isdin-isdinceutics-huile-nettoyante-visage-200ml","status":"publish","type":"product","link":"https:\/\/orthopara.store\/?product=isdin-isdinceutics-huile-nettoyante-visage-200ml","title":{"rendered":"Isdin Isdinceutics &#8211; Huile nettoyante visage &#8211; 200ml"},"content":{"rendered":"<p>B\u00e9n\u00e9fices :<br \/>\nNettoie et \u00e9limine efficacement l&rsquo;exc\u00e8s de s\u00e9bum, le maquillage et les \u00e9crans solaires r\u00e9sistants \u00e0 l&rsquo;eau.<br \/>\nHydrate et respecte la barri\u00e8re lipidique de la peau.<br \/>\nFavorise un aspect lumineux et \u00e9clatant de la peau.<br \/>\nActifs cl\u00e9s :\u00a0<br \/>\n85% d&rsquo;ingr\u00e9dients d&rsquo;origine naturelle : La formule Essential Cleansing contient une combinaison unique d&rsquo;ingr\u00e9dients d&rsquo;origine naturelle pour nettoyer la peau en profondeur tout en pr\u00e9servant son hydratation.<br \/>\nNettoyer la peau en profondeur tout en pr\u00e9servant son hydratation.<br \/>\nHuile d&rsquo;olive extra vierge : Huile aux vertus nourrissantes et antioxydantes, ainsi qu&rsquo;aux propri\u00e9t\u00e9s protectrices et r\u00e9g\u00e9n\u00e9ratrices.<br \/>\nHuile de tournesol : Une huile riche en om\u00e9gas 6 et 9 et aux propri\u00e9t\u00e9s r\u00e9paratrices qui renforce la fonction barri\u00e8re de la peau.<br \/>\nSauge sclar\u00e9e : Extrait de sauge qui aide \u00e0 pr\u00e9venir les taches brunes et favorise l&rsquo;\u00e9clat de la peau.<br \/>\nMode d&#8217;emploi :<br \/>\nAppliquer 2 ou 3 pompes de produit sur les mains s\u00e8ches et r\u00e9partir l&rsquo;huile par mouvements circulaires sur l&rsquo;ensemble du visage sec.<br \/>\nPour d\u00e9maquiller les paupi\u00e8res et les cils, utiliser le bout des doigts et frotter d\u00e9licatement, toujours les yeux ferm\u00e9s, de haut en bas.<br \/>\nHumidifier la peau avec de l&rsquo;eau ti\u00e8de et masser l&rsquo;huile jusqu&rsquo;\u00e0 ce qu&rsquo;elle se transforme en une \u00e9mulsion l\u00e9g\u00e8re.<br \/>\nRincer le visage \u00e0 l&rsquo;eau ti\u00e8de et s\u00e9cher la peau \u00e0 l&rsquo;aide d&rsquo;une serviette.<br \/>\nComposition :<br \/>\nHelianthus Annuus (Sunflower) Seed Oil, Isopropyl Myristate, Caprylic\/Capric Triglyceride, Ethylhexyl Palmitate, PEG-20 Glyceryl Triisostearate, Olea Europaea (Olive) Fruit Oil, Parfum (Fragrance), Tocopherol, Sclareolide.\u00a0<br \/>\nContenance :<br \/>\n200ml<\/p>\n","protected":false},"excerpt":{"rendered":"<p>Essential Cleansing est une huile nettoyante douce et l\u00e9g\u00e8re pour le visage, dont la texture huile-lait utilise le pouvoir de l&rsquo;huile pour nettoyer la peau en profondeur. Au contact de l&rsquo;eau, elle se transforme en une \u00e9mulsion agr\u00e9able qui laisse la peau douce et hydrat\u00e9e.<br \/>\nL&rsquo;efficacit\u00e9 de l&rsquo;huile. La douceur d&rsquo;une \u00e9mulsion!<br \/>\nTous types de peaux<\/p>\n","protected":false},"featured_media":699,"comment_status":"open","ping_status":"closed","template":"","meta":[],"pwb-brand":[42],"product_cat":[39],"product_tag":[],"class_list":{"0":"post-671","1":"product","2":"type-product","3":"status-publish","4":"has-post-thumbnail","6":"pwb-brand-isdin","7":"product_cat-hydratants-toutes-peaux","8":"post","9":"ws-product--style-1","11":"first","12":"instock","13":"shipping-taxable","14":"purchasable","15":"product-type-simple"},"yoast_head":"<!-- This site is optimized with the Yoast SEO plugin v23.0 - https:\/\/yoast.com\/wordpress\/plugins\/seo\/ -->\n<title>Isdin Isdinceutics - Huile nettoyante visage - 200ml - OrthoPara<\/title>\n<meta name=\"robots\" content=\"index, follow, max-snippet:-1, max-image-preview:large, max-video-preview:-1\" \/>\n<link rel=\"canonical\" href=\"https:\/\/orthopara.store\/index.php\/produit\/isdin-isdinceutics-huile-nettoyante-visage-200ml\/\" \/>\n<meta property=\"og:locale\" content=\"fr_FR\" \/>\n<meta property=\"og:type\" content=\"article\" \/>\n<meta property=\"og:title\" content=\"Isdin Isdinceutics - Huile nettoyante visage - 200ml - OrthoPara\" \/>\n<meta property=\"og:description\" content=\"Essential Cleansing est une huile nettoyante douce et l\u00e9g\u00e8re pour le visage, dont la texture huile-lait utilise le pouvoir de l&#039;huile pour nettoyer la peau en profondeur. Au contact de l&#039;eau, elle se transforme en une \u00e9mulsion agr\u00e9able qui laisse la peau douce et hydrat\u00e9e. L&#039;efficacit\u00e9 de l&#039;huile. La douceur d&#039;une \u00e9mulsion! Tous types de peaux\" \/>\n<meta property=\"og:url\" content=\"https:\/\/orthopara.store\/index.php\/produit\/isdin-isdinceutics-huile-nettoyante-visage-200ml\/\" \/>\n<meta property=\"og:site_name\" content=\"OrthoPara\" \/>\n<meta property=\"article:publisher\" content=\"https:\/\/www.facebook.com\/profile.php?id=61561194315651\" \/>\n<meta property=\"article:modified_time\" content=\"2024-06-28T13:49:29+00:00\" \/>\n<meta property=\"og:image\" content=\"https:\/\/orthopara.store\/wp-content\/uploads\/2024\/06\/isdin-isdinceutics-huile-nettoyante-visage-200ml.jpg\" \/>\n\t<meta property=\"og:image:width\" content=\"800\" \/>\n\t<meta property=\"og:image:height\" content=\"800\" \/>\n\t<meta property=\"og:image:type\" content=\"image\/jpeg\" \/>\n<meta name=\"twitter:card\" content=\"summary_large_image\" \/>\n<meta name=\"twitter:label1\" content=\"Dur\u00e9e de lecture estim\u00e9e\" \/>\n\t<meta name=\"twitter:data1\" content=\"1 minute\" \/>\n<script type=\"application\/ld+json\" class=\"yoast-schema-graph\">{\"@context\":\"https:\/\/schema.org\",\"@graph\":[{\"@type\":\"WebPage\",\"@id\":\"https:\/\/orthopara.store\/index.php\/produit\/isdin-isdinceutics-huile-nettoyante-visage-200ml\/\",\"url\":\"https:\/\/orthopara.store\/index.php\/produit\/isdin-isdinceutics-huile-nettoyante-visage-200ml\/\",\"name\":\"Isdin Isdinceutics - Huile nettoyante visage - 200ml - OrthoPara\",\"isPartOf\":{\"@id\":\"https:\/\/orthopara.store\/#website\"},\"primaryImageOfPage\":{\"@id\":\"https:\/\/orthopara.store\/index.php\/produit\/isdin-isdinceutics-huile-nettoyante-visage-200ml\/#primaryimage\"},\"image\":{\"@id\":\"https:\/\/orthopara.store\/index.php\/produit\/isdin-isdinceutics-huile-nettoyante-visage-200ml\/#primaryimage\"},\"thumbnailUrl\":\"https:\/\/orthopara.store\/wp-content\/uploads\/2024\/06\/isdin-isdinceutics-huile-nettoyante-visage-200ml.jpg\",\"datePublished\":\"2024-06-28T13:49:25+00:00\",\"dateModified\":\"2024-06-28T13:49:29+00:00\",\"breadcrumb\":{\"@id\":\"https:\/\/orthopara.store\/index.php\/produit\/isdin-isdinceutics-huile-nettoyante-visage-200ml\/#breadcrumb\"},\"inLanguage\":\"fr-FR\",\"potentialAction\":[{\"@type\":\"ReadAction\",\"target\":[\"https:\/\/orthopara.store\/index.php\/produit\/isdin-isdinceutics-huile-nettoyante-visage-200ml\/\"]}]},{\"@type\":\"ImageObject\",\"inLanguage\":\"fr-FR\",\"@id\":\"https:\/\/orthopara.store\/index.php\/produit\/isdin-isdinceutics-huile-nettoyante-visage-200ml\/#primaryimage\",\"url\":\"https:\/\/orthopara.store\/wp-content\/uploads\/2024\/06\/isdin-isdinceutics-huile-nettoyante-visage-200ml.jpg\",\"contentUrl\":\"https:\/\/orthopara.store\/wp-content\/uploads\/2024\/06\/isdin-isdinceutics-huile-nettoyante-visage-200ml.jpg\",\"width\":800,\"height\":800},{\"@type\":\"BreadcrumbList\",\"@id\":\"https:\/\/orthopara.store\/index.php\/produit\/isdin-isdinceutics-huile-nettoyante-visage-200ml\/#breadcrumb\",\"itemListElement\":[{\"@type\":\"ListItem\",\"position\":1,\"name\":\"Accueil\",\"item\":\"https:\/\/orthopara.store\/\"},{\"@type\":\"ListItem\",\"position\":2,\"name\":\"Shop\",\"item\":\"https:\/\/orthopara.store\/?page_id=622\"},{\"@type\":\"ListItem\",\"position\":3,\"name\":\"Isdin Isdinceutics &#8211; Huile nettoyante visage &#8211; 200ml\"}]},{\"@type\":\"WebSite\",\"@id\":\"https:\/\/orthopara.store\/#website\",\"url\":\"https:\/\/orthopara.store\/\",\"name\":\"OrthoPara\",\"description\":\"Parapharmacie\",\"publisher\":{\"@id\":\"https:\/\/orthopara.store\/#organization\"},\"potentialAction\":[{\"@type\":\"SearchAction\",\"target\":{\"@type\":\"EntryPoint\",\"urlTemplate\":\"https:\/\/orthopara.store\/?s={search_term_string}\"},\"query-input\":\"required name=search_term_string\"}],\"inLanguage\":\"fr-FR\"},{\"@type\":\"Organization\",\"@id\":\"https:\/\/orthopara.store\/#organization\",\"name\":\"OrthoPara\",\"url\":\"https:\/\/orthopara.store\/\",\"logo\":{\"@type\":\"ImageObject\",\"inLanguage\":\"fr-FR\",\"@id\":\"https:\/\/orthopara.store\/#\/schema\/logo\/image\/\",\"url\":\"https:\/\/orthopara.store\/wp-content\/uploads\/2024\/06\/cropped-9ABA8BAD-6256-4719-9315-15C66E64E882.png\",\"contentUrl\":\"https:\/\/orthopara.store\/wp-content\/uploads\/2024\/06\/cropped-9ABA8BAD-6256-4719-9315-15C66E64E882.png\",\"width\":240,\"height\":72,\"caption\":\"OrthoPara\"},\"image\":{\"@id\":\"https:\/\/orthopara.store\/#\/schema\/logo\/image\/\"},\"sameAs\":[\"https:\/\/www.facebook.com\/profile.php?id=61561194315651\",\"https:\/\/www.instagram.com\/orthopara_tunisie\/\"]}]}<\/script>\n<!-- \/ Yoast SEO plugin. -->","yoast_head_json":{"title":"Isdin Isdinceutics - Huile nettoyante visage - 200ml - OrthoPara","robots":{"index":"index","follow":"follow","max-snippet":"max-snippet:-1","max-image-preview":"max-image-preview:large","max-video-preview":"max-video-preview:-1"},"canonical":"https:\/\/orthopara.store\/index.php\/produit\/isdin-isdinceutics-huile-nettoyante-visage-200ml\/","og_locale":"fr_FR","og_type":"article","og_title":"Isdin Isdinceutics - Huile nettoyante visage - 200ml - OrthoPara","og_description":"Essential Cleansing est une huile nettoyante douce et l\u00e9g\u00e8re pour le visage, dont la texture huile-lait utilise le pouvoir de l'huile pour nettoyer la peau en profondeur. Au contact de l'eau, elle se transforme en une \u00e9mulsion agr\u00e9able qui laisse la peau douce et hydrat\u00e9e. L'efficacit\u00e9 de l'huile. La douceur d'une \u00e9mulsion! Tous types de peaux","og_url":"https:\/\/orthopara.store\/index.php\/produit\/isdin-isdinceutics-huile-nettoyante-visage-200ml\/","og_site_name":"OrthoPara","article_publisher":"https:\/\/www.facebook.com\/profile.php?id=61561194315651","article_modified_time":"2024-06-28T13:49:29+00:00","og_image":[{"width":800,"height":800,"url":"https:\/\/orthopara.store\/wp-content\/uploads\/2024\/06\/isdin-isdinceutics-huile-nettoyante-visage-200ml.jpg","type":"image\/jpeg"}],"twitter_card":"summary_large_image","twitter_misc":{"Dur\u00e9e de lecture estim\u00e9e":"1 minute"},"schema":{"@context":"https:\/\/schema.org","@graph":[{"@type":"WebPage","@id":"https:\/\/orthopara.store\/index.php\/produit\/isdin-isdinceutics-huile-nettoyante-visage-200ml\/","url":"https:\/\/orthopara.store\/index.php\/produit\/isdin-isdinceutics-huile-nettoyante-visage-200ml\/","name":"Isdin Isdinceutics - Huile nettoyante visage - 200ml - OrthoPara","isPartOf":{"@id":"https:\/\/orthopara.store\/#website"},"primaryImageOfPage":{"@id":"https:\/\/orthopara.store\/index.php\/produit\/isdin-isdinceutics-huile-nettoyante-visage-200ml\/#primaryimage"},"image":{"@id":"https:\/\/orthopara.store\/index.php\/produit\/isdin-isdinceutics-huile-nettoyante-visage-200ml\/#primaryimage"},"thumbnailUrl":"https:\/\/orthopara.store\/wp-content\/uploads\/2024\/06\/isdin-isdinceutics-huile-nettoyante-visage-200ml.jpg","datePublished":"2024-06-28T13:49:25+00:00","dateModified":"2024-06-28T13:49:29+00:00","breadcrumb":{"@id":"https:\/\/orthopara.store\/index.php\/produit\/isdin-isdinceutics-huile-nettoyante-visage-200ml\/#breadcrumb"},"inLanguage":"fr-FR","potentialAction":[{"@type":"ReadAction","target":["https:\/\/orthopara.store\/index.php\/produit\/isdin-isdinceutics-huile-nettoyante-visage-200ml\/"]}]},{"@type":"ImageObject","inLanguage":"fr-FR","@id":"https:\/\/orthopara.store\/index.php\/produit\/isdin-isdinceutics-huile-nettoyante-visage-200ml\/#primaryimage","url":"https:\/\/orthopara.store\/wp-content\/uploads\/2024\/06\/isdin-isdinceutics-huile-nettoyante-visage-200ml.jpg","contentUrl":"https:\/\/orthopara.store\/wp-content\/uploads\/2024\/06\/isdin-isdinceutics-huile-nettoyante-visage-200ml.jpg","width":800,"height":800},{"@type":"BreadcrumbList","@id":"https:\/\/orthopara.store\/index.php\/produit\/isdin-isdinceutics-huile-nettoyante-visage-200ml\/#breadcrumb","itemListElement":[{"@type":"ListItem","position":1,"name":"Accueil","item":"https:\/\/orthopara.store\/"},{"@type":"ListItem","position":2,"name":"Shop","item":"https:\/\/orthopara.store\/?page_id=622"},{"@type":"ListItem","position":3,"name":"Isdin Isdinceutics &#8211; Huile nettoyante visage &#8211; 200ml"}]},{"@type":"WebSite","@id":"https:\/\/orthopara.store\/#website","url":"https:\/\/orthopara.store\/","name":"OrthoPara","description":"Parapharmacie","publisher":{"@id":"https:\/\/orthopara.store\/#organization"},"potentialAction":[{"@type":"SearchAction","target":{"@type":"EntryPoint","urlTemplate":"https:\/\/orthopara.store\/?s={search_term_string}"},"query-input":"required name=search_term_string"}],"inLanguage":"fr-FR"},{"@type":"Organization","@id":"https:\/\/orthopara.store\/#organization","name":"OrthoPara","url":"https:\/\/orthopara.store\/","logo":{"@type":"ImageObject","inLanguage":"fr-FR","@id":"https:\/\/orthopara.store\/#\/schema\/logo\/image\/","url":"https:\/\/orthopara.store\/wp-content\/uploads\/2024\/06\/cropped-9ABA8BAD-6256-4719-9315-15C66E64E882.png","contentUrl":"https:\/\/orthopara.store\/wp-content\/uploads\/2024\/06\/cropped-9ABA8BAD-6256-4719-9315-15C66E64E882.png","width":240,"height":72,"caption":"OrthoPara"},"image":{"@id":"https:\/\/orthopara.store\/#\/schema\/logo\/image\/"},"sameAs":["https:\/\/www.facebook.com\/profile.php?id=61561194315651","https:\/\/www.instagram.com\/orthopara_tunisie\/"]}]}},"jetpack_sharing_enabled":true,"brands":[{"id":42,"name":"ISDIN","slug":"isdin"}],"_links":{"self":[{"href":"https:\/\/orthopara.store\/index.php?rest_route=\/wp\/v2\/product\/671","targetHints":{"allow":["GET"]}}],"collection":[{"href":"https:\/\/orthopara.store\/index.php?rest_route=\/wp\/v2\/product"}],"about":[{"href":"https:\/\/orthopara.store\/index.php?rest_route=\/wp\/v2\/types\/product"}],"replies":[{"embeddable":true,"href":"https:\/\/orthopara.store\/index.php?rest_route=%2Fwp%2Fv2%2Fcomments&post=671"}],"wp:featuredmedia":[{"embeddable":true,"href":"https:\/\/orthopara.store\/index.php?rest_route=\/wp\/v2\/media\/699"}],"wp:attachment":[{"href":"https:\/\/orthopara.store\/index.php?rest_route=%2Fwp%2Fv2%2Fmedia&parent=671"}],"wp:term":[{"taxonomy":"pwb-brand","embeddable":true,"href":"https:\/\/orthopara.store\/index.php?rest_route=%2Fwp%2Fv2%2Fpwb-brand&post=671"},{"taxonomy":"product_cat","embeddable":true,"href":"https:\/\/orthopara.store\/index.php?rest_route=%2Fwp%2Fv2%2Fproduct_cat&post=671"},{"taxonomy":"product_tag","embeddable":true,"href":"https:\/\/orthopara.store\/index.php?rest_route=%2Fwp%2Fv2%2Fproduct_tag&post=671"}],"curies":[{"name":"wp","href":"https:\/\/api.w.org\/{rel}","templated":true}]}}