{"id":686,"date":"2024-06-28T15:49:26","date_gmt":"2024-06-28T13:49:26","guid":{"rendered":"https:\/\/orthopara.store\/?post_type=product&#038;p=686"},"modified":"2024-11-10T16:08:49","modified_gmt":"2024-11-10T15:08:49","slug":"creme-anti-rides-regeneratrice-endocare-tensage-50ml","status":"publish","type":"product","link":"https:\/\/orthopara.store\/?product=creme-anti-rides-regeneratrice-endocare-tensage-50ml","title":{"rendered":"Cr\u00e8me anti-rides r\u00e9g\u00e9n\u00e9ratrice &#8211; Endocare Tensage &#8211; 50ml"},"content":{"rendered":"<p>Cr\u00e8me \u00e0 la texture riche qui redonne \u00e0 la peau sa fermet\u00e9 et son \u00e9lasticit\u00e9 perdues. Indiqu\u00e9 pour les peaux normales et s\u00e8ches.<br \/>\nD\u00e9velopp\u00e9 avec la technologie SCA\u00ae Growth Factor et Tensderm, avec un effet tenseur et r\u00e9g\u00e9n\u00e9rant qui aide \u00e0 pr\u00e9server l&rsquo;\u00e9lasticit\u00e9 de la peau, red\u00e9finissant l&rsquo;ovale du visage pour une peau plus lumineuse, lisse et nourrie. Test\u00e9 sous contr\u00f4le dermatologique.<br \/>\nIndications :<br \/>\nSoin anti-\u00e2ge sp\u00e9cifique qui agit en restaurant la fermet\u00e9 et l&rsquo;\u00e9lasticit\u00e9 perdues de tous les types de peau.<br \/>\nSoin raffermissant adjuvant aux techniques dermocosm\u00e9tiques visant \u00e0 am\u00e9liorer les probl\u00e8mes de flaccidit\u00e9 du visage : comblement des rides et rajeunissement du visage par laser, peeling&#8230;<br \/>\nAvantages :<br \/>\nEffet tenseur imm\u00e9diat<br \/>\nR\u00e9g\u00e9n\u00e9rateur dermique<br \/>\nHydratant et nourrissant pour les peaux normales \u00e0 s\u00e8ches\u00a0<br \/>\nTest\u00e9 sous contr\u00f4le dermatologique<br \/>\nConseils d&rsquo;utilisation :<br \/>\nAppliquer matin et\/ou soir sur le visage et le cou avec une peau parfaitement propre. Permet l&rsquo;utilisation du maquillage apr\u00e8s son application.<br \/>\nComposition :\u00a0<br \/>\nTechnologie du facteur de croissance SCA\u00ae<br \/>\nTensderm<br \/>\nVitamine E<br \/>\nFormat :<br \/>\npot de 50ml<\/p>\n","protected":false},"excerpt":{"rendered":"<p>R\u00e9g\u00e9n\u00e9rant, anti-rides \u00e0 effet tenseur imm\u00e9diat<br \/>\nCr\u00e8me \u00e0 la texture riche qui redonne \u00e0 la peau sa fermet\u00e9 et son \u00e9lasticit\u00e9 perdues. Indiqu\u00e9 pour les peaux normales et s\u00e8ches.<br \/>\nType de peaux : Tous types de peaux<\/p>\n","protected":false},"featured_media":714,"comment_status":"open","ping_status":"closed","template":"","meta":[],"pwb-brand":[50],"product_cat":[39],"product_tag":[],"class_list":{"0":"post-686","1":"product","2":"type-product","3":"status-publish","4":"has-post-thumbnail","6":"pwb-brand-cantabria-labs","7":"product_cat-hydratants-toutes-peaux","8":"post","9":"ws-product--style-1","11":"first","12":"instock","13":"shipping-taxable","14":"purchasable","15":"product-type-simple"},"yoast_head":"<!-- This site is optimized with the Yoast SEO plugin v23.0 - https:\/\/yoast.com\/wordpress\/plugins\/seo\/ -->\n<title>Cr\u00e8me anti-rides r\u00e9g\u00e9n\u00e9ratrice - Endocare Tensage - 50ml - OrthoPara<\/title>\n<meta name=\"robots\" content=\"index, follow, max-snippet:-1, max-image-preview:large, max-video-preview:-1\" \/>\n<link rel=\"canonical\" href=\"https:\/\/orthopara.store\/index.php\/produit\/creme-anti-rides-regeneratrice-endocare-tensage-50ml\/\" \/>\n<meta property=\"og:locale\" content=\"fr_FR\" \/>\n<meta property=\"og:type\" content=\"article\" \/>\n<meta property=\"og:title\" content=\"Cr\u00e8me anti-rides r\u00e9g\u00e9n\u00e9ratrice - Endocare Tensage - 50ml - OrthoPara\" \/>\n<meta property=\"og:description\" content=\"R\u00e9g\u00e9n\u00e9rant, anti-rides \u00e0 effet tenseur imm\u00e9diat Cr\u00e8me \u00e0 la texture riche qui redonne \u00e0 la peau sa fermet\u00e9 et son \u00e9lasticit\u00e9 perdues. Indiqu\u00e9 pour les peaux normales et s\u00e8ches. Type de peaux : Tous types de peaux\" \/>\n<meta property=\"og:url\" content=\"https:\/\/orthopara.store\/index.php\/produit\/creme-anti-rides-regeneratrice-endocare-tensage-50ml\/\" \/>\n<meta property=\"og:site_name\" content=\"OrthoPara\" \/>\n<meta property=\"article:publisher\" content=\"https:\/\/www.facebook.com\/profile.php?id=61561194315651\" \/>\n<meta property=\"article:modified_time\" content=\"2024-11-10T15:08:49+00:00\" \/>\n<meta property=\"og:image\" content=\"https:\/\/orthopara.store\/wp-content\/uploads\/2024\/06\/creme-anti-rides-regeneratrice-endocare-tensage-50ml.jpg\" \/>\n\t<meta property=\"og:image:width\" content=\"800\" \/>\n\t<meta property=\"og:image:height\" content=\"800\" \/>\n\t<meta property=\"og:image:type\" content=\"image\/jpeg\" \/>\n<meta name=\"twitter:card\" content=\"summary_large_image\" \/>\n<meta name=\"twitter:label1\" content=\"Dur\u00e9e de lecture estim\u00e9e\" \/>\n\t<meta name=\"twitter:data1\" content=\"1 minute\" \/>\n<script type=\"application\/ld+json\" class=\"yoast-schema-graph\">{\"@context\":\"https:\/\/schema.org\",\"@graph\":[{\"@type\":\"WebPage\",\"@id\":\"https:\/\/orthopara.store\/index.php\/produit\/creme-anti-rides-regeneratrice-endocare-tensage-50ml\/\",\"url\":\"https:\/\/orthopara.store\/index.php\/produit\/creme-anti-rides-regeneratrice-endocare-tensage-50ml\/\",\"name\":\"Cr\u00e8me anti-rides r\u00e9g\u00e9n\u00e9ratrice - Endocare Tensage - 50ml - OrthoPara\",\"isPartOf\":{\"@id\":\"https:\/\/orthopara.store\/#website\"},\"primaryImageOfPage\":{\"@id\":\"https:\/\/orthopara.store\/index.php\/produit\/creme-anti-rides-regeneratrice-endocare-tensage-50ml\/#primaryimage\"},\"image\":{\"@id\":\"https:\/\/orthopara.store\/index.php\/produit\/creme-anti-rides-regeneratrice-endocare-tensage-50ml\/#primaryimage\"},\"thumbnailUrl\":\"https:\/\/orthopara.store\/wp-content\/uploads\/2024\/06\/creme-anti-rides-regeneratrice-endocare-tensage-50ml.jpg\",\"datePublished\":\"2024-06-28T13:49:26+00:00\",\"dateModified\":\"2024-11-10T15:08:49+00:00\",\"breadcrumb\":{\"@id\":\"https:\/\/orthopara.store\/index.php\/produit\/creme-anti-rides-regeneratrice-endocare-tensage-50ml\/#breadcrumb\"},\"inLanguage\":\"fr-FR\",\"potentialAction\":[{\"@type\":\"ReadAction\",\"target\":[\"https:\/\/orthopara.store\/index.php\/produit\/creme-anti-rides-regeneratrice-endocare-tensage-50ml\/\"]}]},{\"@type\":\"ImageObject\",\"inLanguage\":\"fr-FR\",\"@id\":\"https:\/\/orthopara.store\/index.php\/produit\/creme-anti-rides-regeneratrice-endocare-tensage-50ml\/#primaryimage\",\"url\":\"https:\/\/orthopara.store\/wp-content\/uploads\/2024\/06\/creme-anti-rides-regeneratrice-endocare-tensage-50ml.jpg\",\"contentUrl\":\"https:\/\/orthopara.store\/wp-content\/uploads\/2024\/06\/creme-anti-rides-regeneratrice-endocare-tensage-50ml.jpg\",\"width\":800,\"height\":800},{\"@type\":\"BreadcrumbList\",\"@id\":\"https:\/\/orthopara.store\/index.php\/produit\/creme-anti-rides-regeneratrice-endocare-tensage-50ml\/#breadcrumb\",\"itemListElement\":[{\"@type\":\"ListItem\",\"position\":1,\"name\":\"Accueil\",\"item\":\"https:\/\/orthopara.store\/\"},{\"@type\":\"ListItem\",\"position\":2,\"name\":\"Shop\",\"item\":\"https:\/\/orthopara.store\/?page_id=622\"},{\"@type\":\"ListItem\",\"position\":3,\"name\":\"Cr\u00e8me anti-rides r\u00e9g\u00e9n\u00e9ratrice &#8211; Endocare Tensage &#8211; 50ml\"}]},{\"@type\":\"WebSite\",\"@id\":\"https:\/\/orthopara.store\/#website\",\"url\":\"https:\/\/orthopara.store\/\",\"name\":\"OrthoPara\",\"description\":\"Parapharmacie\",\"publisher\":{\"@id\":\"https:\/\/orthopara.store\/#organization\"},\"potentialAction\":[{\"@type\":\"SearchAction\",\"target\":{\"@type\":\"EntryPoint\",\"urlTemplate\":\"https:\/\/orthopara.store\/?s={search_term_string}\"},\"query-input\":\"required name=search_term_string\"}],\"inLanguage\":\"fr-FR\"},{\"@type\":\"Organization\",\"@id\":\"https:\/\/orthopara.store\/#organization\",\"name\":\"OrthoPara\",\"url\":\"https:\/\/orthopara.store\/\",\"logo\":{\"@type\":\"ImageObject\",\"inLanguage\":\"fr-FR\",\"@id\":\"https:\/\/orthopara.store\/#\/schema\/logo\/image\/\",\"url\":\"https:\/\/orthopara.store\/wp-content\/uploads\/2024\/06\/cropped-9ABA8BAD-6256-4719-9315-15C66E64E882.png\",\"contentUrl\":\"https:\/\/orthopara.store\/wp-content\/uploads\/2024\/06\/cropped-9ABA8BAD-6256-4719-9315-15C66E64E882.png\",\"width\":240,\"height\":72,\"caption\":\"OrthoPara\"},\"image\":{\"@id\":\"https:\/\/orthopara.store\/#\/schema\/logo\/image\/\"},\"sameAs\":[\"https:\/\/www.facebook.com\/profile.php?id=61561194315651\",\"https:\/\/www.instagram.com\/orthopara_tunisie\/\"]}]}<\/script>\n<!-- \/ Yoast SEO plugin. -->","yoast_head_json":{"title":"Cr\u00e8me anti-rides r\u00e9g\u00e9n\u00e9ratrice - Endocare Tensage - 50ml - OrthoPara","robots":{"index":"index","follow":"follow","max-snippet":"max-snippet:-1","max-image-preview":"max-image-preview:large","max-video-preview":"max-video-preview:-1"},"canonical":"https:\/\/orthopara.store\/index.php\/produit\/creme-anti-rides-regeneratrice-endocare-tensage-50ml\/","og_locale":"fr_FR","og_type":"article","og_title":"Cr\u00e8me anti-rides r\u00e9g\u00e9n\u00e9ratrice - Endocare Tensage - 50ml - OrthoPara","og_description":"R\u00e9g\u00e9n\u00e9rant, anti-rides \u00e0 effet tenseur imm\u00e9diat Cr\u00e8me \u00e0 la texture riche qui redonne \u00e0 la peau sa fermet\u00e9 et son \u00e9lasticit\u00e9 perdues. Indiqu\u00e9 pour les peaux normales et s\u00e8ches. Type de peaux : Tous types de peaux","og_url":"https:\/\/orthopara.store\/index.php\/produit\/creme-anti-rides-regeneratrice-endocare-tensage-50ml\/","og_site_name":"OrthoPara","article_publisher":"https:\/\/www.facebook.com\/profile.php?id=61561194315651","article_modified_time":"2024-11-10T15:08:49+00:00","og_image":[{"width":800,"height":800,"url":"https:\/\/orthopara.store\/wp-content\/uploads\/2024\/06\/creme-anti-rides-regeneratrice-endocare-tensage-50ml.jpg","type":"image\/jpeg"}],"twitter_card":"summary_large_image","twitter_misc":{"Dur\u00e9e de lecture estim\u00e9e":"1 minute"},"schema":{"@context":"https:\/\/schema.org","@graph":[{"@type":"WebPage","@id":"https:\/\/orthopara.store\/index.php\/produit\/creme-anti-rides-regeneratrice-endocare-tensage-50ml\/","url":"https:\/\/orthopara.store\/index.php\/produit\/creme-anti-rides-regeneratrice-endocare-tensage-50ml\/","name":"Cr\u00e8me anti-rides r\u00e9g\u00e9n\u00e9ratrice - Endocare Tensage - 50ml - OrthoPara","isPartOf":{"@id":"https:\/\/orthopara.store\/#website"},"primaryImageOfPage":{"@id":"https:\/\/orthopara.store\/index.php\/produit\/creme-anti-rides-regeneratrice-endocare-tensage-50ml\/#primaryimage"},"image":{"@id":"https:\/\/orthopara.store\/index.php\/produit\/creme-anti-rides-regeneratrice-endocare-tensage-50ml\/#primaryimage"},"thumbnailUrl":"https:\/\/orthopara.store\/wp-content\/uploads\/2024\/06\/creme-anti-rides-regeneratrice-endocare-tensage-50ml.jpg","datePublished":"2024-06-28T13:49:26+00:00","dateModified":"2024-11-10T15:08:49+00:00","breadcrumb":{"@id":"https:\/\/orthopara.store\/index.php\/produit\/creme-anti-rides-regeneratrice-endocare-tensage-50ml\/#breadcrumb"},"inLanguage":"fr-FR","potentialAction":[{"@type":"ReadAction","target":["https:\/\/orthopara.store\/index.php\/produit\/creme-anti-rides-regeneratrice-endocare-tensage-50ml\/"]}]},{"@type":"ImageObject","inLanguage":"fr-FR","@id":"https:\/\/orthopara.store\/index.php\/produit\/creme-anti-rides-regeneratrice-endocare-tensage-50ml\/#primaryimage","url":"https:\/\/orthopara.store\/wp-content\/uploads\/2024\/06\/creme-anti-rides-regeneratrice-endocare-tensage-50ml.jpg","contentUrl":"https:\/\/orthopara.store\/wp-content\/uploads\/2024\/06\/creme-anti-rides-regeneratrice-endocare-tensage-50ml.jpg","width":800,"height":800},{"@type":"BreadcrumbList","@id":"https:\/\/orthopara.store\/index.php\/produit\/creme-anti-rides-regeneratrice-endocare-tensage-50ml\/#breadcrumb","itemListElement":[{"@type":"ListItem","position":1,"name":"Accueil","item":"https:\/\/orthopara.store\/"},{"@type":"ListItem","position":2,"name":"Shop","item":"https:\/\/orthopara.store\/?page_id=622"},{"@type":"ListItem","position":3,"name":"Cr\u00e8me anti-rides r\u00e9g\u00e9n\u00e9ratrice &#8211; Endocare Tensage &#8211; 50ml"}]},{"@type":"WebSite","@id":"https:\/\/orthopara.store\/#website","url":"https:\/\/orthopara.store\/","name":"OrthoPara","description":"Parapharmacie","publisher":{"@id":"https:\/\/orthopara.store\/#organization"},"potentialAction":[{"@type":"SearchAction","target":{"@type":"EntryPoint","urlTemplate":"https:\/\/orthopara.store\/?s={search_term_string}"},"query-input":"required name=search_term_string"}],"inLanguage":"fr-FR"},{"@type":"Organization","@id":"https:\/\/orthopara.store\/#organization","name":"OrthoPara","url":"https:\/\/orthopara.store\/","logo":{"@type":"ImageObject","inLanguage":"fr-FR","@id":"https:\/\/orthopara.store\/#\/schema\/logo\/image\/","url":"https:\/\/orthopara.store\/wp-content\/uploads\/2024\/06\/cropped-9ABA8BAD-6256-4719-9315-15C66E64E882.png","contentUrl":"https:\/\/orthopara.store\/wp-content\/uploads\/2024\/06\/cropped-9ABA8BAD-6256-4719-9315-15C66E64E882.png","width":240,"height":72,"caption":"OrthoPara"},"image":{"@id":"https:\/\/orthopara.store\/#\/schema\/logo\/image\/"},"sameAs":["https:\/\/www.facebook.com\/profile.php?id=61561194315651","https:\/\/www.instagram.com\/orthopara_tunisie\/"]}]}},"jetpack_sharing_enabled":true,"brands":[{"id":50,"name":"Cantabria Labs","slug":"cantabria-labs"}],"_links":{"self":[{"href":"https:\/\/orthopara.store\/index.php?rest_route=\/wp\/v2\/product\/686","targetHints":{"allow":["GET"]}}],"collection":[{"href":"https:\/\/orthopara.store\/index.php?rest_route=\/wp\/v2\/product"}],"about":[{"href":"https:\/\/orthopara.store\/index.php?rest_route=\/wp\/v2\/types\/product"}],"replies":[{"embeddable":true,"href":"https:\/\/orthopara.store\/index.php?rest_route=%2Fwp%2Fv2%2Fcomments&post=686"}],"wp:featuredmedia":[{"embeddable":true,"href":"https:\/\/orthopara.store\/index.php?rest_route=\/wp\/v2\/media\/714"}],"wp:attachment":[{"href":"https:\/\/orthopara.store\/index.php?rest_route=%2Fwp%2Fv2%2Fmedia&parent=686"}],"wp:term":[{"taxonomy":"pwb-brand","embeddable":true,"href":"https:\/\/orthopara.store\/index.php?rest_route=%2Fwp%2Fv2%2Fpwb-brand&post=686"},{"taxonomy":"product_cat","embeddable":true,"href":"https:\/\/orthopara.store\/index.php?rest_route=%2Fwp%2Fv2%2Fproduct_cat&post=686"},{"taxonomy":"product_tag","embeddable":true,"href":"https:\/\/orthopara.store\/index.php?rest_route=%2Fwp%2Fv2%2Fproduct_tag&post=686"}],"curies":[{"name":"wp","href":"https:\/\/api.w.org\/{rel}","templated":true}]}}