{"id":697,"date":"2024-06-28T15:49:28","date_gmt":"2024-06-28T13:49:28","guid":{"rendered":"https:\/\/orthopara.store\/?post_type=product&#038;p=697"},"modified":"2024-06-28T15:49:40","modified_gmt":"2024-06-28T13:49:40","slug":"creme-gel-ultra-hydratante-dermedic-hydrain3-hialuro-50ml","status":"publish","type":"product","link":"https:\/\/orthopara.store\/?product=creme-gel-ultra-hydratante-dermedic-hydrain3-hialuro-50ml","title":{"rendered":"Cr\u00e8me-gel ultra-hydratante &#8211; Dermedic Hydrain3 Hialuro &#8211; 50ml"},"content":{"rendered":"<p>Cr\u00e8me gel ultra-hydratante &#8211; Dermedic Hydrain3 Hialuro\u00a0<br \/>\nCr\u00e8me_gel ultra-hydratante assure une hyperhydration cutan\u00e9e de 48h, gr\u00e2ce \u00e0 une formule de gel-cr\u00e8me l\u00e9ger, et apporte une soulagement imm\u00e9diat aux peaux sensibles, s\u00e8ches et d\u00e9shydrat\u00e9es\u00a0<br \/>\nle complexe unique Aqualare, couvert par une demande de brevet, contient 4 formes d&rsquo;acides hyaluronique de dimensions mol\u00e9culaires diff\u00e9rentes, ce qui lui permet de p\u00e9n\u00e9trer dans l&rsquo;\u00e9piderme \u00e0 diff\u00e9rents profondeurs et d&rsquo;agir pendant longtemps. L&rsquo;effet ultra-hydratant du complexe est compl\u00e9t\u00e9 par les min\u00e9raux de l&rsquo;eau hyperthermique hypotonique, ainsi par le tr\u00e9halose et les glycosaminoglycane.<br \/>\nl&rsquo;ur\u00e9e contenue dans la formule intensifie la p\u00e9n\u00e9tration des ingr\u00e9dients actifs hydratants dans les couches plus profondes de l&rsquo;\u00e9piderme\u00a0<br \/>\nle phytosqualane-squalane et la vitamine E renforcent la barri\u00e8re protectrice de l&rsquo;\u00e9piderme et prot\u00e8gent contre la perte d&rsquo;eau transip\u00e9dermique (TWEL), les effets nocifs des facteurs externes et les radicaux libres\u00a0<br \/>\n&#8211; la cr\u00e8me-gel r\u00e9tablit les param\u00e8tres d&rsquo;une peau saine et hydrat\u00e9e, parfaite comme base de maquillage\u00a0<br \/>\nconseil d&rsquo;utilisation :<br \/>\nappliquer la cr\u00e8me en couche uniforme sur le visage et le cou et le d\u00e9collet\u00e9 et la lisser p\u00e9n\u00e9trer dans la peau. pour le jour et la nuit.\u00a0<br \/>\ncomposition:<br \/>\nEau thermale, Acide hyaluronique, AqualareTM, Ur\u00e9e-UREA, Glyc\u00e9rine, Dub Diol, B\u00e9ta\u00efne, Phytosqualan \u2013 Squalane, Vitamine E<\/p>\n","protected":false},"excerpt":{"rendered":"<p>Dermedic Hydrain3 Hialuro\u00a0<br \/>\nCr\u00e8me gel ultra-hydratante\u00a0<br \/>\nHypoallerg\u00e9nique\u00a0 avec de l&rsquo;eau thermale\u00a0\u00a0<br \/>\nPermet de fournir une hydratation intense, en profondeur et de longue dur\u00e9e qui peut \u00eatre ressentie 48 heures apr\u00e8s l\u2019application de r\u00e9hydrater la peau et limiter la perte d\u2019eau trans\u00e9pidermique, renforcer et r\u00e9g\u00e9n\u00e9rer la peau<\/p>\n","protected":false},"featured_media":725,"comment_status":"open","ping_status":"closed","template":"","meta":[],"pwb-brand":[54],"product_cat":[40],"product_tag":[],"class_list":{"0":"post-697","1":"product","2":"type-product","3":"status-publish","4":"has-post-thumbnail","6":"pwb-brand-dermedic","7":"product_cat-hydratants-peaux-normales-a-mixtes","8":"post","9":"ws-product--style-1","11":"first","12":"instock","13":"shipping-taxable","14":"purchasable","15":"product-type-simple"},"yoast_head":"<!-- This site is optimized with the Yoast SEO plugin v23.0 - https:\/\/yoast.com\/wordpress\/plugins\/seo\/ -->\n<title>Cr\u00e8me-gel ultra-hydratante - Dermedic Hydrain3 Hialuro - 50ml - OrthoPara<\/title>\n<meta name=\"robots\" content=\"index, follow, max-snippet:-1, max-image-preview:large, max-video-preview:-1\" \/>\n<link rel=\"canonical\" href=\"https:\/\/orthopara.store\/index.php\/produit\/creme-gel-ultra-hydratante-dermedic-hydrain3-hialuro-50ml\/\" \/>\n<meta property=\"og:locale\" content=\"fr_FR\" \/>\n<meta property=\"og:type\" content=\"article\" \/>\n<meta property=\"og:title\" content=\"Cr\u00e8me-gel ultra-hydratante - Dermedic Hydrain3 Hialuro - 50ml - OrthoPara\" \/>\n<meta property=\"og:description\" content=\"Dermedic Hydrain3 Hialuro\u00a0 Cr\u00e8me gel ultra-hydratante\u00a0 Hypoallerg\u00e9nique\u00a0 avec de l&#039;eau thermale\u00a0\u00a0 Permet de fournir une hydratation intense, en profondeur et de longue dur\u00e9e qui peut \u00eatre ressentie 48 heures apr\u00e8s l\u2019application de r\u00e9hydrater la peau et limiter la perte d\u2019eau trans\u00e9pidermique, renforcer et r\u00e9g\u00e9n\u00e9rer la peau\" \/>\n<meta property=\"og:url\" content=\"https:\/\/orthopara.store\/index.php\/produit\/creme-gel-ultra-hydratante-dermedic-hydrain3-hialuro-50ml\/\" \/>\n<meta property=\"og:site_name\" content=\"OrthoPara\" \/>\n<meta property=\"article:publisher\" content=\"https:\/\/www.facebook.com\/profile.php?id=61561194315651\" \/>\n<meta property=\"article:modified_time\" content=\"2024-06-28T13:49:40+00:00\" \/>\n<meta property=\"og:image\" content=\"https:\/\/orthopara.store\/wp-content\/uploads\/2024\/06\/creme-gel-ultra-hydratante-dermedic-hydrain3-hialuro-50ml.jpg\" \/>\n\t<meta property=\"og:image:width\" content=\"800\" \/>\n\t<meta property=\"og:image:height\" content=\"800\" \/>\n\t<meta property=\"og:image:type\" content=\"image\/jpeg\" \/>\n<meta name=\"twitter:card\" content=\"summary_large_image\" \/>\n<meta name=\"twitter:label1\" content=\"Dur\u00e9e de lecture estim\u00e9e\" \/>\n\t<meta name=\"twitter:data1\" content=\"1 minute\" \/>\n<script type=\"application\/ld+json\" class=\"yoast-schema-graph\">{\"@context\":\"https:\/\/schema.org\",\"@graph\":[{\"@type\":\"WebPage\",\"@id\":\"https:\/\/orthopara.store\/index.php\/produit\/creme-gel-ultra-hydratante-dermedic-hydrain3-hialuro-50ml\/\",\"url\":\"https:\/\/orthopara.store\/index.php\/produit\/creme-gel-ultra-hydratante-dermedic-hydrain3-hialuro-50ml\/\",\"name\":\"Cr\u00e8me-gel ultra-hydratante - Dermedic Hydrain3 Hialuro - 50ml - OrthoPara\",\"isPartOf\":{\"@id\":\"https:\/\/orthopara.store\/#website\"},\"primaryImageOfPage\":{\"@id\":\"https:\/\/orthopara.store\/index.php\/produit\/creme-gel-ultra-hydratante-dermedic-hydrain3-hialuro-50ml\/#primaryimage\"},\"image\":{\"@id\":\"https:\/\/orthopara.store\/index.php\/produit\/creme-gel-ultra-hydratante-dermedic-hydrain3-hialuro-50ml\/#primaryimage\"},\"thumbnailUrl\":\"https:\/\/orthopara.store\/wp-content\/uploads\/2024\/06\/creme-gel-ultra-hydratante-dermedic-hydrain3-hialuro-50ml.jpg\",\"datePublished\":\"2024-06-28T13:49:28+00:00\",\"dateModified\":\"2024-06-28T13:49:40+00:00\",\"breadcrumb\":{\"@id\":\"https:\/\/orthopara.store\/index.php\/produit\/creme-gel-ultra-hydratante-dermedic-hydrain3-hialuro-50ml\/#breadcrumb\"},\"inLanguage\":\"fr-FR\",\"potentialAction\":[{\"@type\":\"ReadAction\",\"target\":[\"https:\/\/orthopara.store\/index.php\/produit\/creme-gel-ultra-hydratante-dermedic-hydrain3-hialuro-50ml\/\"]}]},{\"@type\":\"ImageObject\",\"inLanguage\":\"fr-FR\",\"@id\":\"https:\/\/orthopara.store\/index.php\/produit\/creme-gel-ultra-hydratante-dermedic-hydrain3-hialuro-50ml\/#primaryimage\",\"url\":\"https:\/\/orthopara.store\/wp-content\/uploads\/2024\/06\/creme-gel-ultra-hydratante-dermedic-hydrain3-hialuro-50ml.jpg\",\"contentUrl\":\"https:\/\/orthopara.store\/wp-content\/uploads\/2024\/06\/creme-gel-ultra-hydratante-dermedic-hydrain3-hialuro-50ml.jpg\",\"width\":800,\"height\":800},{\"@type\":\"BreadcrumbList\",\"@id\":\"https:\/\/orthopara.store\/index.php\/produit\/creme-gel-ultra-hydratante-dermedic-hydrain3-hialuro-50ml\/#breadcrumb\",\"itemListElement\":[{\"@type\":\"ListItem\",\"position\":1,\"name\":\"Accueil\",\"item\":\"https:\/\/orthopara.store\/\"},{\"@type\":\"ListItem\",\"position\":2,\"name\":\"Shop\",\"item\":\"https:\/\/orthopara.store\/?page_id=622\"},{\"@type\":\"ListItem\",\"position\":3,\"name\":\"Cr\u00e8me-gel ultra-hydratante &#8211; Dermedic Hydrain3 Hialuro &#8211; 50ml\"}]},{\"@type\":\"WebSite\",\"@id\":\"https:\/\/orthopara.store\/#website\",\"url\":\"https:\/\/orthopara.store\/\",\"name\":\"OrthoPara\",\"description\":\"Parapharmacie\",\"publisher\":{\"@id\":\"https:\/\/orthopara.store\/#organization\"},\"potentialAction\":[{\"@type\":\"SearchAction\",\"target\":{\"@type\":\"EntryPoint\",\"urlTemplate\":\"https:\/\/orthopara.store\/?s={search_term_string}\"},\"query-input\":\"required name=search_term_string\"}],\"inLanguage\":\"fr-FR\"},{\"@type\":\"Organization\",\"@id\":\"https:\/\/orthopara.store\/#organization\",\"name\":\"OrthoPara\",\"url\":\"https:\/\/orthopara.store\/\",\"logo\":{\"@type\":\"ImageObject\",\"inLanguage\":\"fr-FR\",\"@id\":\"https:\/\/orthopara.store\/#\/schema\/logo\/image\/\",\"url\":\"https:\/\/orthopara.store\/wp-content\/uploads\/2024\/06\/cropped-9ABA8BAD-6256-4719-9315-15C66E64E882.png\",\"contentUrl\":\"https:\/\/orthopara.store\/wp-content\/uploads\/2024\/06\/cropped-9ABA8BAD-6256-4719-9315-15C66E64E882.png\",\"width\":240,\"height\":72,\"caption\":\"OrthoPara\"},\"image\":{\"@id\":\"https:\/\/orthopara.store\/#\/schema\/logo\/image\/\"},\"sameAs\":[\"https:\/\/www.facebook.com\/profile.php?id=61561194315651\",\"https:\/\/www.instagram.com\/orthopara_tunisie\/\"]}]}<\/script>\n<!-- \/ Yoast SEO plugin. -->","yoast_head_json":{"title":"Cr\u00e8me-gel ultra-hydratante - Dermedic Hydrain3 Hialuro - 50ml - OrthoPara","robots":{"index":"index","follow":"follow","max-snippet":"max-snippet:-1","max-image-preview":"max-image-preview:large","max-video-preview":"max-video-preview:-1"},"canonical":"https:\/\/orthopara.store\/index.php\/produit\/creme-gel-ultra-hydratante-dermedic-hydrain3-hialuro-50ml\/","og_locale":"fr_FR","og_type":"article","og_title":"Cr\u00e8me-gel ultra-hydratante - Dermedic Hydrain3 Hialuro - 50ml - OrthoPara","og_description":"Dermedic Hydrain3 Hialuro\u00a0 Cr\u00e8me gel ultra-hydratante\u00a0 Hypoallerg\u00e9nique\u00a0 avec de l'eau thermale\u00a0\u00a0 Permet de fournir une hydratation intense, en profondeur et de longue dur\u00e9e qui peut \u00eatre ressentie 48 heures apr\u00e8s l\u2019application de r\u00e9hydrater la peau et limiter la perte d\u2019eau trans\u00e9pidermique, renforcer et r\u00e9g\u00e9n\u00e9rer la peau","og_url":"https:\/\/orthopara.store\/index.php\/produit\/creme-gel-ultra-hydratante-dermedic-hydrain3-hialuro-50ml\/","og_site_name":"OrthoPara","article_publisher":"https:\/\/www.facebook.com\/profile.php?id=61561194315651","article_modified_time":"2024-06-28T13:49:40+00:00","og_image":[{"width":800,"height":800,"url":"https:\/\/orthopara.store\/wp-content\/uploads\/2024\/06\/creme-gel-ultra-hydratante-dermedic-hydrain3-hialuro-50ml.jpg","type":"image\/jpeg"}],"twitter_card":"summary_large_image","twitter_misc":{"Dur\u00e9e de lecture estim\u00e9e":"1 minute"},"schema":{"@context":"https:\/\/schema.org","@graph":[{"@type":"WebPage","@id":"https:\/\/orthopara.store\/index.php\/produit\/creme-gel-ultra-hydratante-dermedic-hydrain3-hialuro-50ml\/","url":"https:\/\/orthopara.store\/index.php\/produit\/creme-gel-ultra-hydratante-dermedic-hydrain3-hialuro-50ml\/","name":"Cr\u00e8me-gel ultra-hydratante - Dermedic Hydrain3 Hialuro - 50ml - OrthoPara","isPartOf":{"@id":"https:\/\/orthopara.store\/#website"},"primaryImageOfPage":{"@id":"https:\/\/orthopara.store\/index.php\/produit\/creme-gel-ultra-hydratante-dermedic-hydrain3-hialuro-50ml\/#primaryimage"},"image":{"@id":"https:\/\/orthopara.store\/index.php\/produit\/creme-gel-ultra-hydratante-dermedic-hydrain3-hialuro-50ml\/#primaryimage"},"thumbnailUrl":"https:\/\/orthopara.store\/wp-content\/uploads\/2024\/06\/creme-gel-ultra-hydratante-dermedic-hydrain3-hialuro-50ml.jpg","datePublished":"2024-06-28T13:49:28+00:00","dateModified":"2024-06-28T13:49:40+00:00","breadcrumb":{"@id":"https:\/\/orthopara.store\/index.php\/produit\/creme-gel-ultra-hydratante-dermedic-hydrain3-hialuro-50ml\/#breadcrumb"},"inLanguage":"fr-FR","potentialAction":[{"@type":"ReadAction","target":["https:\/\/orthopara.store\/index.php\/produit\/creme-gel-ultra-hydratante-dermedic-hydrain3-hialuro-50ml\/"]}]},{"@type":"ImageObject","inLanguage":"fr-FR","@id":"https:\/\/orthopara.store\/index.php\/produit\/creme-gel-ultra-hydratante-dermedic-hydrain3-hialuro-50ml\/#primaryimage","url":"https:\/\/orthopara.store\/wp-content\/uploads\/2024\/06\/creme-gel-ultra-hydratante-dermedic-hydrain3-hialuro-50ml.jpg","contentUrl":"https:\/\/orthopara.store\/wp-content\/uploads\/2024\/06\/creme-gel-ultra-hydratante-dermedic-hydrain3-hialuro-50ml.jpg","width":800,"height":800},{"@type":"BreadcrumbList","@id":"https:\/\/orthopara.store\/index.php\/produit\/creme-gel-ultra-hydratante-dermedic-hydrain3-hialuro-50ml\/#breadcrumb","itemListElement":[{"@type":"ListItem","position":1,"name":"Accueil","item":"https:\/\/orthopara.store\/"},{"@type":"ListItem","position":2,"name":"Shop","item":"https:\/\/orthopara.store\/?page_id=622"},{"@type":"ListItem","position":3,"name":"Cr\u00e8me-gel ultra-hydratante &#8211; Dermedic Hydrain3 Hialuro &#8211; 50ml"}]},{"@type":"WebSite","@id":"https:\/\/orthopara.store\/#website","url":"https:\/\/orthopara.store\/","name":"OrthoPara","description":"Parapharmacie","publisher":{"@id":"https:\/\/orthopara.store\/#organization"},"potentialAction":[{"@type":"SearchAction","target":{"@type":"EntryPoint","urlTemplate":"https:\/\/orthopara.store\/?s={search_term_string}"},"query-input":"required name=search_term_string"}],"inLanguage":"fr-FR"},{"@type":"Organization","@id":"https:\/\/orthopara.store\/#organization","name":"OrthoPara","url":"https:\/\/orthopara.store\/","logo":{"@type":"ImageObject","inLanguage":"fr-FR","@id":"https:\/\/orthopara.store\/#\/schema\/logo\/image\/","url":"https:\/\/orthopara.store\/wp-content\/uploads\/2024\/06\/cropped-9ABA8BAD-6256-4719-9315-15C66E64E882.png","contentUrl":"https:\/\/orthopara.store\/wp-content\/uploads\/2024\/06\/cropped-9ABA8BAD-6256-4719-9315-15C66E64E882.png","width":240,"height":72,"caption":"OrthoPara"},"image":{"@id":"https:\/\/orthopara.store\/#\/schema\/logo\/image\/"},"sameAs":["https:\/\/www.facebook.com\/profile.php?id=61561194315651","https:\/\/www.instagram.com\/orthopara_tunisie\/"]}]}},"jetpack_sharing_enabled":true,"brands":[{"id":54,"name":"DERMEDIC","slug":"dermedic"}],"_links":{"self":[{"href":"https:\/\/orthopara.store\/index.php?rest_route=\/wp\/v2\/product\/697","targetHints":{"allow":["GET"]}}],"collection":[{"href":"https:\/\/orthopara.store\/index.php?rest_route=\/wp\/v2\/product"}],"about":[{"href":"https:\/\/orthopara.store\/index.php?rest_route=\/wp\/v2\/types\/product"}],"replies":[{"embeddable":true,"href":"https:\/\/orthopara.store\/index.php?rest_route=%2Fwp%2Fv2%2Fcomments&post=697"}],"wp:featuredmedia":[{"embeddable":true,"href":"https:\/\/orthopara.store\/index.php?rest_route=\/wp\/v2\/media\/725"}],"wp:attachment":[{"href":"https:\/\/orthopara.store\/index.php?rest_route=%2Fwp%2Fv2%2Fmedia&parent=697"}],"wp:term":[{"taxonomy":"pwb-brand","embeddable":true,"href":"https:\/\/orthopara.store\/index.php?rest_route=%2Fwp%2Fv2%2Fpwb-brand&post=697"},{"taxonomy":"product_cat","embeddable":true,"href":"https:\/\/orthopara.store\/index.php?rest_route=%2Fwp%2Fv2%2Fproduct_cat&post=697"},{"taxonomy":"product_tag","embeddable":true,"href":"https:\/\/orthopara.store\/index.php?rest_route=%2Fwp%2Fv2%2Fproduct_tag&post=697"}],"curies":[{"name":"wp","href":"https:\/\/api.w.org\/{rel}","templated":true}]}}