{"id":747,"date":"2024-06-28T15:49:43","date_gmt":"2024-06-28T13:49:43","guid":{"rendered":"https:\/\/orthopara.store\/?post_type=product&#038;p=747"},"modified":"2024-11-10T16:19:06","modified_gmt":"2024-11-10T15:19:06","slug":"creme-hydratante-lissante-a-lacide-lactobionique-lirene-acid-power-50ml","status":"publish","type":"product","link":"https:\/\/orthopara.store\/?product=creme-hydratante-lissante-a-lacide-lactobionique-lirene-acid-power-50ml","title":{"rendered":"Cr\u00e8me hydratante lissante \u00e0 l&rsquo;Acide Lactobionique &#8211; Lirene Acid Power &#8211; 50ml"},"content":{"rendered":"<p>Cr\u00e8me hydratante lissante \u00e0 l&rsquo;Acide Lactobionique &#8211; Lirene Acid Power &#8211; 50ml<br \/>\nLirene Acid Power est une formule innovante contenant une combinaison unique d&rsquo;acides professionnels et d&rsquo;hydrolats apaisants. Un pH appropri\u00e9 minimise le risque d&rsquo;irritation et de desquamation inesth\u00e9tique de la peau, permettant une stimulation r\u00e9guli\u00e8re et non agressive de la r\u00e9g\u00e9n\u00e9ration cellulaire. Le soin lisse progressivement le grain et la tonicit\u00e9 de la peau, pour que le visage retrouve sa fra\u00eecheur et son \u00e9clat de jeunesse.<br \/>\nAcides AHA\/PHA :<br \/>\nR\u00e9duire les imperfections et l&rsquo;hyperpigmentation<br \/>\nR\u00e9guler le renouvellement cellulaire<br \/>\nRides lisses<br \/>\nUnifier la structure de la peau<br \/>\nHydrater<br \/>\nEffets spectaculaires* :<br \/>\n40% d&rsquo;hydratation en plus<br \/>\nVisibilit\u00e9 des rides r\u00e9duite de 42 %<br \/>\n84% de r\u00e9duction des rougeurs<br \/>\n*bas\u00e9 sur des tests de cam\u00e9ra avec des femmes avant et apr\u00e8s 3 semaines d&rsquo;utilisation de la cr\u00e8me.<br \/>\nCaract\u00e9ristiques du produit :<br \/>\njour &#038; Nuit<br \/>\nIngr\u00e9dients :<br \/>\nAcide Lactobionique<br \/>\nLie l&rsquo;eau dans l&rsquo;\u00e9piderme, am\u00e9liore l&rsquo;hydratation et l&rsquo;\u00e9lasticit\u00e9, r\u00e9duit les rougeurs et restaure un teint sain<br \/>\nHydrolat de Bleuet<br \/>\nApaise les irritations et les rougeurs<br \/>\nHaute teneur en antioxydants<br \/>\nProt\u00e8ge des radicaux libres responsables du vieillissement cutan\u00e9<br \/>\nAcide hyaluronique de haut poids mol\u00e9culaire<br \/>\nMinimise la perte d&rsquo;humidit\u00e9, lisse et apaise la peau<br \/>\nVitamine B3<br \/>\nFavorise la r\u00e9g\u00e9n\u00e9ration \u00e9pidermique, r\u00e9gule la production de c\u00e9ramides n\u00e9cessaires au maintien d&rsquo;une peau saine et jeune<br \/>\nBaies de Goji de l&rsquo;Himalaya<br \/>\nAppel\u00e9es \u00ab\u00a0baies de la chance\u00a0\u00bb, contiennent des nutriments aux propri\u00e9t\u00e9s antioxydantes, \u00e9nergisantes et lissantes pour la peau<br \/>\nHuile de Chanvre et Beurre de Karit\u00e9<br \/>\nRendre la peau douce et souple<br \/>\nVitamine E<br \/>\nMontre un effet rajeunissant et protecteur<\/p>\n<p>Conseils d&rsquo;utilisation :<br \/>\nMatin et soir, massez la cr\u00e8me sur le visage et le cou en \u00e9vitant le contour des yeux.<br \/>\nLa cr\u00e8me peut \u00eatre utilis\u00e9e seule ou apr\u00e8s le s\u00e9rum Lirene Acid Power\u00a0de votre choix.<br \/>\nLors de l&rsquo;utilisation de la cr\u00e8me, prot\u00e9gez la peau avec un \u00e9cran solaire \u00e0 FPS \u00e9lev\u00e9 avant l&rsquo;exposition au soleil.<br \/>\nComposition :<br \/>\n210316 Ingredients: Aqua (Water), Propanediol, Glyceryl Stearate, Butyrospermum Parkii (Shea) Butter, C13-15 Alkane, Cetearyl Alcohol, Dimethicone, Cetyl Alcohol, Lactobionic Acid, C15-19 Alkane, Glycerin, Niacinamide, Centaurea Cyanus Flower Water, Sodium Hyaluronate, Cannabis Sativa (Hemp) Seed Oil, C13-14 Isoparaffin, Helianthus Annuus (Sunflower) Seed Oil, Salvia Hispanica Seed Extract, PEG-75 Stearate, Hydroxyacetophenone, Polyacrylamide, Ceteth-20, Steareth-20, Xanthan Gum, Tocopherol, Laureth-7, Sodium Phytate, Lycium Barbarum Fruit Extract, Citric Acid, Sodium Benzoate, Potassium Sorbate, Parfum (Fragrance)<\/p>\n","protected":false},"excerpt":{"rendered":"<p>Lirene Acid Power<br \/>\nLirene Acid Power Cr\u00e8me Visage Lissante Hydratante \u00e0 l&rsquo;Acide Lactobionique de la marque Lirene est un produit de beaut\u00e9 avec une nouvelle formule qui associe harmonieusement des acides cosm\u00e9tiques sp\u00e9cialis\u00e9s et des hydrolats apaisants. Sa composition est enrichie en hydrolat de bleuet, en acide hyaluronique de haut poids mol\u00e9culaire, en huiles pr\u00e9cieuses et en vitamines, ce qui la rend id\u00e9ale pour les peaux s\u00e8ches et sujettes \u00e0 la rosac\u00e9e. L&rsquo;utilisation r\u00e9guli\u00e8re de ce produit de soin de la peau aidera \u00e0 augmenter l&rsquo;\u00e9lasticit\u00e9 de la peau et \u00e0 restaurer un teint sain.<br \/>\nContenance : 50ml<br \/>\nDLC 07\/2025<\/p>\n","protected":false},"featured_media":769,"comment_status":"open","ping_status":"closed","template":"","meta":[],"pwb-brand":[46],"product_cat":[56],"product_tag":[],"class_list":{"0":"post-747","1":"product","2":"type-product","3":"status-publish","4":"has-post-thumbnail","6":"pwb-brand-lirene","7":"product_cat-hydratants-peaux-seches","8":"post","9":"ws-product--style-1","11":"first","12":"instock","13":"shipping-taxable","14":"purchasable","15":"product-type-simple"},"yoast_head":"<!-- This site is optimized with the Yoast SEO plugin v23.0 - https:\/\/yoast.com\/wordpress\/plugins\/seo\/ -->\n<title>Cr\u00e8me hydratante lissante \u00e0 l&#039;Acide Lactobionique - Lirene Acid Power - 50ml - OrthoPara<\/title>\n<meta name=\"robots\" content=\"index, follow, max-snippet:-1, max-image-preview:large, max-video-preview:-1\" \/>\n<link rel=\"canonical\" href=\"https:\/\/orthopara.store\/index.php\/produit\/creme-hydratante-lissante-a-lacide-lactobionique-lirene-acid-power-50ml\/\" \/>\n<meta property=\"og:locale\" content=\"fr_FR\" \/>\n<meta property=\"og:type\" content=\"article\" \/>\n<meta property=\"og:title\" content=\"Cr\u00e8me hydratante lissante \u00e0 l&#039;Acide Lactobionique - Lirene Acid Power - 50ml - OrthoPara\" \/>\n<meta property=\"og:description\" content=\"Lirene Acid Power Lirene Acid Power Cr\u00e8me Visage Lissante Hydratante \u00e0 l&#039;Acide Lactobionique de la marque Lirene est un produit de beaut\u00e9 avec une nouvelle formule qui associe harmonieusement des acides cosm\u00e9tiques sp\u00e9cialis\u00e9s et des hydrolats apaisants. Sa composition est enrichie en hydrolat de bleuet, en acide hyaluronique de haut poids mol\u00e9culaire, en huiles pr\u00e9cieuses et en vitamines, ce qui la rend id\u00e9ale pour les peaux s\u00e8ches et sujettes \u00e0 la rosac\u00e9e. L&#039;utilisation r\u00e9guli\u00e8re de ce produit de soin de la peau aidera \u00e0 augmenter l&#039;\u00e9lasticit\u00e9 de la peau et \u00e0 restaurer un teint sain. Contenance : 50ml DLC 07\/2025\" \/>\n<meta property=\"og:url\" content=\"https:\/\/orthopara.store\/index.php\/produit\/creme-hydratante-lissante-a-lacide-lactobionique-lirene-acid-power-50ml\/\" \/>\n<meta property=\"og:site_name\" content=\"OrthoPara\" \/>\n<meta property=\"article:publisher\" content=\"https:\/\/www.facebook.com\/profile.php?id=61561194315651\" \/>\n<meta property=\"article:modified_time\" content=\"2024-11-10T15:19:06+00:00\" \/>\n<meta property=\"og:image\" content=\"https:\/\/orthopara.store\/wp-content\/uploads\/2024\/06\/creme-hydratante-lissante-a-l-acide-lactobionique-lirene-acid-power-50ml.jpg\" \/>\n\t<meta property=\"og:image:width\" content=\"800\" \/>\n\t<meta property=\"og:image:height\" content=\"800\" \/>\n\t<meta property=\"og:image:type\" content=\"image\/jpeg\" \/>\n<meta name=\"twitter:card\" content=\"summary_large_image\" \/>\n<meta name=\"twitter:label1\" content=\"Dur\u00e9e de lecture estim\u00e9e\" \/>\n\t<meta name=\"twitter:data1\" content=\"2 minutes\" \/>\n<script type=\"application\/ld+json\" class=\"yoast-schema-graph\">{\"@context\":\"https:\/\/schema.org\",\"@graph\":[{\"@type\":\"WebPage\",\"@id\":\"https:\/\/orthopara.store\/index.php\/produit\/creme-hydratante-lissante-a-lacide-lactobionique-lirene-acid-power-50ml\/\",\"url\":\"https:\/\/orthopara.store\/index.php\/produit\/creme-hydratante-lissante-a-lacide-lactobionique-lirene-acid-power-50ml\/\",\"name\":\"Cr\u00e8me hydratante lissante \u00e0 l'Acide Lactobionique - Lirene Acid Power - 50ml - OrthoPara\",\"isPartOf\":{\"@id\":\"https:\/\/orthopara.store\/#website\"},\"primaryImageOfPage\":{\"@id\":\"https:\/\/orthopara.store\/index.php\/produit\/creme-hydratante-lissante-a-lacide-lactobionique-lirene-acid-power-50ml\/#primaryimage\"},\"image\":{\"@id\":\"https:\/\/orthopara.store\/index.php\/produit\/creme-hydratante-lissante-a-lacide-lactobionique-lirene-acid-power-50ml\/#primaryimage\"},\"thumbnailUrl\":\"https:\/\/orthopara.store\/wp-content\/uploads\/2024\/06\/creme-hydratante-lissante-a-l-acide-lactobionique-lirene-acid-power-50ml.jpg\",\"datePublished\":\"2024-06-28T13:49:43+00:00\",\"dateModified\":\"2024-11-10T15:19:06+00:00\",\"breadcrumb\":{\"@id\":\"https:\/\/orthopara.store\/index.php\/produit\/creme-hydratante-lissante-a-lacide-lactobionique-lirene-acid-power-50ml\/#breadcrumb\"},\"inLanguage\":\"fr-FR\",\"potentialAction\":[{\"@type\":\"ReadAction\",\"target\":[\"https:\/\/orthopara.store\/index.php\/produit\/creme-hydratante-lissante-a-lacide-lactobionique-lirene-acid-power-50ml\/\"]}]},{\"@type\":\"ImageObject\",\"inLanguage\":\"fr-FR\",\"@id\":\"https:\/\/orthopara.store\/index.php\/produit\/creme-hydratante-lissante-a-lacide-lactobionique-lirene-acid-power-50ml\/#primaryimage\",\"url\":\"https:\/\/orthopara.store\/wp-content\/uploads\/2024\/06\/creme-hydratante-lissante-a-l-acide-lactobionique-lirene-acid-power-50ml.jpg\",\"contentUrl\":\"https:\/\/orthopara.store\/wp-content\/uploads\/2024\/06\/creme-hydratante-lissante-a-l-acide-lactobionique-lirene-acid-power-50ml.jpg\",\"width\":800,\"height\":800},{\"@type\":\"BreadcrumbList\",\"@id\":\"https:\/\/orthopara.store\/index.php\/produit\/creme-hydratante-lissante-a-lacide-lactobionique-lirene-acid-power-50ml\/#breadcrumb\",\"itemListElement\":[{\"@type\":\"ListItem\",\"position\":1,\"name\":\"Accueil\",\"item\":\"https:\/\/orthopara.store\/\"},{\"@type\":\"ListItem\",\"position\":2,\"name\":\"Shop\",\"item\":\"https:\/\/orthopara.store\/?page_id=622\"},{\"@type\":\"ListItem\",\"position\":3,\"name\":\"Cr\u00e8me hydratante lissante \u00e0 l&rsquo;Acide Lactobionique &#8211; Lirene Acid Power &#8211; 50ml\"}]},{\"@type\":\"WebSite\",\"@id\":\"https:\/\/orthopara.store\/#website\",\"url\":\"https:\/\/orthopara.store\/\",\"name\":\"OrthoPara\",\"description\":\"Parapharmacie\",\"publisher\":{\"@id\":\"https:\/\/orthopara.store\/#organization\"},\"potentialAction\":[{\"@type\":\"SearchAction\",\"target\":{\"@type\":\"EntryPoint\",\"urlTemplate\":\"https:\/\/orthopara.store\/?s={search_term_string}\"},\"query-input\":\"required name=search_term_string\"}],\"inLanguage\":\"fr-FR\"},{\"@type\":\"Organization\",\"@id\":\"https:\/\/orthopara.store\/#organization\",\"name\":\"OrthoPara\",\"url\":\"https:\/\/orthopara.store\/\",\"logo\":{\"@type\":\"ImageObject\",\"inLanguage\":\"fr-FR\",\"@id\":\"https:\/\/orthopara.store\/#\/schema\/logo\/image\/\",\"url\":\"https:\/\/orthopara.store\/wp-content\/uploads\/2024\/06\/cropped-9ABA8BAD-6256-4719-9315-15C66E64E882.png\",\"contentUrl\":\"https:\/\/orthopara.store\/wp-content\/uploads\/2024\/06\/cropped-9ABA8BAD-6256-4719-9315-15C66E64E882.png\",\"width\":240,\"height\":72,\"caption\":\"OrthoPara\"},\"image\":{\"@id\":\"https:\/\/orthopara.store\/#\/schema\/logo\/image\/\"},\"sameAs\":[\"https:\/\/www.facebook.com\/profile.php?id=61561194315651\",\"https:\/\/www.instagram.com\/orthopara_tunisie\/\"]}]}<\/script>\n<!-- \/ Yoast SEO plugin. -->","yoast_head_json":{"title":"Cr\u00e8me hydratante lissante \u00e0 l'Acide Lactobionique - Lirene Acid Power - 50ml - OrthoPara","robots":{"index":"index","follow":"follow","max-snippet":"max-snippet:-1","max-image-preview":"max-image-preview:large","max-video-preview":"max-video-preview:-1"},"canonical":"https:\/\/orthopara.store\/index.php\/produit\/creme-hydratante-lissante-a-lacide-lactobionique-lirene-acid-power-50ml\/","og_locale":"fr_FR","og_type":"article","og_title":"Cr\u00e8me hydratante lissante \u00e0 l'Acide Lactobionique - Lirene Acid Power - 50ml - OrthoPara","og_description":"Lirene Acid Power Lirene Acid Power Cr\u00e8me Visage Lissante Hydratante \u00e0 l'Acide Lactobionique de la marque Lirene est un produit de beaut\u00e9 avec une nouvelle formule qui associe harmonieusement des acides cosm\u00e9tiques sp\u00e9cialis\u00e9s et des hydrolats apaisants. Sa composition est enrichie en hydrolat de bleuet, en acide hyaluronique de haut poids mol\u00e9culaire, en huiles pr\u00e9cieuses et en vitamines, ce qui la rend id\u00e9ale pour les peaux s\u00e8ches et sujettes \u00e0 la rosac\u00e9e. L'utilisation r\u00e9guli\u00e8re de ce produit de soin de la peau aidera \u00e0 augmenter l'\u00e9lasticit\u00e9 de la peau et \u00e0 restaurer un teint sain. Contenance : 50ml DLC 07\/2025","og_url":"https:\/\/orthopara.store\/index.php\/produit\/creme-hydratante-lissante-a-lacide-lactobionique-lirene-acid-power-50ml\/","og_site_name":"OrthoPara","article_publisher":"https:\/\/www.facebook.com\/profile.php?id=61561194315651","article_modified_time":"2024-11-10T15:19:06+00:00","og_image":[{"width":800,"height":800,"url":"https:\/\/orthopara.store\/wp-content\/uploads\/2024\/06\/creme-hydratante-lissante-a-l-acide-lactobionique-lirene-acid-power-50ml.jpg","type":"image\/jpeg"}],"twitter_card":"summary_large_image","twitter_misc":{"Dur\u00e9e de lecture estim\u00e9e":"2 minutes"},"schema":{"@context":"https:\/\/schema.org","@graph":[{"@type":"WebPage","@id":"https:\/\/orthopara.store\/index.php\/produit\/creme-hydratante-lissante-a-lacide-lactobionique-lirene-acid-power-50ml\/","url":"https:\/\/orthopara.store\/index.php\/produit\/creme-hydratante-lissante-a-lacide-lactobionique-lirene-acid-power-50ml\/","name":"Cr\u00e8me hydratante lissante \u00e0 l'Acide Lactobionique - Lirene Acid Power - 50ml - OrthoPara","isPartOf":{"@id":"https:\/\/orthopara.store\/#website"},"primaryImageOfPage":{"@id":"https:\/\/orthopara.store\/index.php\/produit\/creme-hydratante-lissante-a-lacide-lactobionique-lirene-acid-power-50ml\/#primaryimage"},"image":{"@id":"https:\/\/orthopara.store\/index.php\/produit\/creme-hydratante-lissante-a-lacide-lactobionique-lirene-acid-power-50ml\/#primaryimage"},"thumbnailUrl":"https:\/\/orthopara.store\/wp-content\/uploads\/2024\/06\/creme-hydratante-lissante-a-l-acide-lactobionique-lirene-acid-power-50ml.jpg","datePublished":"2024-06-28T13:49:43+00:00","dateModified":"2024-11-10T15:19:06+00:00","breadcrumb":{"@id":"https:\/\/orthopara.store\/index.php\/produit\/creme-hydratante-lissante-a-lacide-lactobionique-lirene-acid-power-50ml\/#breadcrumb"},"inLanguage":"fr-FR","potentialAction":[{"@type":"ReadAction","target":["https:\/\/orthopara.store\/index.php\/produit\/creme-hydratante-lissante-a-lacide-lactobionique-lirene-acid-power-50ml\/"]}]},{"@type":"ImageObject","inLanguage":"fr-FR","@id":"https:\/\/orthopara.store\/index.php\/produit\/creme-hydratante-lissante-a-lacide-lactobionique-lirene-acid-power-50ml\/#primaryimage","url":"https:\/\/orthopara.store\/wp-content\/uploads\/2024\/06\/creme-hydratante-lissante-a-l-acide-lactobionique-lirene-acid-power-50ml.jpg","contentUrl":"https:\/\/orthopara.store\/wp-content\/uploads\/2024\/06\/creme-hydratante-lissante-a-l-acide-lactobionique-lirene-acid-power-50ml.jpg","width":800,"height":800},{"@type":"BreadcrumbList","@id":"https:\/\/orthopara.store\/index.php\/produit\/creme-hydratante-lissante-a-lacide-lactobionique-lirene-acid-power-50ml\/#breadcrumb","itemListElement":[{"@type":"ListItem","position":1,"name":"Accueil","item":"https:\/\/orthopara.store\/"},{"@type":"ListItem","position":2,"name":"Shop","item":"https:\/\/orthopara.store\/?page_id=622"},{"@type":"ListItem","position":3,"name":"Cr\u00e8me hydratante lissante \u00e0 l&rsquo;Acide Lactobionique &#8211; Lirene Acid Power &#8211; 50ml"}]},{"@type":"WebSite","@id":"https:\/\/orthopara.store\/#website","url":"https:\/\/orthopara.store\/","name":"OrthoPara","description":"Parapharmacie","publisher":{"@id":"https:\/\/orthopara.store\/#organization"},"potentialAction":[{"@type":"SearchAction","target":{"@type":"EntryPoint","urlTemplate":"https:\/\/orthopara.store\/?s={search_term_string}"},"query-input":"required name=search_term_string"}],"inLanguage":"fr-FR"},{"@type":"Organization","@id":"https:\/\/orthopara.store\/#organization","name":"OrthoPara","url":"https:\/\/orthopara.store\/","logo":{"@type":"ImageObject","inLanguage":"fr-FR","@id":"https:\/\/orthopara.store\/#\/schema\/logo\/image\/","url":"https:\/\/orthopara.store\/wp-content\/uploads\/2024\/06\/cropped-9ABA8BAD-6256-4719-9315-15C66E64E882.png","contentUrl":"https:\/\/orthopara.store\/wp-content\/uploads\/2024\/06\/cropped-9ABA8BAD-6256-4719-9315-15C66E64E882.png","width":240,"height":72,"caption":"OrthoPara"},"image":{"@id":"https:\/\/orthopara.store\/#\/schema\/logo\/image\/"},"sameAs":["https:\/\/www.facebook.com\/profile.php?id=61561194315651","https:\/\/www.instagram.com\/orthopara_tunisie\/"]}]}},"jetpack_sharing_enabled":true,"brands":[{"id":46,"name":"LIRENE","slug":"lirene"}],"_links":{"self":[{"href":"https:\/\/orthopara.store\/index.php?rest_route=\/wp\/v2\/product\/747","targetHints":{"allow":["GET"]}}],"collection":[{"href":"https:\/\/orthopara.store\/index.php?rest_route=\/wp\/v2\/product"}],"about":[{"href":"https:\/\/orthopara.store\/index.php?rest_route=\/wp\/v2\/types\/product"}],"replies":[{"embeddable":true,"href":"https:\/\/orthopara.store\/index.php?rest_route=%2Fwp%2Fv2%2Fcomments&post=747"}],"wp:featuredmedia":[{"embeddable":true,"href":"https:\/\/orthopara.store\/index.php?rest_route=\/wp\/v2\/media\/769"}],"wp:attachment":[{"href":"https:\/\/orthopara.store\/index.php?rest_route=%2Fwp%2Fv2%2Fmedia&parent=747"}],"wp:term":[{"taxonomy":"pwb-brand","embeddable":true,"href":"https:\/\/orthopara.store\/index.php?rest_route=%2Fwp%2Fv2%2Fpwb-brand&post=747"},{"taxonomy":"product_cat","embeddable":true,"href":"https:\/\/orthopara.store\/index.php?rest_route=%2Fwp%2Fv2%2Fproduct_cat&post=747"},{"taxonomy":"product_tag","embeddable":true,"href":"https:\/\/orthopara.store\/index.php?rest_route=%2Fwp%2Fv2%2Fproduct_tag&post=747"}],"curies":[{"name":"wp","href":"https:\/\/api.w.org\/{rel}","templated":true}]}}