{"id":783,"date":"2024-06-28T15:49:56","date_gmt":"2024-06-28T13:49:56","guid":{"rendered":"https:\/\/orthopara.store\/?post_type=product&#038;p=783"},"modified":"2024-06-28T15:50:04","modified_gmt":"2024-06-28T13:50:04","slug":"pack-novexpert-gel-purete-30ml-gelee-moussante-30-gr-offert","status":"publish","type":"product","link":"https:\/\/orthopara.store\/?product=pack-novexpert-gel-purete-30ml-gelee-moussante-30-gr-offert","title":{"rendered":"Pack NOVEXPERT gel puret\u00e9 -30ML + Gel\u00e9e Moussante-30 gr (offert)"},"content":{"rendered":"<p>NOVEXPERT GEL PURETE<br \/>\nLe gel puret\u00e9 Novexpert Fait partie de la derni\u00e8re Gamme cr\u00e9\u00e9 Trio-Zinc .<br \/>\nV\u00e9ritable soin visage 2 en 1 : purifiant et anti-\u00e2ge .<br \/>\nUne formule compl\u00e8te , anti-oxydante , qui r\u00e9duit les imperfections , la brillance et laisse la peau plus lisse et plus nette .<br \/>\nTexture gel non grasse.<br \/>\n* La\u00a0gel\u00e9e moussante nettoyante Novexpert\u00a0fait partie de la derni\u00e8re Gamme cr\u00e9\u00e9e Trio-Zinc. Cette gel\u00e9e moussante nettoie sans dess\u00e9cher et purifie sans d\u00e9caper.\u00a0Elle est parfaitement adapt\u00e9e aux peaux mixtes ou grasses, \u00e0 imperfections occasionnelles ou r\u00e9currentes. Ce nettoyant visage bio offre 3 actions majeures combin\u00e9es :\u00a0nettoyant, purifiant &#038; anti-pollution. Sa\u00a0gel\u00e9e ultra a\u00e9rienne\u00a0est 100% d&rsquo;origine naturelle et\u00a0laisse une peau nette et fra\u00eeche sans effet de tiraillement.\u00a0<\/p>\n","protected":false},"excerpt":{"rendered":"<p>NOVEXPERT GEL PURETE\u00a0<br \/>\nLe Pack contient :\u00a0<br \/>\nGel Puret\u00e9, 30 mL<br \/>\nGel\u00e9e Moussante Peau Nette, 30 gr (offert)<br \/>\nDLC : 6 mois apres l&rsquo;ouverture du produit<\/p>\n","protected":false},"featured_media":808,"comment_status":"open","ping_status":"closed","template":"","meta":[],"pwb-brand":[77],"product_cat":[69],"product_tag":[],"class_list":{"0":"post-783","1":"product","2":"type-product","3":"status-publish","4":"has-post-thumbnail","6":"pwb-brand-novexpert","7":"product_cat-anti-rides","8":"post","9":"ws-product--style-1","11":"first","12":"instock","13":"shipping-taxable","14":"purchasable","15":"product-type-simple"},"yoast_head":"<!-- This site is optimized with the Yoast SEO plugin v23.0 - https:\/\/yoast.com\/wordpress\/plugins\/seo\/ -->\n<title>Pack NOVEXPERT gel puret\u00e9 -30ML + Gel\u00e9e Moussante-30 gr (offert) - OrthoPara<\/title>\n<meta name=\"robots\" content=\"index, follow, max-snippet:-1, max-image-preview:large, max-video-preview:-1\" \/>\n<link rel=\"canonical\" href=\"https:\/\/orthopara.store\/index.php\/produit\/pack-novexpert-gel-purete-30ml-gelee-moussante-30-gr-offert\/\" \/>\n<meta property=\"og:locale\" content=\"fr_FR\" \/>\n<meta property=\"og:type\" content=\"article\" \/>\n<meta property=\"og:title\" content=\"Pack NOVEXPERT gel puret\u00e9 -30ML + Gel\u00e9e Moussante-30 gr (offert) - OrthoPara\" \/>\n<meta property=\"og:description\" content=\"NOVEXPERT GEL PURETE\u00a0 Le Pack contient :\u00a0 Gel Puret\u00e9, 30 mL Gel\u00e9e Moussante Peau Nette, 30 gr (offert) DLC : 6 mois apres l&#039;ouverture du produit\" \/>\n<meta property=\"og:url\" content=\"https:\/\/orthopara.store\/index.php\/produit\/pack-novexpert-gel-purete-30ml-gelee-moussante-30-gr-offert\/\" \/>\n<meta property=\"og:site_name\" content=\"OrthoPara\" \/>\n<meta property=\"article:publisher\" content=\"https:\/\/www.facebook.com\/profile.php?id=61561194315651\" \/>\n<meta property=\"article:modified_time\" content=\"2024-06-28T13:50:04+00:00\" \/>\n<meta property=\"og:image\" content=\"https:\/\/orthopara.store\/wp-content\/uploads\/2024\/06\/pack-novexpert-gel-purete-30ml-gelee-moussante-30-gr-offert.jpg\" \/>\n\t<meta property=\"og:image:width\" content=\"800\" \/>\n\t<meta property=\"og:image:height\" content=\"800\" \/>\n\t<meta property=\"og:image:type\" content=\"image\/jpeg\" \/>\n<meta name=\"twitter:card\" content=\"summary_large_image\" \/>\n<meta name=\"twitter:label1\" content=\"Dur\u00e9e de lecture estim\u00e9e\" \/>\n\t<meta name=\"twitter:data1\" content=\"1 minute\" \/>\n<script type=\"application\/ld+json\" class=\"yoast-schema-graph\">{\"@context\":\"https:\/\/schema.org\",\"@graph\":[{\"@type\":\"WebPage\",\"@id\":\"https:\/\/orthopara.store\/index.php\/produit\/pack-novexpert-gel-purete-30ml-gelee-moussante-30-gr-offert\/\",\"url\":\"https:\/\/orthopara.store\/index.php\/produit\/pack-novexpert-gel-purete-30ml-gelee-moussante-30-gr-offert\/\",\"name\":\"Pack NOVEXPERT gel puret\u00e9 -30ML + Gel\u00e9e Moussante-30 gr (offert) - OrthoPara\",\"isPartOf\":{\"@id\":\"https:\/\/orthopara.store\/#website\"},\"primaryImageOfPage\":{\"@id\":\"https:\/\/orthopara.store\/index.php\/produit\/pack-novexpert-gel-purete-30ml-gelee-moussante-30-gr-offert\/#primaryimage\"},\"image\":{\"@id\":\"https:\/\/orthopara.store\/index.php\/produit\/pack-novexpert-gel-purete-30ml-gelee-moussante-30-gr-offert\/#primaryimage\"},\"thumbnailUrl\":\"https:\/\/orthopara.store\/wp-content\/uploads\/2024\/06\/pack-novexpert-gel-purete-30ml-gelee-moussante-30-gr-offert.jpg\",\"datePublished\":\"2024-06-28T13:49:56+00:00\",\"dateModified\":\"2024-06-28T13:50:04+00:00\",\"breadcrumb\":{\"@id\":\"https:\/\/orthopara.store\/index.php\/produit\/pack-novexpert-gel-purete-30ml-gelee-moussante-30-gr-offert\/#breadcrumb\"},\"inLanguage\":\"fr-FR\",\"potentialAction\":[{\"@type\":\"ReadAction\",\"target\":[\"https:\/\/orthopara.store\/index.php\/produit\/pack-novexpert-gel-purete-30ml-gelee-moussante-30-gr-offert\/\"]}]},{\"@type\":\"ImageObject\",\"inLanguage\":\"fr-FR\",\"@id\":\"https:\/\/orthopara.store\/index.php\/produit\/pack-novexpert-gel-purete-30ml-gelee-moussante-30-gr-offert\/#primaryimage\",\"url\":\"https:\/\/orthopara.store\/wp-content\/uploads\/2024\/06\/pack-novexpert-gel-purete-30ml-gelee-moussante-30-gr-offert.jpg\",\"contentUrl\":\"https:\/\/orthopara.store\/wp-content\/uploads\/2024\/06\/pack-novexpert-gel-purete-30ml-gelee-moussante-30-gr-offert.jpg\",\"width\":800,\"height\":800},{\"@type\":\"BreadcrumbList\",\"@id\":\"https:\/\/orthopara.store\/index.php\/produit\/pack-novexpert-gel-purete-30ml-gelee-moussante-30-gr-offert\/#breadcrumb\",\"itemListElement\":[{\"@type\":\"ListItem\",\"position\":1,\"name\":\"Accueil\",\"item\":\"https:\/\/orthopara.store\/\"},{\"@type\":\"ListItem\",\"position\":2,\"name\":\"Shop\",\"item\":\"https:\/\/orthopara.store\/?page_id=622\"},{\"@type\":\"ListItem\",\"position\":3,\"name\":\"Pack NOVEXPERT gel puret\u00e9 -30ML + Gel\u00e9e Moussante-30 gr (offert)\"}]},{\"@type\":\"WebSite\",\"@id\":\"https:\/\/orthopara.store\/#website\",\"url\":\"https:\/\/orthopara.store\/\",\"name\":\"OrthoPara\",\"description\":\"Parapharmacie\",\"publisher\":{\"@id\":\"https:\/\/orthopara.store\/#organization\"},\"potentialAction\":[{\"@type\":\"SearchAction\",\"target\":{\"@type\":\"EntryPoint\",\"urlTemplate\":\"https:\/\/orthopara.store\/?s={search_term_string}\"},\"query-input\":\"required name=search_term_string\"}],\"inLanguage\":\"fr-FR\"},{\"@type\":\"Organization\",\"@id\":\"https:\/\/orthopara.store\/#organization\",\"name\":\"OrthoPara\",\"url\":\"https:\/\/orthopara.store\/\",\"logo\":{\"@type\":\"ImageObject\",\"inLanguage\":\"fr-FR\",\"@id\":\"https:\/\/orthopara.store\/#\/schema\/logo\/image\/\",\"url\":\"https:\/\/orthopara.store\/wp-content\/uploads\/2024\/06\/cropped-9ABA8BAD-6256-4719-9315-15C66E64E882.png\",\"contentUrl\":\"https:\/\/orthopara.store\/wp-content\/uploads\/2024\/06\/cropped-9ABA8BAD-6256-4719-9315-15C66E64E882.png\",\"width\":240,\"height\":72,\"caption\":\"OrthoPara\"},\"image\":{\"@id\":\"https:\/\/orthopara.store\/#\/schema\/logo\/image\/\"},\"sameAs\":[\"https:\/\/www.facebook.com\/profile.php?id=61561194315651\",\"https:\/\/www.instagram.com\/orthopara_tunisie\/\"]}]}<\/script>\n<!-- \/ Yoast SEO plugin. -->","yoast_head_json":{"title":"Pack NOVEXPERT gel puret\u00e9 -30ML + Gel\u00e9e Moussante-30 gr (offert) - OrthoPara","robots":{"index":"index","follow":"follow","max-snippet":"max-snippet:-1","max-image-preview":"max-image-preview:large","max-video-preview":"max-video-preview:-1"},"canonical":"https:\/\/orthopara.store\/index.php\/produit\/pack-novexpert-gel-purete-30ml-gelee-moussante-30-gr-offert\/","og_locale":"fr_FR","og_type":"article","og_title":"Pack NOVEXPERT gel puret\u00e9 -30ML + Gel\u00e9e Moussante-30 gr (offert) - OrthoPara","og_description":"NOVEXPERT GEL PURETE\u00a0 Le Pack contient :\u00a0 Gel Puret\u00e9, 30 mL Gel\u00e9e Moussante Peau Nette, 30 gr (offert) DLC : 6 mois apres l'ouverture du produit","og_url":"https:\/\/orthopara.store\/index.php\/produit\/pack-novexpert-gel-purete-30ml-gelee-moussante-30-gr-offert\/","og_site_name":"OrthoPara","article_publisher":"https:\/\/www.facebook.com\/profile.php?id=61561194315651","article_modified_time":"2024-06-28T13:50:04+00:00","og_image":[{"width":800,"height":800,"url":"https:\/\/orthopara.store\/wp-content\/uploads\/2024\/06\/pack-novexpert-gel-purete-30ml-gelee-moussante-30-gr-offert.jpg","type":"image\/jpeg"}],"twitter_card":"summary_large_image","twitter_misc":{"Dur\u00e9e de lecture estim\u00e9e":"1 minute"},"schema":{"@context":"https:\/\/schema.org","@graph":[{"@type":"WebPage","@id":"https:\/\/orthopara.store\/index.php\/produit\/pack-novexpert-gel-purete-30ml-gelee-moussante-30-gr-offert\/","url":"https:\/\/orthopara.store\/index.php\/produit\/pack-novexpert-gel-purete-30ml-gelee-moussante-30-gr-offert\/","name":"Pack NOVEXPERT gel puret\u00e9 -30ML + Gel\u00e9e Moussante-30 gr (offert) - OrthoPara","isPartOf":{"@id":"https:\/\/orthopara.store\/#website"},"primaryImageOfPage":{"@id":"https:\/\/orthopara.store\/index.php\/produit\/pack-novexpert-gel-purete-30ml-gelee-moussante-30-gr-offert\/#primaryimage"},"image":{"@id":"https:\/\/orthopara.store\/index.php\/produit\/pack-novexpert-gel-purete-30ml-gelee-moussante-30-gr-offert\/#primaryimage"},"thumbnailUrl":"https:\/\/orthopara.store\/wp-content\/uploads\/2024\/06\/pack-novexpert-gel-purete-30ml-gelee-moussante-30-gr-offert.jpg","datePublished":"2024-06-28T13:49:56+00:00","dateModified":"2024-06-28T13:50:04+00:00","breadcrumb":{"@id":"https:\/\/orthopara.store\/index.php\/produit\/pack-novexpert-gel-purete-30ml-gelee-moussante-30-gr-offert\/#breadcrumb"},"inLanguage":"fr-FR","potentialAction":[{"@type":"ReadAction","target":["https:\/\/orthopara.store\/index.php\/produit\/pack-novexpert-gel-purete-30ml-gelee-moussante-30-gr-offert\/"]}]},{"@type":"ImageObject","inLanguage":"fr-FR","@id":"https:\/\/orthopara.store\/index.php\/produit\/pack-novexpert-gel-purete-30ml-gelee-moussante-30-gr-offert\/#primaryimage","url":"https:\/\/orthopara.store\/wp-content\/uploads\/2024\/06\/pack-novexpert-gel-purete-30ml-gelee-moussante-30-gr-offert.jpg","contentUrl":"https:\/\/orthopara.store\/wp-content\/uploads\/2024\/06\/pack-novexpert-gel-purete-30ml-gelee-moussante-30-gr-offert.jpg","width":800,"height":800},{"@type":"BreadcrumbList","@id":"https:\/\/orthopara.store\/index.php\/produit\/pack-novexpert-gel-purete-30ml-gelee-moussante-30-gr-offert\/#breadcrumb","itemListElement":[{"@type":"ListItem","position":1,"name":"Accueil","item":"https:\/\/orthopara.store\/"},{"@type":"ListItem","position":2,"name":"Shop","item":"https:\/\/orthopara.store\/?page_id=622"},{"@type":"ListItem","position":3,"name":"Pack NOVEXPERT gel puret\u00e9 -30ML + Gel\u00e9e Moussante-30 gr (offert)"}]},{"@type":"WebSite","@id":"https:\/\/orthopara.store\/#website","url":"https:\/\/orthopara.store\/","name":"OrthoPara","description":"Parapharmacie","publisher":{"@id":"https:\/\/orthopara.store\/#organization"},"potentialAction":[{"@type":"SearchAction","target":{"@type":"EntryPoint","urlTemplate":"https:\/\/orthopara.store\/?s={search_term_string}"},"query-input":"required name=search_term_string"}],"inLanguage":"fr-FR"},{"@type":"Organization","@id":"https:\/\/orthopara.store\/#organization","name":"OrthoPara","url":"https:\/\/orthopara.store\/","logo":{"@type":"ImageObject","inLanguage":"fr-FR","@id":"https:\/\/orthopara.store\/#\/schema\/logo\/image\/","url":"https:\/\/orthopara.store\/wp-content\/uploads\/2024\/06\/cropped-9ABA8BAD-6256-4719-9315-15C66E64E882.png","contentUrl":"https:\/\/orthopara.store\/wp-content\/uploads\/2024\/06\/cropped-9ABA8BAD-6256-4719-9315-15C66E64E882.png","width":240,"height":72,"caption":"OrthoPara"},"image":{"@id":"https:\/\/orthopara.store\/#\/schema\/logo\/image\/"},"sameAs":["https:\/\/www.facebook.com\/profile.php?id=61561194315651","https:\/\/www.instagram.com\/orthopara_tunisie\/"]}]}},"jetpack_sharing_enabled":true,"brands":[{"id":77,"name":"Novexpert","slug":"novexpert"}],"_links":{"self":[{"href":"https:\/\/orthopara.store\/index.php?rest_route=\/wp\/v2\/product\/783","targetHints":{"allow":["GET"]}}],"collection":[{"href":"https:\/\/orthopara.store\/index.php?rest_route=\/wp\/v2\/product"}],"about":[{"href":"https:\/\/orthopara.store\/index.php?rest_route=\/wp\/v2\/types\/product"}],"replies":[{"embeddable":true,"href":"https:\/\/orthopara.store\/index.php?rest_route=%2Fwp%2Fv2%2Fcomments&post=783"}],"wp:featuredmedia":[{"embeddable":true,"href":"https:\/\/orthopara.store\/index.php?rest_route=\/wp\/v2\/media\/808"}],"wp:attachment":[{"href":"https:\/\/orthopara.store\/index.php?rest_route=%2Fwp%2Fv2%2Fmedia&parent=783"}],"wp:term":[{"taxonomy":"pwb-brand","embeddable":true,"href":"https:\/\/orthopara.store\/index.php?rest_route=%2Fwp%2Fv2%2Fpwb-brand&post=783"},{"taxonomy":"product_cat","embeddable":true,"href":"https:\/\/orthopara.store\/index.php?rest_route=%2Fwp%2Fv2%2Fproduct_cat&post=783"},{"taxonomy":"product_tag","embeddable":true,"href":"https:\/\/orthopara.store\/index.php?rest_route=%2Fwp%2Fv2%2Fproduct_tag&post=783"}],"curies":[{"name":"wp","href":"https:\/\/api.w.org\/{rel}","templated":true}]}}