{"id":785,"date":"2024-06-28T15:49:57","date_gmt":"2024-06-28T13:49:57","guid":{"rendered":"https:\/\/orthopara.store\/?post_type=product&#038;p=785"},"modified":"2024-06-28T15:50:05","modified_gmt":"2024-06-28T13:50:05","slug":"gel-nettoyant-a-base-dargile-blanche-lirene-150-ml","status":"publish","type":"product","link":"https:\/\/orthopara.store\/?product=gel-nettoyant-a-base-dargile-blanche-lirene-150-ml","title":{"rendered":"GEL NETTOYANT A BASE D&rsquo;ARGILE BLANCHE &#8211; LIRENE &#8211; 150 ml"},"content":{"rendered":"<p>GEL NETTOYANT A BASE D&rsquo;ARGILE BLANCHE &#8211; LIRENE &#8211; 150 ml<br \/>\nLe gel nettoyant d&rsquo;argile blanche nettoyante au bambou, menthe et orange exfolie en douceur les cellules \u00e9pidermiques mortes,<br \/>\nd\u00e9sobstrue et affine les pores de la peau et \u00e9limine l&rsquo;exc\u00e8s de s\u00e9bum, laissant la peau lisse et lumineuse sans sensation de tiraillement.<\/p>\n<p>Ingr\u00e9dients actifs :\u00a0<\/p>\n<p>ARGILE BLANCHE :\u00a0contient des macro- et micro-\u00e9l\u00e9ments et poss\u00e8de des propri\u00e9t\u00e9s purifiantes et antiseptiques.\u00a0Il rend la peau plus lisse et plus ferme en exfoliant les cellules \u00e9pidermiques mortes<\/p>\n<p>EXTRAIT DE BAMBOU :\u00a0riche en flavono\u00efdes, il illumine le teint, rafra\u00eechit la peau et procure une hydratation longue dur\u00e9e.<\/p>\n<p>MENTHE :\u00a0donne une bouff\u00e9e de fra\u00eecheur \u00e0 la peau et a un effet apaisant.\u00a0Il apaise les irritations et stimule la synth\u00e8se de b\u00eata-endorphines, \u00e9galement appel\u00e9es hormones du bonheur, pour une sensation de d\u00e9tente suppl\u00e9mentaire.<\/p>\n<p>ORANGE :\u00a0riche en vitamines, il conf\u00e8re \u00e0 la peau un parfum frais, tout en ayant un effet stimulant, \u00e9claircissant et \u00e9nergisant.<\/p>\n<p>R\u00e9sultats:\u00a0\u00a0<\/p>\n<p>*nettoie en profondeur et rafra\u00eechit la peau<\/p>\n<p>*d\u00e9sobstrue les pores de la peau<\/p>\n<p>*pas de sensation de tiraillement<\/p>\n","protected":false},"excerpt":{"rendered":"<p>GEL NETTOYANT A BASE D&rsquo;ARGILE BLANCHE &#8211; LIRENE &#8211; 150 ml<br \/>\ntout type de peau<br \/>\nnettoie, rafra\u00eechit, d\u00e9sobstrue les pores de la peau<br \/>\ncontenance 150 ML<\/p>\n","protected":false},"featured_media":810,"comment_status":"open","ping_status":"closed","template":"","meta":[],"pwb-brand":[46],"product_cat":[69],"product_tag":[],"class_list":{"0":"post-785","1":"product","2":"type-product","3":"status-publish","4":"has-post-thumbnail","6":"pwb-brand-lirene","7":"product_cat-anti-rides","8":"post","9":"ws-product--style-1","11":"first","12":"instock","13":"shipping-taxable","14":"purchasable","15":"product-type-simple"},"yoast_head":"<!-- This site is optimized with the Yoast SEO plugin v23.0 - https:\/\/yoast.com\/wordpress\/plugins\/seo\/ -->\n<title>GEL NETTOYANT A BASE D&#039;ARGILE BLANCHE - LIRENE - 150 ml - OrthoPara<\/title>\n<meta name=\"robots\" content=\"index, follow, max-snippet:-1, max-image-preview:large, max-video-preview:-1\" \/>\n<link rel=\"canonical\" href=\"https:\/\/orthopara.store\/index.php\/produit\/gel-nettoyant-a-base-dargile-blanche-lirene-150-ml\/\" \/>\n<meta property=\"og:locale\" content=\"fr_FR\" \/>\n<meta property=\"og:type\" content=\"article\" \/>\n<meta property=\"og:title\" content=\"GEL NETTOYANT A BASE D&#039;ARGILE BLANCHE - LIRENE - 150 ml - OrthoPara\" \/>\n<meta property=\"og:description\" content=\"GEL NETTOYANT A BASE D&#039;ARGILE BLANCHE - LIRENE - 150 ml tout type de peau nettoie, rafra\u00eechit, d\u00e9sobstrue les pores de la peau contenance 150 ML\" \/>\n<meta property=\"og:url\" content=\"https:\/\/orthopara.store\/index.php\/produit\/gel-nettoyant-a-base-dargile-blanche-lirene-150-ml\/\" \/>\n<meta property=\"og:site_name\" content=\"OrthoPara\" \/>\n<meta property=\"article:publisher\" content=\"https:\/\/www.facebook.com\/profile.php?id=61561194315651\" \/>\n<meta property=\"article:modified_time\" content=\"2024-06-28T13:50:05+00:00\" \/>\n<meta property=\"og:image\" content=\"https:\/\/orthopara.store\/wp-content\/uploads\/2024\/06\/lirene-gel-nettoyant-a-base-d-argile-blanche-150-ml.png\" \/>\n\t<meta property=\"og:image:width\" content=\"800\" \/>\n\t<meta property=\"og:image:height\" content=\"800\" \/>\n\t<meta property=\"og:image:type\" content=\"image\/png\" \/>\n<meta name=\"twitter:card\" content=\"summary_large_image\" \/>\n<meta name=\"twitter:label1\" content=\"Dur\u00e9e de lecture estim\u00e9e\" \/>\n\t<meta name=\"twitter:data1\" content=\"1 minute\" \/>\n<script type=\"application\/ld+json\" class=\"yoast-schema-graph\">{\"@context\":\"https:\/\/schema.org\",\"@graph\":[{\"@type\":\"WebPage\",\"@id\":\"https:\/\/orthopara.store\/index.php\/produit\/gel-nettoyant-a-base-dargile-blanche-lirene-150-ml\/\",\"url\":\"https:\/\/orthopara.store\/index.php\/produit\/gel-nettoyant-a-base-dargile-blanche-lirene-150-ml\/\",\"name\":\"GEL NETTOYANT A BASE D'ARGILE BLANCHE - LIRENE - 150 ml - OrthoPara\",\"isPartOf\":{\"@id\":\"https:\/\/orthopara.store\/#website\"},\"primaryImageOfPage\":{\"@id\":\"https:\/\/orthopara.store\/index.php\/produit\/gel-nettoyant-a-base-dargile-blanche-lirene-150-ml\/#primaryimage\"},\"image\":{\"@id\":\"https:\/\/orthopara.store\/index.php\/produit\/gel-nettoyant-a-base-dargile-blanche-lirene-150-ml\/#primaryimage\"},\"thumbnailUrl\":\"https:\/\/orthopara.store\/wp-content\/uploads\/2024\/06\/lirene-gel-nettoyant-a-base-d-argile-blanche-150-ml.png\",\"datePublished\":\"2024-06-28T13:49:57+00:00\",\"dateModified\":\"2024-06-28T13:50:05+00:00\",\"breadcrumb\":{\"@id\":\"https:\/\/orthopara.store\/index.php\/produit\/gel-nettoyant-a-base-dargile-blanche-lirene-150-ml\/#breadcrumb\"},\"inLanguage\":\"fr-FR\",\"potentialAction\":[{\"@type\":\"ReadAction\",\"target\":[\"https:\/\/orthopara.store\/index.php\/produit\/gel-nettoyant-a-base-dargile-blanche-lirene-150-ml\/\"]}]},{\"@type\":\"ImageObject\",\"inLanguage\":\"fr-FR\",\"@id\":\"https:\/\/orthopara.store\/index.php\/produit\/gel-nettoyant-a-base-dargile-blanche-lirene-150-ml\/#primaryimage\",\"url\":\"https:\/\/orthopara.store\/wp-content\/uploads\/2024\/06\/lirene-gel-nettoyant-a-base-d-argile-blanche-150-ml.png\",\"contentUrl\":\"https:\/\/orthopara.store\/wp-content\/uploads\/2024\/06\/lirene-gel-nettoyant-a-base-d-argile-blanche-150-ml.png\",\"width\":800,\"height\":800},{\"@type\":\"BreadcrumbList\",\"@id\":\"https:\/\/orthopara.store\/index.php\/produit\/gel-nettoyant-a-base-dargile-blanche-lirene-150-ml\/#breadcrumb\",\"itemListElement\":[{\"@type\":\"ListItem\",\"position\":1,\"name\":\"Accueil\",\"item\":\"https:\/\/orthopara.store\/\"},{\"@type\":\"ListItem\",\"position\":2,\"name\":\"Shop\",\"item\":\"https:\/\/orthopara.store\/?page_id=622\"},{\"@type\":\"ListItem\",\"position\":3,\"name\":\"GEL NETTOYANT A BASE D&rsquo;ARGILE BLANCHE &#8211; LIRENE &#8211; 150 ml\"}]},{\"@type\":\"WebSite\",\"@id\":\"https:\/\/orthopara.store\/#website\",\"url\":\"https:\/\/orthopara.store\/\",\"name\":\"OrthoPara\",\"description\":\"Parapharmacie\",\"publisher\":{\"@id\":\"https:\/\/orthopara.store\/#organization\"},\"potentialAction\":[{\"@type\":\"SearchAction\",\"target\":{\"@type\":\"EntryPoint\",\"urlTemplate\":\"https:\/\/orthopara.store\/?s={search_term_string}\"},\"query-input\":\"required name=search_term_string\"}],\"inLanguage\":\"fr-FR\"},{\"@type\":\"Organization\",\"@id\":\"https:\/\/orthopara.store\/#organization\",\"name\":\"OrthoPara\",\"url\":\"https:\/\/orthopara.store\/\",\"logo\":{\"@type\":\"ImageObject\",\"inLanguage\":\"fr-FR\",\"@id\":\"https:\/\/orthopara.store\/#\/schema\/logo\/image\/\",\"url\":\"https:\/\/orthopara.store\/wp-content\/uploads\/2024\/06\/cropped-9ABA8BAD-6256-4719-9315-15C66E64E882.png\",\"contentUrl\":\"https:\/\/orthopara.store\/wp-content\/uploads\/2024\/06\/cropped-9ABA8BAD-6256-4719-9315-15C66E64E882.png\",\"width\":240,\"height\":72,\"caption\":\"OrthoPara\"},\"image\":{\"@id\":\"https:\/\/orthopara.store\/#\/schema\/logo\/image\/\"},\"sameAs\":[\"https:\/\/www.facebook.com\/profile.php?id=61561194315651\",\"https:\/\/www.instagram.com\/orthopara_tunisie\/\"]}]}<\/script>\n<!-- \/ Yoast SEO plugin. -->","yoast_head_json":{"title":"GEL NETTOYANT A BASE D'ARGILE BLANCHE - LIRENE - 150 ml - OrthoPara","robots":{"index":"index","follow":"follow","max-snippet":"max-snippet:-1","max-image-preview":"max-image-preview:large","max-video-preview":"max-video-preview:-1"},"canonical":"https:\/\/orthopara.store\/index.php\/produit\/gel-nettoyant-a-base-dargile-blanche-lirene-150-ml\/","og_locale":"fr_FR","og_type":"article","og_title":"GEL NETTOYANT A BASE D'ARGILE BLANCHE - LIRENE - 150 ml - OrthoPara","og_description":"GEL NETTOYANT A BASE D'ARGILE BLANCHE - LIRENE - 150 ml tout type de peau nettoie, rafra\u00eechit, d\u00e9sobstrue les pores de la peau contenance 150 ML","og_url":"https:\/\/orthopara.store\/index.php\/produit\/gel-nettoyant-a-base-dargile-blanche-lirene-150-ml\/","og_site_name":"OrthoPara","article_publisher":"https:\/\/www.facebook.com\/profile.php?id=61561194315651","article_modified_time":"2024-06-28T13:50:05+00:00","og_image":[{"width":800,"height":800,"url":"https:\/\/orthopara.store\/wp-content\/uploads\/2024\/06\/lirene-gel-nettoyant-a-base-d-argile-blanche-150-ml.png","type":"image\/png"}],"twitter_card":"summary_large_image","twitter_misc":{"Dur\u00e9e de lecture estim\u00e9e":"1 minute"},"schema":{"@context":"https:\/\/schema.org","@graph":[{"@type":"WebPage","@id":"https:\/\/orthopara.store\/index.php\/produit\/gel-nettoyant-a-base-dargile-blanche-lirene-150-ml\/","url":"https:\/\/orthopara.store\/index.php\/produit\/gel-nettoyant-a-base-dargile-blanche-lirene-150-ml\/","name":"GEL NETTOYANT A BASE D'ARGILE BLANCHE - LIRENE - 150 ml - OrthoPara","isPartOf":{"@id":"https:\/\/orthopara.store\/#website"},"primaryImageOfPage":{"@id":"https:\/\/orthopara.store\/index.php\/produit\/gel-nettoyant-a-base-dargile-blanche-lirene-150-ml\/#primaryimage"},"image":{"@id":"https:\/\/orthopara.store\/index.php\/produit\/gel-nettoyant-a-base-dargile-blanche-lirene-150-ml\/#primaryimage"},"thumbnailUrl":"https:\/\/orthopara.store\/wp-content\/uploads\/2024\/06\/lirene-gel-nettoyant-a-base-d-argile-blanche-150-ml.png","datePublished":"2024-06-28T13:49:57+00:00","dateModified":"2024-06-28T13:50:05+00:00","breadcrumb":{"@id":"https:\/\/orthopara.store\/index.php\/produit\/gel-nettoyant-a-base-dargile-blanche-lirene-150-ml\/#breadcrumb"},"inLanguage":"fr-FR","potentialAction":[{"@type":"ReadAction","target":["https:\/\/orthopara.store\/index.php\/produit\/gel-nettoyant-a-base-dargile-blanche-lirene-150-ml\/"]}]},{"@type":"ImageObject","inLanguage":"fr-FR","@id":"https:\/\/orthopara.store\/index.php\/produit\/gel-nettoyant-a-base-dargile-blanche-lirene-150-ml\/#primaryimage","url":"https:\/\/orthopara.store\/wp-content\/uploads\/2024\/06\/lirene-gel-nettoyant-a-base-d-argile-blanche-150-ml.png","contentUrl":"https:\/\/orthopara.store\/wp-content\/uploads\/2024\/06\/lirene-gel-nettoyant-a-base-d-argile-blanche-150-ml.png","width":800,"height":800},{"@type":"BreadcrumbList","@id":"https:\/\/orthopara.store\/index.php\/produit\/gel-nettoyant-a-base-dargile-blanche-lirene-150-ml\/#breadcrumb","itemListElement":[{"@type":"ListItem","position":1,"name":"Accueil","item":"https:\/\/orthopara.store\/"},{"@type":"ListItem","position":2,"name":"Shop","item":"https:\/\/orthopara.store\/?page_id=622"},{"@type":"ListItem","position":3,"name":"GEL NETTOYANT A BASE D&rsquo;ARGILE BLANCHE &#8211; LIRENE &#8211; 150 ml"}]},{"@type":"WebSite","@id":"https:\/\/orthopara.store\/#website","url":"https:\/\/orthopara.store\/","name":"OrthoPara","description":"Parapharmacie","publisher":{"@id":"https:\/\/orthopara.store\/#organization"},"potentialAction":[{"@type":"SearchAction","target":{"@type":"EntryPoint","urlTemplate":"https:\/\/orthopara.store\/?s={search_term_string}"},"query-input":"required name=search_term_string"}],"inLanguage":"fr-FR"},{"@type":"Organization","@id":"https:\/\/orthopara.store\/#organization","name":"OrthoPara","url":"https:\/\/orthopara.store\/","logo":{"@type":"ImageObject","inLanguage":"fr-FR","@id":"https:\/\/orthopara.store\/#\/schema\/logo\/image\/","url":"https:\/\/orthopara.store\/wp-content\/uploads\/2024\/06\/cropped-9ABA8BAD-6256-4719-9315-15C66E64E882.png","contentUrl":"https:\/\/orthopara.store\/wp-content\/uploads\/2024\/06\/cropped-9ABA8BAD-6256-4719-9315-15C66E64E882.png","width":240,"height":72,"caption":"OrthoPara"},"image":{"@id":"https:\/\/orthopara.store\/#\/schema\/logo\/image\/"},"sameAs":["https:\/\/www.facebook.com\/profile.php?id=61561194315651","https:\/\/www.instagram.com\/orthopara_tunisie\/"]}]}},"jetpack_sharing_enabled":true,"brands":[{"id":46,"name":"LIRENE","slug":"lirene"}],"_links":{"self":[{"href":"https:\/\/orthopara.store\/index.php?rest_route=\/wp\/v2\/product\/785","targetHints":{"allow":["GET"]}}],"collection":[{"href":"https:\/\/orthopara.store\/index.php?rest_route=\/wp\/v2\/product"}],"about":[{"href":"https:\/\/orthopara.store\/index.php?rest_route=\/wp\/v2\/types\/product"}],"replies":[{"embeddable":true,"href":"https:\/\/orthopara.store\/index.php?rest_route=%2Fwp%2Fv2%2Fcomments&post=785"}],"wp:featuredmedia":[{"embeddable":true,"href":"https:\/\/orthopara.store\/index.php?rest_route=\/wp\/v2\/media\/810"}],"wp:attachment":[{"href":"https:\/\/orthopara.store\/index.php?rest_route=%2Fwp%2Fv2%2Fmedia&parent=785"}],"wp:term":[{"taxonomy":"pwb-brand","embeddable":true,"href":"https:\/\/orthopara.store\/index.php?rest_route=%2Fwp%2Fv2%2Fpwb-brand&post=785"},{"taxonomy":"product_cat","embeddable":true,"href":"https:\/\/orthopara.store\/index.php?rest_route=%2Fwp%2Fv2%2Fproduct_cat&post=785"},{"taxonomy":"product_tag","embeddable":true,"href":"https:\/\/orthopara.store\/index.php?rest_route=%2Fwp%2Fv2%2Fproduct_tag&post=785"}],"curies":[{"name":"wp","href":"https:\/\/api.w.org\/{rel}","templated":true}]}}