{"id":820,"date":"2024-06-28T15:50:11","date_gmt":"2024-06-28T13:50:11","guid":{"rendered":"https:\/\/orthopara.store\/?post_type=product&#038;p=820"},"modified":"2024-06-28T15:50:14","modified_gmt":"2024-06-28T13:50:14","slug":"forte-pharma-expert-collagene-intense-14-sticks","status":"publish","type":"product","link":"https:\/\/orthopara.store\/?product=forte-pharma-expert-collagene-intense-14-sticks","title":{"rendered":"FORTE PHARMA EXPERT COLLAGENE INTENSE 14 STICKS"},"content":{"rendered":"<p>FORTE PHARMA EXPERT COLLAGENE INTENSE<br \/>\nExpert Collag\u00e8ne corrige les rides, raffermit et prot\u00e8ge la peau en un seul geste.<\/p>\n<p>Simple \u00e0 utiliser, un seul stick par jour d\u2019Expert Collag\u00e8ne vous apporte 2000 mg de Collactive\u2122, un collag\u00e8ne marin de haute qualit\u00e9 dont l&rsquo;efficacit\u00e9 a \u00e9t\u00e9 prouv\u00e9e lors d\u2019une \u00e9tude scientifique. Associ\u00e9 aux oligopeptides d\u2019\u00e9lastine marine, ce complexe anti-\u00e2ge aide votre peau \u00e0 garder un aspect lisse et affermi d\u00e8s le premier mois.<\/p>\n<p>Expert Collag\u00e8ne prot\u00e8ge aussi votre peau du vieillissement cutan\u00e9 gr\u00e2ce \u00e0 un complexe anti-oxydant puissant compos\u00e9 des vitamines A, C, E, du S\u00e9l\u00e9nium et de Grenade.<\/p>\n<p>&#8211; La vitamine A contribue au maintien d&rsquo;une peau normale.- Les vitamines C et E et le s\u00e9l\u00e9nium contribuent \u00e0 prot\u00e9ger les cellules contre le stress oxydatif.<\/p>\n<p>Conseils d&rsquo;utilisation:<\/p>\n<p>Chaque matin, verser le contenu d\u2019un stick dans un verre puis ajouter de l\u2019eau et m\u00e9langer.\u00a0Format de 20 jours \u00e0 renouveler si n\u00e9cessaire.Pour un r\u00e9sultat optimal sur votre peau, Expert Collag\u00e8ne peut \u00eatre associ\u00e9 \u00e0 Expert Hyaluronic.\u00a0<\/p>\n<p>Composition:<\/p>\n<p>Ingr\u00e9dients:\u00a0Collactive\u2122 (prot\u00e9ines de collag\u00e8ne (2000 mg), prot\u00e9ines d\u2019\u00e9lastine (130 mg) \u2013\u00a0Poisson)(2130 mg), agent de charge (maltodextrine de ma\u00efs), acidifiants (acide citrique, acide malique), poudre de jus de grenade (Punicagranatum L.) (150 mg), vitamine C (acide L-ascorbique), colorant caramel, ar\u00f4me maracuja, antiagglom\u00e9rant (dioxyde de silicium), vitamine E (ac\u00e9tate DL- alpha-tocoph\u00e9rol), levure de s\u00e9l\u00e9nium, \u00e9dulcorants (ac\u00e9sulfame de potassium, sucralose), vitamine A (ac\u00e9tate de r\u00e9tinol).\u00a0<\/p>\n","protected":false},"excerpt":{"rendered":"<p>FORTE PHARMA EXPERT COLLAGENE INTENSE<br \/>\nAction anti-\u00e2ge absoluePour corriger les rides et\u00a0retarder le vieillissement cutan\u00e9<br \/>\nCONTENANCE :14 STICKS<br \/>\nDLC : 01\/2026<\/p>\n","protected":false},"featured_media":841,"comment_status":"open","ping_status":"closed","template":"","meta":[],"pwb-brand":[81],"product_cat":[69],"product_tag":[],"class_list":{"0":"post-820","1":"product","2":"type-product","3":"status-publish","4":"has-post-thumbnail","6":"pwb-brand-forte-pharma","7":"product_cat-anti-rides","8":"post","9":"ws-product--style-1","11":"first","12":"instock","13":"shipping-taxable","14":"purchasable","15":"product-type-simple"},"yoast_head":"<!-- This site is optimized with the Yoast SEO plugin v23.0 - https:\/\/yoast.com\/wordpress\/plugins\/seo\/ -->\n<title>FORTE PHARMA EXPERT COLLAGENE INTENSE 14 STICKS - OrthoPara<\/title>\n<meta name=\"robots\" content=\"index, follow, max-snippet:-1, max-image-preview:large, max-video-preview:-1\" \/>\n<link rel=\"canonical\" href=\"https:\/\/orthopara.store\/index.php\/produit\/forte-pharma-expert-collagene-intense-14-sticks\/\" \/>\n<meta property=\"og:locale\" content=\"fr_FR\" \/>\n<meta property=\"og:type\" content=\"article\" \/>\n<meta property=\"og:title\" content=\"FORTE PHARMA EXPERT COLLAGENE INTENSE 14 STICKS - OrthoPara\" \/>\n<meta property=\"og:description\" content=\"FORTE PHARMA EXPERT COLLAGENE INTENSE Action anti-\u00e2ge absoluePour corriger les rides et\u00a0retarder le vieillissement cutan\u00e9 CONTENANCE :14 STICKS DLC : 01\/2026\" \/>\n<meta property=\"og:url\" content=\"https:\/\/orthopara.store\/index.php\/produit\/forte-pharma-expert-collagene-intense-14-sticks\/\" \/>\n<meta property=\"og:site_name\" content=\"OrthoPara\" \/>\n<meta property=\"article:publisher\" content=\"https:\/\/www.facebook.com\/profile.php?id=61561194315651\" \/>\n<meta property=\"article:modified_time\" content=\"2024-06-28T13:50:14+00:00\" \/>\n<meta property=\"og:image\" content=\"https:\/\/orthopara.store\/wp-content\/uploads\/2024\/06\/forte-pharma-expert-collagene-intense-14-sticks.jpg\" \/>\n\t<meta property=\"og:image:width\" content=\"800\" \/>\n\t<meta property=\"og:image:height\" content=\"800\" \/>\n\t<meta property=\"og:image:type\" content=\"image\/jpeg\" \/>\n<meta name=\"twitter:card\" content=\"summary_large_image\" \/>\n<meta name=\"twitter:label1\" content=\"Dur\u00e9e de lecture estim\u00e9e\" \/>\n\t<meta name=\"twitter:data1\" content=\"1 minute\" \/>\n<script type=\"application\/ld+json\" class=\"yoast-schema-graph\">{\"@context\":\"https:\/\/schema.org\",\"@graph\":[{\"@type\":\"WebPage\",\"@id\":\"https:\/\/orthopara.store\/index.php\/produit\/forte-pharma-expert-collagene-intense-14-sticks\/\",\"url\":\"https:\/\/orthopara.store\/index.php\/produit\/forte-pharma-expert-collagene-intense-14-sticks\/\",\"name\":\"FORTE PHARMA EXPERT COLLAGENE INTENSE 14 STICKS - OrthoPara\",\"isPartOf\":{\"@id\":\"https:\/\/orthopara.store\/#website\"},\"primaryImageOfPage\":{\"@id\":\"https:\/\/orthopara.store\/index.php\/produit\/forte-pharma-expert-collagene-intense-14-sticks\/#primaryimage\"},\"image\":{\"@id\":\"https:\/\/orthopara.store\/index.php\/produit\/forte-pharma-expert-collagene-intense-14-sticks\/#primaryimage\"},\"thumbnailUrl\":\"https:\/\/orthopara.store\/wp-content\/uploads\/2024\/06\/forte-pharma-expert-collagene-intense-14-sticks.jpg\",\"datePublished\":\"2024-06-28T13:50:11+00:00\",\"dateModified\":\"2024-06-28T13:50:14+00:00\",\"breadcrumb\":{\"@id\":\"https:\/\/orthopara.store\/index.php\/produit\/forte-pharma-expert-collagene-intense-14-sticks\/#breadcrumb\"},\"inLanguage\":\"fr-FR\",\"potentialAction\":[{\"@type\":\"ReadAction\",\"target\":[\"https:\/\/orthopara.store\/index.php\/produit\/forte-pharma-expert-collagene-intense-14-sticks\/\"]}]},{\"@type\":\"ImageObject\",\"inLanguage\":\"fr-FR\",\"@id\":\"https:\/\/orthopara.store\/index.php\/produit\/forte-pharma-expert-collagene-intense-14-sticks\/#primaryimage\",\"url\":\"https:\/\/orthopara.store\/wp-content\/uploads\/2024\/06\/forte-pharma-expert-collagene-intense-14-sticks.jpg\",\"contentUrl\":\"https:\/\/orthopara.store\/wp-content\/uploads\/2024\/06\/forte-pharma-expert-collagene-intense-14-sticks.jpg\",\"width\":800,\"height\":800},{\"@type\":\"BreadcrumbList\",\"@id\":\"https:\/\/orthopara.store\/index.php\/produit\/forte-pharma-expert-collagene-intense-14-sticks\/#breadcrumb\",\"itemListElement\":[{\"@type\":\"ListItem\",\"position\":1,\"name\":\"Accueil\",\"item\":\"https:\/\/orthopara.store\/\"},{\"@type\":\"ListItem\",\"position\":2,\"name\":\"Shop\",\"item\":\"https:\/\/orthopara.store\/?page_id=622\"},{\"@type\":\"ListItem\",\"position\":3,\"name\":\"FORTE PHARMA EXPERT COLLAGENE INTENSE 14 STICKS\"}]},{\"@type\":\"WebSite\",\"@id\":\"https:\/\/orthopara.store\/#website\",\"url\":\"https:\/\/orthopara.store\/\",\"name\":\"OrthoPara\",\"description\":\"Parapharmacie\",\"publisher\":{\"@id\":\"https:\/\/orthopara.store\/#organization\"},\"potentialAction\":[{\"@type\":\"SearchAction\",\"target\":{\"@type\":\"EntryPoint\",\"urlTemplate\":\"https:\/\/orthopara.store\/?s={search_term_string}\"},\"query-input\":\"required name=search_term_string\"}],\"inLanguage\":\"fr-FR\"},{\"@type\":\"Organization\",\"@id\":\"https:\/\/orthopara.store\/#organization\",\"name\":\"OrthoPara\",\"url\":\"https:\/\/orthopara.store\/\",\"logo\":{\"@type\":\"ImageObject\",\"inLanguage\":\"fr-FR\",\"@id\":\"https:\/\/orthopara.store\/#\/schema\/logo\/image\/\",\"url\":\"https:\/\/orthopara.store\/wp-content\/uploads\/2024\/06\/cropped-9ABA8BAD-6256-4719-9315-15C66E64E882.png\",\"contentUrl\":\"https:\/\/orthopara.store\/wp-content\/uploads\/2024\/06\/cropped-9ABA8BAD-6256-4719-9315-15C66E64E882.png\",\"width\":240,\"height\":72,\"caption\":\"OrthoPara\"},\"image\":{\"@id\":\"https:\/\/orthopara.store\/#\/schema\/logo\/image\/\"},\"sameAs\":[\"https:\/\/www.facebook.com\/profile.php?id=61561194315651\",\"https:\/\/www.instagram.com\/orthopara_tunisie\/\"]}]}<\/script>\n<!-- \/ Yoast SEO plugin. -->","yoast_head_json":{"title":"FORTE PHARMA EXPERT COLLAGENE INTENSE 14 STICKS - OrthoPara","robots":{"index":"index","follow":"follow","max-snippet":"max-snippet:-1","max-image-preview":"max-image-preview:large","max-video-preview":"max-video-preview:-1"},"canonical":"https:\/\/orthopara.store\/index.php\/produit\/forte-pharma-expert-collagene-intense-14-sticks\/","og_locale":"fr_FR","og_type":"article","og_title":"FORTE PHARMA EXPERT COLLAGENE INTENSE 14 STICKS - OrthoPara","og_description":"FORTE PHARMA EXPERT COLLAGENE INTENSE Action anti-\u00e2ge absoluePour corriger les rides et\u00a0retarder le vieillissement cutan\u00e9 CONTENANCE :14 STICKS DLC : 01\/2026","og_url":"https:\/\/orthopara.store\/index.php\/produit\/forte-pharma-expert-collagene-intense-14-sticks\/","og_site_name":"OrthoPara","article_publisher":"https:\/\/www.facebook.com\/profile.php?id=61561194315651","article_modified_time":"2024-06-28T13:50:14+00:00","og_image":[{"width":800,"height":800,"url":"https:\/\/orthopara.store\/wp-content\/uploads\/2024\/06\/forte-pharma-expert-collagene-intense-14-sticks.jpg","type":"image\/jpeg"}],"twitter_card":"summary_large_image","twitter_misc":{"Dur\u00e9e de lecture estim\u00e9e":"1 minute"},"schema":{"@context":"https:\/\/schema.org","@graph":[{"@type":"WebPage","@id":"https:\/\/orthopara.store\/index.php\/produit\/forte-pharma-expert-collagene-intense-14-sticks\/","url":"https:\/\/orthopara.store\/index.php\/produit\/forte-pharma-expert-collagene-intense-14-sticks\/","name":"FORTE PHARMA EXPERT COLLAGENE INTENSE 14 STICKS - OrthoPara","isPartOf":{"@id":"https:\/\/orthopara.store\/#website"},"primaryImageOfPage":{"@id":"https:\/\/orthopara.store\/index.php\/produit\/forte-pharma-expert-collagene-intense-14-sticks\/#primaryimage"},"image":{"@id":"https:\/\/orthopara.store\/index.php\/produit\/forte-pharma-expert-collagene-intense-14-sticks\/#primaryimage"},"thumbnailUrl":"https:\/\/orthopara.store\/wp-content\/uploads\/2024\/06\/forte-pharma-expert-collagene-intense-14-sticks.jpg","datePublished":"2024-06-28T13:50:11+00:00","dateModified":"2024-06-28T13:50:14+00:00","breadcrumb":{"@id":"https:\/\/orthopara.store\/index.php\/produit\/forte-pharma-expert-collagene-intense-14-sticks\/#breadcrumb"},"inLanguage":"fr-FR","potentialAction":[{"@type":"ReadAction","target":["https:\/\/orthopara.store\/index.php\/produit\/forte-pharma-expert-collagene-intense-14-sticks\/"]}]},{"@type":"ImageObject","inLanguage":"fr-FR","@id":"https:\/\/orthopara.store\/index.php\/produit\/forte-pharma-expert-collagene-intense-14-sticks\/#primaryimage","url":"https:\/\/orthopara.store\/wp-content\/uploads\/2024\/06\/forte-pharma-expert-collagene-intense-14-sticks.jpg","contentUrl":"https:\/\/orthopara.store\/wp-content\/uploads\/2024\/06\/forte-pharma-expert-collagene-intense-14-sticks.jpg","width":800,"height":800},{"@type":"BreadcrumbList","@id":"https:\/\/orthopara.store\/index.php\/produit\/forte-pharma-expert-collagene-intense-14-sticks\/#breadcrumb","itemListElement":[{"@type":"ListItem","position":1,"name":"Accueil","item":"https:\/\/orthopara.store\/"},{"@type":"ListItem","position":2,"name":"Shop","item":"https:\/\/orthopara.store\/?page_id=622"},{"@type":"ListItem","position":3,"name":"FORTE PHARMA EXPERT COLLAGENE INTENSE 14 STICKS"}]},{"@type":"WebSite","@id":"https:\/\/orthopara.store\/#website","url":"https:\/\/orthopara.store\/","name":"OrthoPara","description":"Parapharmacie","publisher":{"@id":"https:\/\/orthopara.store\/#organization"},"potentialAction":[{"@type":"SearchAction","target":{"@type":"EntryPoint","urlTemplate":"https:\/\/orthopara.store\/?s={search_term_string}"},"query-input":"required name=search_term_string"}],"inLanguage":"fr-FR"},{"@type":"Organization","@id":"https:\/\/orthopara.store\/#organization","name":"OrthoPara","url":"https:\/\/orthopara.store\/","logo":{"@type":"ImageObject","inLanguage":"fr-FR","@id":"https:\/\/orthopara.store\/#\/schema\/logo\/image\/","url":"https:\/\/orthopara.store\/wp-content\/uploads\/2024\/06\/cropped-9ABA8BAD-6256-4719-9315-15C66E64E882.png","contentUrl":"https:\/\/orthopara.store\/wp-content\/uploads\/2024\/06\/cropped-9ABA8BAD-6256-4719-9315-15C66E64E882.png","width":240,"height":72,"caption":"OrthoPara"},"image":{"@id":"https:\/\/orthopara.store\/#\/schema\/logo\/image\/"},"sameAs":["https:\/\/www.facebook.com\/profile.php?id=61561194315651","https:\/\/www.instagram.com\/orthopara_tunisie\/"]}]}},"jetpack_sharing_enabled":true,"brands":[{"id":81,"name":"Forte Pharma","slug":"forte-pharma"}],"_links":{"self":[{"href":"https:\/\/orthopara.store\/index.php?rest_route=\/wp\/v2\/product\/820","targetHints":{"allow":["GET"]}}],"collection":[{"href":"https:\/\/orthopara.store\/index.php?rest_route=\/wp\/v2\/product"}],"about":[{"href":"https:\/\/orthopara.store\/index.php?rest_route=\/wp\/v2\/types\/product"}],"replies":[{"embeddable":true,"href":"https:\/\/orthopara.store\/index.php?rest_route=%2Fwp%2Fv2%2Fcomments&post=820"}],"wp:featuredmedia":[{"embeddable":true,"href":"https:\/\/orthopara.store\/index.php?rest_route=\/wp\/v2\/media\/841"}],"wp:attachment":[{"href":"https:\/\/orthopara.store\/index.php?rest_route=%2Fwp%2Fv2%2Fmedia&parent=820"}],"wp:term":[{"taxonomy":"pwb-brand","embeddable":true,"href":"https:\/\/orthopara.store\/index.php?rest_route=%2Fwp%2Fv2%2Fpwb-brand&post=820"},{"taxonomy":"product_cat","embeddable":true,"href":"https:\/\/orthopara.store\/index.php?rest_route=%2Fwp%2Fv2%2Fproduct_cat&post=820"},{"taxonomy":"product_tag","embeddable":true,"href":"https:\/\/orthopara.store\/index.php?rest_route=%2Fwp%2Fv2%2Fproduct_tag&post=820"}],"curies":[{"name":"wp","href":"https:\/\/api.w.org\/{rel}","templated":true}]}}