{"id":826,"date":"2024-06-28T15:50:12","date_gmt":"2024-06-28T13:50:12","guid":{"rendered":"https:\/\/orthopara.store\/?post_type=product&#038;p=826"},"modified":"2024-11-10T16:12:32","modified_gmt":"2024-11-10T15:12:32","slug":"creme-concentree-anti-rides-dermedic-oilage-anti-ageing-15ml","status":"publish","type":"product","link":"https:\/\/orthopara.store\/?product=creme-concentree-anti-rides-dermedic-oilage-anti-ageing-15ml","title":{"rendered":"Cr\u00e8me concentr\u00e9e anti rides &#8211; Dermedic Oilage Anti-ageing &#8211; 15ml"},"content":{"rendered":"<p>Cr\u00e8me concentr\u00e9e anti rides &#8211; Dermedic Oilage Anti-ageing &#8211; 15ml\u00a0<\/p>\n<p>Les peaux matures et sensibles n\u00e9cessitent des soins complexes et sp\u00e9cialis\u00e9s qui retarderont et r\u00e9duiront visiblement les signes de l&rsquo;\u00e2ge. Elle n\u00e9cessite des cr\u00e8mes qui vont non seulement l&rsquo;hydrater mais aussi restaurer sa barri\u00e8re protectrice lipidique et maintenir efficacement l&rsquo;hydratation dans les cellules de la peau. Les formules innovantes Oilage \u00e0 base d&rsquo;huile inversent le processus de vieillissement pr\u00e9m\u00e9nopausique de la peau ; ils nourrissent et r\u00e9g\u00e9n\u00e8rent la peau et la prot\u00e8gent des m\u00e9faits de l&rsquo;air pollu\u00e9.\u00a0<br \/>\nLes produits de la ligne Oilage am\u00e9liorent visiblement l&rsquo;\u00e9tat de la peau et restaurent les param\u00e8tres caract\u00e9ristiques d&rsquo;une peau d&rsquo;apparence jeune tels que la densit\u00e9, l&rsquo;\u00e9lasticit\u00e9, la coh\u00e9sion, l&rsquo;hydratation et la douceur. Ainsi les rides et irr\u00e9gularit\u00e9s de la peau sont liss\u00e9es et l&rsquo;ovale du visage est lift\u00e9.<br \/>\nPropri\u00e9t\u00e9s\u00a0<br \/>\nR\u00e9duire les signes du vieillissement<br \/>\nUtilis\u00e9 pour repulper le contour des yeux<br \/>\nRestaurer sa barri\u00e8re protectrice lipidique<br \/>\nAide dans les cernes avec poches<br \/>\nType de peau : Sensible et mature\u00a0<br \/>\nConseils d&rsquo;utilisation :<br \/>\nAppliquez une petite quantit\u00e9 de produit sur la peau nettoy\u00e9e autour des yeux, tapotez doucement sur la peau et laissez jusqu&rsquo;\u00e0 absorption.<br \/>\nComposition :<br \/>\nComplexe TriOleum, Hesp\u00e9ridine, Phytosqualan, Vitamine E, Allanto\u00efne, B\u00e9ta\u00efne, Glyc\u00e9rine.<\/p>\n","protected":false},"excerpt":{"rendered":"<p>Dermedic Oilage Anti-Ageing 0<br \/>\nCr\u00e8me concentr\u00e9e anti-rides pour les yeux\u00a0<br \/>\nEffet imm\u00e9diat de revitalisation du contour des yeux et de lissage des rides\u00a0<br \/>\nActions \u00e0 3 voies :\u00a0<br \/>\ninverse le vieillissement cutan\u00e9 dans la p\u00e9riode de la p\u00e9riminapousse ( la peau trouve sa fermet\u00e9 et sa douceur )\u00a0<br \/>\nRajeunit et reg\u00e9n\u00e8re la peau et la fait vieillir plus lentement\u00a0<br \/>\nStimule les fonctions d\u00e9fensives de l&rsquo;\u00e9piderme\u00a0<br \/>\nContenance : 15ml\u00a0<br \/>\nDLC : 08\/2024<\/p>\n","protected":false},"featured_media":847,"comment_status":"open","ping_status":"closed","template":"","meta":[],"pwb-brand":[54],"product_cat":[69],"product_tag":[],"class_list":{"0":"post-826","1":"product","2":"type-product","3":"status-publish","4":"has-post-thumbnail","6":"pwb-brand-dermedic","7":"product_cat-anti-rides","8":"post","9":"ws-product--style-1","11":"first","12":"instock","13":"shipping-taxable","14":"purchasable","15":"product-type-simple"},"yoast_head":"<!-- This site is optimized with the Yoast SEO plugin v23.0 - https:\/\/yoast.com\/wordpress\/plugins\/seo\/ -->\n<title>Cr\u00e8me concentr\u00e9e anti rides - Dermedic Oilage Anti-ageing - 15ml - OrthoPara<\/title>\n<meta name=\"robots\" content=\"index, follow, max-snippet:-1, max-image-preview:large, max-video-preview:-1\" \/>\n<link rel=\"canonical\" href=\"https:\/\/orthopara.store\/index.php\/produit\/creme-concentree-anti-rides-dermedic-oilage-anti-ageing-15ml\/\" \/>\n<meta property=\"og:locale\" content=\"fr_FR\" \/>\n<meta property=\"og:type\" content=\"article\" \/>\n<meta property=\"og:title\" content=\"Cr\u00e8me concentr\u00e9e anti rides - Dermedic Oilage Anti-ageing - 15ml - OrthoPara\" \/>\n<meta property=\"og:description\" content=\"Dermedic Oilage Anti-Ageing 0 Cr\u00e8me concentr\u00e9e anti-rides pour les yeux\u00a0 Effet imm\u00e9diat de revitalisation du contour des yeux et de lissage des rides\u00a0 Actions \u00e0 3 voies :\u00a0 inverse le vieillissement cutan\u00e9 dans la p\u00e9riode de la p\u00e9riminapousse ( la peau trouve sa fermet\u00e9 et sa douceur )\u00a0 Rajeunit et reg\u00e9n\u00e8re la peau et la fait vieillir plus lentement\u00a0 Stimule les fonctions d\u00e9fensives de l&#039;\u00e9piderme\u00a0 Contenance : 15ml\u00a0 DLC : 08\/2024\" \/>\n<meta property=\"og:url\" content=\"https:\/\/orthopara.store\/index.php\/produit\/creme-concentree-anti-rides-dermedic-oilage-anti-ageing-15ml\/\" \/>\n<meta property=\"og:site_name\" content=\"OrthoPara\" \/>\n<meta property=\"article:publisher\" content=\"https:\/\/www.facebook.com\/profile.php?id=61561194315651\" \/>\n<meta property=\"article:modified_time\" content=\"2024-11-10T15:12:32+00:00\" \/>\n<meta property=\"og:image\" content=\"https:\/\/orthopara.store\/wp-content\/uploads\/2024\/06\/creme-concentree-anti-rides-dermedic-oilage-anti-ageing-15ml.jpg\" \/>\n\t<meta property=\"og:image:width\" content=\"800\" \/>\n\t<meta property=\"og:image:height\" content=\"800\" \/>\n\t<meta property=\"og:image:type\" content=\"image\/jpeg\" \/>\n<meta name=\"twitter:card\" content=\"summary_large_image\" \/>\n<meta name=\"twitter:label1\" content=\"Dur\u00e9e de lecture estim\u00e9e\" \/>\n\t<meta name=\"twitter:data1\" content=\"1 minute\" \/>\n<script type=\"application\/ld+json\" class=\"yoast-schema-graph\">{\"@context\":\"https:\/\/schema.org\",\"@graph\":[{\"@type\":\"WebPage\",\"@id\":\"https:\/\/orthopara.store\/index.php\/produit\/creme-concentree-anti-rides-dermedic-oilage-anti-ageing-15ml\/\",\"url\":\"https:\/\/orthopara.store\/index.php\/produit\/creme-concentree-anti-rides-dermedic-oilage-anti-ageing-15ml\/\",\"name\":\"Cr\u00e8me concentr\u00e9e anti rides - Dermedic Oilage Anti-ageing - 15ml - OrthoPara\",\"isPartOf\":{\"@id\":\"https:\/\/orthopara.store\/#website\"},\"primaryImageOfPage\":{\"@id\":\"https:\/\/orthopara.store\/index.php\/produit\/creme-concentree-anti-rides-dermedic-oilage-anti-ageing-15ml\/#primaryimage\"},\"image\":{\"@id\":\"https:\/\/orthopara.store\/index.php\/produit\/creme-concentree-anti-rides-dermedic-oilage-anti-ageing-15ml\/#primaryimage\"},\"thumbnailUrl\":\"https:\/\/orthopara.store\/wp-content\/uploads\/2024\/06\/creme-concentree-anti-rides-dermedic-oilage-anti-ageing-15ml.jpg\",\"datePublished\":\"2024-06-28T13:50:12+00:00\",\"dateModified\":\"2024-11-10T15:12:32+00:00\",\"breadcrumb\":{\"@id\":\"https:\/\/orthopara.store\/index.php\/produit\/creme-concentree-anti-rides-dermedic-oilage-anti-ageing-15ml\/#breadcrumb\"},\"inLanguage\":\"fr-FR\",\"potentialAction\":[{\"@type\":\"ReadAction\",\"target\":[\"https:\/\/orthopara.store\/index.php\/produit\/creme-concentree-anti-rides-dermedic-oilage-anti-ageing-15ml\/\"]}]},{\"@type\":\"ImageObject\",\"inLanguage\":\"fr-FR\",\"@id\":\"https:\/\/orthopara.store\/index.php\/produit\/creme-concentree-anti-rides-dermedic-oilage-anti-ageing-15ml\/#primaryimage\",\"url\":\"https:\/\/orthopara.store\/wp-content\/uploads\/2024\/06\/creme-concentree-anti-rides-dermedic-oilage-anti-ageing-15ml.jpg\",\"contentUrl\":\"https:\/\/orthopara.store\/wp-content\/uploads\/2024\/06\/creme-concentree-anti-rides-dermedic-oilage-anti-ageing-15ml.jpg\",\"width\":800,\"height\":800},{\"@type\":\"BreadcrumbList\",\"@id\":\"https:\/\/orthopara.store\/index.php\/produit\/creme-concentree-anti-rides-dermedic-oilage-anti-ageing-15ml\/#breadcrumb\",\"itemListElement\":[{\"@type\":\"ListItem\",\"position\":1,\"name\":\"Accueil\",\"item\":\"https:\/\/orthopara.store\/\"},{\"@type\":\"ListItem\",\"position\":2,\"name\":\"Shop\",\"item\":\"https:\/\/orthopara.store\/?page_id=622\"},{\"@type\":\"ListItem\",\"position\":3,\"name\":\"Cr\u00e8me concentr\u00e9e anti rides &#8211; Dermedic Oilage Anti-ageing &#8211; 15ml\"}]},{\"@type\":\"WebSite\",\"@id\":\"https:\/\/orthopara.store\/#website\",\"url\":\"https:\/\/orthopara.store\/\",\"name\":\"OrthoPara\",\"description\":\"Parapharmacie\",\"publisher\":{\"@id\":\"https:\/\/orthopara.store\/#organization\"},\"potentialAction\":[{\"@type\":\"SearchAction\",\"target\":{\"@type\":\"EntryPoint\",\"urlTemplate\":\"https:\/\/orthopara.store\/?s={search_term_string}\"},\"query-input\":\"required name=search_term_string\"}],\"inLanguage\":\"fr-FR\"},{\"@type\":\"Organization\",\"@id\":\"https:\/\/orthopara.store\/#organization\",\"name\":\"OrthoPara\",\"url\":\"https:\/\/orthopara.store\/\",\"logo\":{\"@type\":\"ImageObject\",\"inLanguage\":\"fr-FR\",\"@id\":\"https:\/\/orthopara.store\/#\/schema\/logo\/image\/\",\"url\":\"https:\/\/orthopara.store\/wp-content\/uploads\/2024\/06\/cropped-9ABA8BAD-6256-4719-9315-15C66E64E882.png\",\"contentUrl\":\"https:\/\/orthopara.store\/wp-content\/uploads\/2024\/06\/cropped-9ABA8BAD-6256-4719-9315-15C66E64E882.png\",\"width\":240,\"height\":72,\"caption\":\"OrthoPara\"},\"image\":{\"@id\":\"https:\/\/orthopara.store\/#\/schema\/logo\/image\/\"},\"sameAs\":[\"https:\/\/www.facebook.com\/profile.php?id=61561194315651\",\"https:\/\/www.instagram.com\/orthopara_tunisie\/\"]}]}<\/script>\n<!-- \/ Yoast SEO plugin. -->","yoast_head_json":{"title":"Cr\u00e8me concentr\u00e9e anti rides - Dermedic Oilage Anti-ageing - 15ml - OrthoPara","robots":{"index":"index","follow":"follow","max-snippet":"max-snippet:-1","max-image-preview":"max-image-preview:large","max-video-preview":"max-video-preview:-1"},"canonical":"https:\/\/orthopara.store\/index.php\/produit\/creme-concentree-anti-rides-dermedic-oilage-anti-ageing-15ml\/","og_locale":"fr_FR","og_type":"article","og_title":"Cr\u00e8me concentr\u00e9e anti rides - Dermedic Oilage Anti-ageing - 15ml - OrthoPara","og_description":"Dermedic Oilage Anti-Ageing 0 Cr\u00e8me concentr\u00e9e anti-rides pour les yeux\u00a0 Effet imm\u00e9diat de revitalisation du contour des yeux et de lissage des rides\u00a0 Actions \u00e0 3 voies :\u00a0 inverse le vieillissement cutan\u00e9 dans la p\u00e9riode de la p\u00e9riminapousse ( la peau trouve sa fermet\u00e9 et sa douceur )\u00a0 Rajeunit et reg\u00e9n\u00e8re la peau et la fait vieillir plus lentement\u00a0 Stimule les fonctions d\u00e9fensives de l'\u00e9piderme\u00a0 Contenance : 15ml\u00a0 DLC : 08\/2024","og_url":"https:\/\/orthopara.store\/index.php\/produit\/creme-concentree-anti-rides-dermedic-oilage-anti-ageing-15ml\/","og_site_name":"OrthoPara","article_publisher":"https:\/\/www.facebook.com\/profile.php?id=61561194315651","article_modified_time":"2024-11-10T15:12:32+00:00","og_image":[{"width":800,"height":800,"url":"https:\/\/orthopara.store\/wp-content\/uploads\/2024\/06\/creme-concentree-anti-rides-dermedic-oilage-anti-ageing-15ml.jpg","type":"image\/jpeg"}],"twitter_card":"summary_large_image","twitter_misc":{"Dur\u00e9e de lecture estim\u00e9e":"1 minute"},"schema":{"@context":"https:\/\/schema.org","@graph":[{"@type":"WebPage","@id":"https:\/\/orthopara.store\/index.php\/produit\/creme-concentree-anti-rides-dermedic-oilage-anti-ageing-15ml\/","url":"https:\/\/orthopara.store\/index.php\/produit\/creme-concentree-anti-rides-dermedic-oilage-anti-ageing-15ml\/","name":"Cr\u00e8me concentr\u00e9e anti rides - Dermedic Oilage Anti-ageing - 15ml - OrthoPara","isPartOf":{"@id":"https:\/\/orthopara.store\/#website"},"primaryImageOfPage":{"@id":"https:\/\/orthopara.store\/index.php\/produit\/creme-concentree-anti-rides-dermedic-oilage-anti-ageing-15ml\/#primaryimage"},"image":{"@id":"https:\/\/orthopara.store\/index.php\/produit\/creme-concentree-anti-rides-dermedic-oilage-anti-ageing-15ml\/#primaryimage"},"thumbnailUrl":"https:\/\/orthopara.store\/wp-content\/uploads\/2024\/06\/creme-concentree-anti-rides-dermedic-oilage-anti-ageing-15ml.jpg","datePublished":"2024-06-28T13:50:12+00:00","dateModified":"2024-11-10T15:12:32+00:00","breadcrumb":{"@id":"https:\/\/orthopara.store\/index.php\/produit\/creme-concentree-anti-rides-dermedic-oilage-anti-ageing-15ml\/#breadcrumb"},"inLanguage":"fr-FR","potentialAction":[{"@type":"ReadAction","target":["https:\/\/orthopara.store\/index.php\/produit\/creme-concentree-anti-rides-dermedic-oilage-anti-ageing-15ml\/"]}]},{"@type":"ImageObject","inLanguage":"fr-FR","@id":"https:\/\/orthopara.store\/index.php\/produit\/creme-concentree-anti-rides-dermedic-oilage-anti-ageing-15ml\/#primaryimage","url":"https:\/\/orthopara.store\/wp-content\/uploads\/2024\/06\/creme-concentree-anti-rides-dermedic-oilage-anti-ageing-15ml.jpg","contentUrl":"https:\/\/orthopara.store\/wp-content\/uploads\/2024\/06\/creme-concentree-anti-rides-dermedic-oilage-anti-ageing-15ml.jpg","width":800,"height":800},{"@type":"BreadcrumbList","@id":"https:\/\/orthopara.store\/index.php\/produit\/creme-concentree-anti-rides-dermedic-oilage-anti-ageing-15ml\/#breadcrumb","itemListElement":[{"@type":"ListItem","position":1,"name":"Accueil","item":"https:\/\/orthopara.store\/"},{"@type":"ListItem","position":2,"name":"Shop","item":"https:\/\/orthopara.store\/?page_id=622"},{"@type":"ListItem","position":3,"name":"Cr\u00e8me concentr\u00e9e anti rides &#8211; Dermedic Oilage Anti-ageing &#8211; 15ml"}]},{"@type":"WebSite","@id":"https:\/\/orthopara.store\/#website","url":"https:\/\/orthopara.store\/","name":"OrthoPara","description":"Parapharmacie","publisher":{"@id":"https:\/\/orthopara.store\/#organization"},"potentialAction":[{"@type":"SearchAction","target":{"@type":"EntryPoint","urlTemplate":"https:\/\/orthopara.store\/?s={search_term_string}"},"query-input":"required name=search_term_string"}],"inLanguage":"fr-FR"},{"@type":"Organization","@id":"https:\/\/orthopara.store\/#organization","name":"OrthoPara","url":"https:\/\/orthopara.store\/","logo":{"@type":"ImageObject","inLanguage":"fr-FR","@id":"https:\/\/orthopara.store\/#\/schema\/logo\/image\/","url":"https:\/\/orthopara.store\/wp-content\/uploads\/2024\/06\/cropped-9ABA8BAD-6256-4719-9315-15C66E64E882.png","contentUrl":"https:\/\/orthopara.store\/wp-content\/uploads\/2024\/06\/cropped-9ABA8BAD-6256-4719-9315-15C66E64E882.png","width":240,"height":72,"caption":"OrthoPara"},"image":{"@id":"https:\/\/orthopara.store\/#\/schema\/logo\/image\/"},"sameAs":["https:\/\/www.facebook.com\/profile.php?id=61561194315651","https:\/\/www.instagram.com\/orthopara_tunisie\/"]}]}},"jetpack_sharing_enabled":true,"brands":[{"id":54,"name":"DERMEDIC","slug":"dermedic"}],"_links":{"self":[{"href":"https:\/\/orthopara.store\/index.php?rest_route=\/wp\/v2\/product\/826","targetHints":{"allow":["GET"]}}],"collection":[{"href":"https:\/\/orthopara.store\/index.php?rest_route=\/wp\/v2\/product"}],"about":[{"href":"https:\/\/orthopara.store\/index.php?rest_route=\/wp\/v2\/types\/product"}],"replies":[{"embeddable":true,"href":"https:\/\/orthopara.store\/index.php?rest_route=%2Fwp%2Fv2%2Fcomments&post=826"}],"wp:featuredmedia":[{"embeddable":true,"href":"https:\/\/orthopara.store\/index.php?rest_route=\/wp\/v2\/media\/847"}],"wp:attachment":[{"href":"https:\/\/orthopara.store\/index.php?rest_route=%2Fwp%2Fv2%2Fmedia&parent=826"}],"wp:term":[{"taxonomy":"pwb-brand","embeddable":true,"href":"https:\/\/orthopara.store\/index.php?rest_route=%2Fwp%2Fv2%2Fpwb-brand&post=826"},{"taxonomy":"product_cat","embeddable":true,"href":"https:\/\/orthopara.store\/index.php?rest_route=%2Fwp%2Fv2%2Fproduct_cat&post=826"},{"taxonomy":"product_tag","embeddable":true,"href":"https:\/\/orthopara.store\/index.php?rest_route=%2Fwp%2Fv2%2Fproduct_tag&post=826"}],"curies":[{"name":"wp","href":"https:\/\/api.w.org\/{rel}","templated":true}]}}